-- Table structure for table `media_folders`
--

CREATE TABLE `media_folders` (
  `id` bigint(20) unsigned NOT NULL AUTO_INCREMENT,
  `user_id` bigint(20) unsigned NOT NULL,
  `name` varchar(191) DEFAULT NULL,
  `slug` varchar(191) DEFAULT NULL,
  `parent_id` bigint(20) unsigned NOT NULL DEFAULT 0,
  `created_at` timestamp NULL DEFAULT NULL,
  `updated_at` timestamp NULL DEFAULT NULL,
  `deleted_at` timestamp NULL DEFAULT NULL,
  PRIMARY KEY (`id`),
  KEY `media_folders_user_id_index` (`user_id`),
  KEY `media_folders_index` (`parent_id`,`user_id`,`created_at`)
) ENGINE=InnoDB AUTO_INCREMENT=230 DEFAULT CHARSET=utf8mb4 COLLATE=utf8mb4_unicode_ci;

--
-- Dumping data for table `media_folders`
--

INSERT INTO `media_folders` VALUES
(51,0,'cities','cities',0,'2023-07-02 05:01:39','2023-07-02 05:01:39',NULL),
(52,0,'block','block',0,'2023-07-02 05:01:51','2023-07-02 05:01:51',NULL),
(53,0,'banners','banners',0,'2023-07-02 05:01:51','2023-07-02 05:01:51',NULL),
(54,0,'general','general',0,'2023-07-02 05:02:01','2023-07-02 05:02:01',NULL),
(55,0,'news','news',0,'2023-07-02 05:02:02','2023-07-02 05:02:02',NULL),
(56,0,'accounts','accounts',0,'2023-07-02 05:02:15','2023-07-02 05:02:15',NULL),
(57,0,'properties','properties',0,'2023-07-02 05:02:20','2023-07-02 05:02:20',NULL),
(58,0,'testimonials','testimonials',0,'2023-07-02 05:02:33','2023-07-02 05:02:33',NULL),
(59,0,'investors','investors',0,'2023-07-02 05:02:35','2023-07-02 05:02:35',NULL),
(60,0,'projects','projects',0,'2023-07-02 05:02:48','2023-07-02 05:02:48',NULL),
(61,1,'users','users',0,'2023-12-24 08:49:40','2023-12-24 08:49:40',NULL),
(62,1,'New-data','new-data',0,'2024-03-02 15:33:45','2024-03-02 15:33:45',NULL),
(63,4,'Samanvay scintilla','samanvay-scintilla',0,'2024-03-17 11:42:51','2024-03-17 15:29:21','2024-03-17 15:29:21'),
(64,4,'Samanvay scintilla-1','samanvay-scintilla-1',0,'2024-03-17 11:42:54','2024-03-17 11:42:54',NULL),
(65,4,'Mount Milano','mount-milano',0,'2024-03-17 15:29:08','2024-03-17 15:29:08',NULL),
(66,4,'Shaligram Prime','shaligram-prime',0,'2024-03-17 15:31:45','2024-03-17 15:31:45',NULL),
(67,4,'Serene Sparkle','serene-sparkle',66,'2024-03-17 15:56:25','2024-03-17 15:56:33','2024-03-17 15:56:33'),
(68,4,'Serene Sparkle','serene-sparkle',0,'2024-03-17 15:56:45','2024-03-17 15:56:45',NULL),
(69,4,'Swastik Promont','swastik-promont',0,'2024-03-17 16:04:55','2024-03-17 16:04:55',NULL),
(70,4,'Regalia Orane','regalia-orane',0,'2024-03-17 16:34:24','2024-03-17 16:34:24',NULL),
(71,4,'Mahadev Lavish','mahadev-lavish',0,'2024-03-17 17:23:31','2024-03-17 17:23:31',NULL),
(72,4,'Sanvicasa Sparsh','sanvicasa-sparsh',71,'2024-03-17 18:10:16','2024-03-17 18:10:21','2024-03-17 18:10:21'),
(73,4,'Sanvicasa Sparsh','sanvicasa-sparsh',0,'2024-03-17 18:10:33','2024-03-17 18:10:33',NULL),
(74,4,'Praharsh Bluebell','praharsh-bluebell',0,'2024-03-17 18:23:17','2024-03-17 18:23:17',NULL),
(75,4,'Praharsh Serena','praharsh-serena',0,'2024-03-19 10:37:09','2024-03-19 10:37:09',NULL),
(76,4,'sWARNIM sUN','swarnim-sun',0,'2024-03-19 10:45:06','2024-03-19 10:45:06',NULL),
(77,4,'Siddhipriya Imperial','siddhipriya-imperial',0,'2024-03-19 11:08:20','2024-03-19 11:08:20',NULL),
(78,4,'Sp Nirvana','sp-nirvana',0,'2024-03-19 11:27:29','2024-03-19 11:27:29',NULL),
(79,4,'Zaveri Greens','zaveri-greens',0,'2024-03-19 11:37:43','2024-03-19 11:37:43',NULL),
(80,4,'kavisha atria','kavisha-atria',0,'2024-03-19 12:00:35','2024-03-19 12:00:35',NULL),
(81,1,'Brochure','brochure',54,'2024-06-28 09:03:33','2024-06-28 09:03:39','2024-06-28 09:03:39'),
(82,1,'SOUTH BOPAL BROCHURE','brochure',0,'2024-06-28 09:03:47','2024-07-02 11:59:26',NULL),
(83,4,'KAVISHA THE PORTRAIT','kavisha-the-portrait',0,'2024-06-29 16:19:21','2024-06-29 16:19:21',NULL),
(84,4,'SERENITY SHIVAM','serenity-shivam',82,'2024-06-29 17:20:29','2024-06-29 17:20:29',NULL),
(85,4,'SERENITY SHATYAM','serenity-shatyam',82,'2024-06-29 17:21:00','2024-06-29 17:21:00',NULL),
(86,4,'GOOD EARTH','good-earth',82,'2024-06-29 17:21:10','2024-06-29 17:21:10',NULL),
(87,4,'LIVE LIFE 360','live-life-360',82,'2024-06-29 17:21:20','2024-06-29 17:21:20',NULL),
(88,4,'SHUBHAM ANTHEM','shubham-anthem',82,'2024-06-29 17:21:30','2024-06-29 17:21:30',NULL),
(89,4,'SACRED-9','sacred-9',82,'2024-06-29 17:21:41','2024-06-29 17:21:41',NULL),
(90,4,'ELENZA GREENFIELD','elenza-greenfield',82,'2024-06-29 17:23:51','2024-06-29 17:23:51',NULL),
(91,4,'SP EPITOME','sp-epitome',82,'2024-06-29 17:24:06','2024-07-19 17:24:53','2024-07-19 17:24:53'),
(92,4,'VR REFLECTION','vr-reflection',82,'2024-06-29 17:24:15','2024-06-29 17:24:15',NULL),
(93,4,'ELENZA GREENWOOD','elenza-greenwood',82,'2024-06-29 17:24:27','2024-06-29 17:24:27',NULL),
(94,4,'ELENZA CELESTA','elenza-celesta',82,'2024-06-29 17:24:43','2024-06-29 17:24:43',NULL),
(95,4,'VISHWANATH SHARATHYA WEST','vishwanath-sharathya-west',82,'2024-06-29 17:24:57','2024-06-29 17:24:57',NULL),
(96,4,'SHRIMAY OPULANCE','shrimay-opulance',82,'2024-06-29 17:25:11','2024-06-29 17:25:11',NULL),
(97,4,'ELENZA CASTLE','elenza-castle',82,'2024-06-29 17:25:32','2024-06-29 17:25:32',NULL),
(98,4,'HAPPY UPTOWN','happy-uptown',82,'2024-06-29 17:25:42','2024-06-29 17:25:42',NULL),
(99,4,'ELENZA GRADIENT','elenza-gradient',82,'2024-06-29 17:25:54','2024-06-29 17:25:54',NULL),
(100,4,'KAVISHA AER','kavisha-aer',82,'2024-06-29 17:26:03','2024-06-29 17:26:03',NULL),
(101,4,'KAVISHA ATRIA','kavisha-atria',82,'2024-06-29 17:26:29','2024-06-29 17:26:29',NULL),
(102,4,'SAANVI NIRMAN STELLER','saanvi-nirman-steller',82,'2024-06-29 17:26:40','2024-06-29 17:26:40',NULL),
(103,4,'ZAVERI GREENS','zaveri-greens',82,'2024-06-29 17:26:48','2024-06-29 17:26:48',NULL),
(104,4,'SP NIRVANA','sp-nirvana',82,'2024-06-29 17:27:07','2024-06-29 17:27:07',NULL),
(105,4,'SHIDDHIPRIYA IMPERIAL','shiddhipriya-imperial',82,'2024-06-29 17:27:20','2024-06-29 17:27:20',NULL),
(106,4,'SWARNIM SUN','swarnim-sun',82,'2024-06-29 17:27:29','2024-06-29 17:27:29',NULL),
(107,4,'PRAHARSH SERENE','praharsh-serene',82,'2024-06-29 17:33:06','2024-06-29 17:33:06',NULL),
(108,4,'PRAHARSH BLUEBELL','praharsh-bluebell',82,'2024-06-29 17:33:14','2024-06-29 17:33:14',NULL),
(109,4,'SANVICASA SPARSH','sanvicasa-sparsh',82,'2024-06-29 17:33:29','2024-06-29 17:33:29',NULL),
(110,4,'SAMANAVAY  SCINTILLA','samanavay-scintilla',82,'2024-06-29 17:33:45','2024-06-29 17:33:45',NULL),
(111,4,'MAHADEV LAVISH','mahadev-lavish',82,'2024-06-29 17:33:54','2024-06-29 17:33:54',NULL),
(112,4,'REGALIA ORANAE','regalia-oranae',82,'2024-06-29 17:34:03','2024-06-29 17:34:03',NULL),
(113,4,'SWASTIK PROMONT','swastik-promont',82,'2024-06-29 17:34:17','2024-06-29 17:34:17',NULL),
(114,4,'SERENE SPARKLE','serene-sparkle',82,'2024-06-29 17:34:27','2024-06-29 17:34:27',NULL),
(115,4,'SHALIGRAM PRIME','shaligram-prime',82,'2024-06-29 17:34:34','2024-06-29 17:34:34',NULL),
(116,4,'MOUNT MILANO','mount-milano',82,'2024-06-29 17:34:43','2024-06-29 17:34:43',NULL),
(117,4,'SWASTIK CLAIRMOND','swastik-clairmond',82,'2024-06-30 11:08:55','2024-06-30 11:08:55',NULL),
(118,4,'SANVICASA SHARHARSH','sanvicasa-sharharsh',82,'2024-06-30 11:09:14','2024-06-30 11:09:14',NULL),
(119,4,'AAROHI VIVIANNA','aarohi-vivianna',82,'2024-06-30 11:10:55','2024-06-30 11:10:55',NULL),
(120,4,'KALAV 140','kalav-140',82,'2024-06-30 11:11:11','2024-06-30 11:11:11',NULL),
(121,4,'RALSI RIVERA','ralsi-rivera',82,'2024-06-30 11:11:23','2024-06-30 11:11:23',NULL),
(122,4,'ELENZA VIBE','elenza-vibe',82,'2024-06-30 11:11:36','2024-06-30 11:11:36',NULL),
(123,4,'EKLINGJI','eklingji',82,'2024-06-30 11:11:45','2024-06-30 11:11:45',NULL),
(124,4,'TATVA BLISS','tatva-bliss',82,'2024-06-30 11:13:38','2024-06-30 11:13:38',NULL),
(125,4,'PRIVILON','privilon',82,'2024-06-30 11:13:49','2024-06-30 11:13:49',NULL),
(126,4,'HAPPY UPTOWN-2','happy-uptown-1',82,'2024-06-30 11:14:02','2024-06-30 11:14:16',NULL),
(127,4,'ELENZA ARISTA','elenza-arista',82,'2024-06-30 11:14:35','2024-06-30 11:14:35',NULL),
(128,4,'ELENZA CALISTA','elenza-calista',82,'2024-06-30 11:15:04','2024-06-30 11:15:04',NULL),
(129,4,'HAPPY SKYSIDE','happy-skyside',82,'2024-06-30 11:22:40','2024-06-30 11:22:40',NULL),
(130,4,'HAPPY AURA','happy-aura',82,'2024-06-30 11:22:53','2024-06-30 11:22:53',NULL),
(131,4,'SHELADIA ERIS','sheladia-eris',82,'2024-06-30 11:24:25','2024-06-30 11:24:25',NULL),
(132,4,'SUKIRTI 54','sukirti-54',82,'2024-06-30 11:25:03','2024-06-30 11:25:03',NULL),
(133,4,'AIRAN SHELA 24','airan-shela-24',82,'2024-06-30 11:25:13','2024-06-30 11:25:13',NULL),
(134,4,'RASMI NIVAASA','rasmi-nivaasa',82,'2024-06-30 11:26:26','2024-06-30 11:26:26',NULL),
(135,4,'KAVISHA AMARA','kavisha-amara',82,'2024-06-30 11:26:40','2024-06-30 11:26:40',NULL),
(136,4,'SHILP ANANTA','shilp-ananta',82,'2024-06-30 11:27:14','2024-06-30 11:27:14',NULL),
(137,4,'SHILP REVANTA','shilp-revanta',82,'2024-06-30 11:27:28','2024-06-30 11:27:28',NULL),
(138,4,'SUN ATMOSPHERE','sun-atmosphere',82,'2024-06-30 11:43:13','2024-06-30 11:43:13',NULL),
(139,4,'ORCHID SKY','orchid-sky',82,'2024-06-30 11:43:27','2024-06-30 11:43:27',NULL),
(140,4,'RIVIERA ASPIRE','riviera-aspire',82,'2024-06-30 11:43:40','2024-06-30 11:43:40',NULL),
(141,4,'RIVIERA MAJESTIKA','riviera-majestika',82,'2024-06-30 11:43:53','2024-06-30 11:43:53',NULL),
(142,4,'SUB SKY VIEW','sub-sky-view',82,'2024-06-30 11:44:15','2024-06-30 11:44:15',NULL),
(143,4,'MARVELLA BY AAVYANNA','marvella',82,'2024-06-30 11:44:34','2024-06-30 11:44:48',NULL),
(144,4,'SHILAJ BROCHURE','shilaj-brochure',0,'2024-06-30 11:46:35','2024-06-30 11:46:35',NULL),
(145,4,'SHILAJ SKY','shilaj-sky',144,'2024-06-30 11:46:49','2024-06-30 11:46:49',NULL),
(146,4,'SAMATVA AMRYLLIS','samatva-amryllis',144,'2024-06-30 11:47:05','2024-06-30 11:47:05',NULL),
(147,4,'SHARANYA ALTURA','sharanya-altura',144,'2024-06-30 11:47:18','2024-06-30 11:47:18',NULL),
(148,4,'IVORY ORCHID','ivory-orchid',144,'2024-06-30 11:47:36','2024-06-30 11:47:36',NULL),
(149,4,'108 YARDS','108-yards',144,'2024-06-30 11:47:51','2024-06-30 11:47:51',NULL),
(150,4,'KHYATI WEST IN','khyati-west-in',144,'2024-06-30 11:48:10','2024-06-30 11:48:10',NULL),
(151,4,'CELESTIAL GARDEN LIVING','celestial-garden-living',144,'2024-06-30 11:48:32','2024-06-30 11:48:32',NULL),
(152,4,'SHIVALAY SATVA','shivalay-satva',144,'2024-06-30 11:48:44','2024-06-30 11:48:44',NULL),
(153,4,'CAPTOWN ENHANCE','captown-enhance',144,'2024-06-30 11:48:57','2024-06-30 11:48:57',NULL),
(154,4,'AASHRAY AURAM','aashray-auram',144,'2024-06-30 11:49:12','2024-06-30 11:49:12',NULL),
(155,4,'SHRIYAM LOTUS','shriyam-lotus',144,'2024-06-30 11:49:23','2024-06-30 11:49:23',NULL),
(156,4,'AADITYA ONE','aaditya-one',144,'2024-06-30 11:49:38','2024-06-30 11:49:38',NULL),
(157,4,'HARSH ICON','harsh-icon',144,'2024-06-30 11:49:46','2024-06-30 11:49:46',NULL),
(158,4,'ONE 35','one-35',144,'2024-06-30 11:50:01','2024-06-30 11:50:01',NULL),
(159,4,'EMPERIAL BY SHIDDHIVINAYAK','emperial-by-shiddhivinayak',144,'2024-06-30 11:50:27','2024-06-30 11:50:27',NULL),
(160,4,'SHELADIA MANOR','sheladia-manor',144,'2024-06-30 11:50:40','2024-06-30 11:50:40',NULL),
(161,4,'SUN FLOWER','sun-flower',144,'2024-06-30 11:50:55','2024-06-30 11:50:55',NULL),
(162,4,'SERENE ELEGANCE','serene-elegance',144,'2024-06-30 11:51:12','2024-06-30 11:51:12',NULL),
(163,4,'SHELADIA DIVINE','sheladia-divine',144,'2024-06-30 11:51:29','2024-06-30 11:51:29',NULL),
(164,4,'BINORI AARNA','binori-aarna',144,'2024-06-30 11:51:47','2024-06-30 11:51:47',NULL),
(165,4,'SHIDDHIVINAYAK PROSPERA','shiddhivinayak-prospera',144,'2024-06-30 11:52:07','2024-06-30 11:52:07',NULL),
(166,4,'AARAVI 119','aaravi-119',144,'2024-06-30 11:52:28','2024-06-30 11:52:28',NULL),
(167,4,'KAVERI SHOHAM VIVANATA','kaveri-shoham-vivanata',144,'2024-06-30 11:52:53','2024-06-30 11:52:53',NULL),
(168,4,'SB NEW','sb-new',0,'2024-07-17 12:26:33','2024-07-17 12:26:33',NULL),
(169,4,'AAROHI VIVIANNA','aarohi-vivianna',168,'2024-07-17 12:26:51','2024-07-17 12:26:51',NULL),
(170,4,'AIRAN SHELA 24','airan-shela-24',168,'2024-07-17 12:27:08','2024-07-17 12:27:08',NULL),
(171,4,'EKLINGJI SATVAM','eklingji-satvam',168,'2024-07-17 12:27:18','2024-07-17 12:27:18',NULL),
(172,4,'ELENZA ARISTA','elenza-arista',168,'2024-07-17 12:27:30','2024-07-17 12:27:30',NULL),
(173,4,'ELENZA CALLISTA','elenza-callista',168,'2024-07-17 12:27:41','2024-07-17 12:27:41',NULL),
(174,4,'ELENZA CASTLE','elenza-castle',168,'2024-07-17 12:27:50','2024-07-17 12:27:50',NULL),
(175,4,'ELENZA CELESTA','elenza-celesta',168,'2024-07-17 12:28:02','2024-07-17 12:28:02',NULL),
(176,4,'ELENZA GRADIENT','elenza-gradient',168,'2024-07-17 12:28:40','2024-07-17 12:28:40',NULL),
(177,4,'ELENZA GREENFIELD','elenza-greenfield',168,'2024-07-17 12:28:56','2024-07-17 12:28:56',NULL),
(178,4,'ELENZA GREENWOOD','elenza-greenwood',168,'2024-07-17 12:29:10','2024-07-17 12:29:10',NULL),
(179,4,'ELENZA VIBE','elenza-vibe',168,'2024-07-17 12:29:26','2024-07-17 12:29:26',NULL),
(180,4,'GOOD EARTH','good-earth',168,'2024-07-17 12:29:33','2024-07-17 12:29:33',NULL),
(181,4,'HAPPY AURA','happy-aura',168,'2024-07-17 12:29:47','2024-07-17 12:29:47',NULL),
(182,4,'HAPPY SKYSIDE','happy-skyside',168,'2024-07-17 12:30:00','2024-07-17 12:30:00',NULL),
(183,4,'HAPPY UPTOWN','happy-uptown',168,'2024-07-17 12:30:20','2024-07-17 12:30:20',NULL),
(184,4,'KALAV 140','kalav-140',168,'2024-07-17 12:30:28','2024-07-17 12:30:28',NULL),
(185,4,'KAVISHA AER','kavisha-aer',168,'2024-07-17 12:30:40','2024-07-17 12:30:40',NULL),
(186,4,'KAVISHA AMARA','kavisha-amara',168,'2024-07-17 12:30:50','2024-07-17 12:30:50',NULL),
(187,4,'LIVE LIFE 360','live-life-360',168,'2024-07-17 12:31:02','2024-07-17 12:31:02',NULL),
(188,4,'MARVELLA BY AVYANNA','marvella-by-avyanna',168,'2024-07-17 12:31:20','2024-07-17 12:31:20',NULL),
(189,4,'PRIVILON','privilon',168,'2024-07-17 12:31:42','2024-07-17 12:31:42',NULL),
(190,4,'RALSI RIVERA','ralsi-rivera',168,'2024-07-17 12:31:55','2024-07-17 12:31:55',NULL),
(191,4,'RASMI NIVASA','rasmi-nivasa',168,'2024-07-17 12:32:06','2024-07-17 12:32:06',NULL),
(192,4,'RIVIERA ASPIRE','riviera-aspire',168,'2024-07-17 12:32:21','2024-07-17 12:32:21',NULL),
(193,4,'RIVIERA MAJESTICA','riviera-majestica',168,'2024-07-17 12:32:39','2024-07-17 12:32:39',NULL),
(194,4,'SACRED-9','sacred-9',168,'2024-07-17 12:32:49','2024-07-17 12:32:49',NULL),
(195,4,'SANVICAS SAHARSH','sanvicas-saharsh',168,'2024-07-17 12:33:13','2024-07-17 12:33:13',NULL),
(196,4,'SILVER SPRING','silver-spring',82,'2024-07-19 10:44:49','2024-07-19 10:44:49',NULL),
(197,4,'Kavisha The Portrait','kavisha-the-portrait',82,'2024-07-19 15:29:31','2024-07-19 15:29:31',NULL),
(198,4,'SP EPITOME-1','sp-epitome-1',82,'2024-07-19 16:57:53','2024-07-19 16:57:53',NULL),
(199,4,'SP EPITOME','sp-epitome',0,'2024-07-19 17:17:34','2024-07-19 17:17:34',NULL),
(200,4,'SHELADIA ERIS','sheladia-eris',0,'2024-07-20 11:57:27','2024-07-20 11:57:27',NULL),
(201,4,'Saanvi Nirman Stellar','saanvi-nirman-stellar',82,'2024-07-20 17:25:34','2024-07-20 17:25:34',NULL),
(202,4,'PRIVILION','privilion',0,'2024-07-21 11:41:59','2024-07-21 11:41:59',NULL),
(203,4,'SUKIRTI 54','sukirti-54',202,'2024-07-21 11:44:45','2024-07-21 11:48:26','2024-07-21 11:48:26'),
(204,4,'SUKIRTI 54','sukirti-54',203,'2024-07-21 11:48:51','2024-07-21 11:48:51',NULL),
(205,4,'HAPPY AURA','happy-aura',0,'2024-07-21 11:56:03','2024-07-21 11:56:03',NULL),
(206,4,'ELENZA CASTLE','elenza-castle',205,'2024-07-21 11:58:41','2024-07-21 11:58:41',NULL),
(207,4,'ELENZA CASTLE','elenza-castle',204,'2024-07-21 11:59:30','2024-07-21 11:59:30',NULL),
(208,4,'ELENZA CALLISTA','elenza-callista',205,'2024-07-21 12:05:02','2024-07-21 12:05:02',NULL),
(209,4,'ELENZA CALLISTA','elenza-callista',0,'2024-07-21 12:06:06','2024-07-21 12:06:06',NULL),
(210,4,'SHUBHAM ANTHEM','shubham-anthem',209,'2024-07-21 12:43:57','2024-07-21 12:43:57',NULL),
(211,4,'SHUBHAM ANTHEM','shubham-anthem',210,'2024-07-21 12:46:20','2024-07-21 12:46:20',NULL),
(212,4,'SHUBHAM ANTHEM','shubham-anthem',0,'2024-07-21 12:57:37','2024-07-21 12:57:37',NULL),
(213,4,'SHUBHAM ANTHEM-1','shubham-anthem-1',0,'2024-07-21 12:58:59','2024-07-21 12:59:23','2024-07-21 12:59:23'),
(214,4,'KAVISHA AER','kavisha-aer',211,'2024-07-21 13:10:17','2024-07-21 13:10:17',NULL),
(215,4,'KAVISHA AER','kavisha-aer',0,'2024-07-21 13:11:29','2024-07-21 13:11:29',NULL),
(216,4,'KAVISHA AER','kavisha-aer',215,'2024-07-21 13:13:14','2024-07-21 13:13:14',NULL),
(217,4,'PRIVILION-1','privilion-1',0,'2024-07-21 15:55:55','2024-07-21 15:55:55',NULL),
(218,4,'ELENZA VIBE','elenza-vibe',0,'2024-07-23 12:44:01','2024-07-23 12:44:01',NULL),
(219,4,'ELENZA CALLISTA','elenza-callista',218,'2024-07-23 17:17:37','2024-07-23 17:17:37',NULL),
(220,4,'ELENZA CASTLE','elenza-castle',0,'2024-07-23 17:33:19','2024-07-23 17:33:19',NULL),
(221,4,'ELENZA ARISTA','elenza-arista',0,'2024-07-23 17:34:24','2024-07-23 17:34:24',NULL),
(222,4,'ELENZA ARISTA','elenza-arista',220,'2024-07-23 17:38:53','2024-07-23 17:38:53',NULL),
(223,4,'MARVELLA BY AAVYANNA','marvella-by-aavyanna',0,'2024-07-26 16:17:48','2024-07-26 16:17:48',NULL),
(224,4,'SACRED SHIVANSH','sacred-shivansh',82,'2024-07-26 16:52:23','2024-07-26 16:52:23',NULL),
(225,4,'SACRED SHIVANSH','sacred-shivansh',0,'2024-07-26 16:52:57','2024-07-26 16:52:57',NULL),
(226,4,'SACRED SHIVANSH-1','sacred-shivansh-1',0,'2024-07-27 11:22:54','2024-07-27 11:23:10','2024-07-27 11:23:10'),
(227,4,'SHRIMAY OPULANCE','shrimay-opulance',0,'2024-07-27 11:59:00','2024-07-27 11:59:00',NULL),
(228,4,'SHRIMAY OPULANCE','shrimay-opulance',227,'2024-07-27 12:42:34','2024-07-27 12:42:34',NULL),
(229,4,'RASMI NIVAASA','rasmi-nivaasa',0,'2024-07-27 15:54:38','2024-07-27 15:54:38',NULL);

--
-- Table structure for table `media_settings`
--

CREATE TABLE `media_settings` (
  `id` bigint(20) unsigned NOT NULL AUTO_INCREMENT,
  `key` varchar(120) NOT NULL,
  `value` text DEFAULT NULL,
  `media_id` bigint(20) unsigned DEFAULT NULL,
  `user_id` bigint(20) unsigned DEFAULT NULL,
  `created_at` timestamp NULL DEFAULT NULL,
  `updated_at` timestamp NULL DEFAULT NULL,
  PRIMARY KEY (`id`)
) ENGINE=InnoDB DEFAULT CHARSET=utf8mb4 COLLATE=utf8mb4_unicode_ci;

--
-- Dumping data for table `media_settings`
--


--
-- Table structure for table `menu_locations`
--

CREATE TABLE `menu_locations` (
  `id` bigint(20) unsigned NOT NULL AUTO_INCREMENT,
  `menu_id` bigint(20) unsigned NOT NULL,
  `location` varchar(120) NOT NULL,
  `created_at` timestamp NULL DEFAULT NULL,
  `updated_at` timestamp NULL DEFAULT NULL,
  PRIMARY KEY (`id`),
  KEY `menu_locations_menu_id_created_at_index` (`menu_id`,`created_at`)
) ENGINE=InnoDB AUTO_INCREMENT=5 DEFAULT CHARSET=utf8mb4 COLLATE=utf8mb4_unicode_ci;

--
-- Dumping data for table `menu_locations`
--

INSERT INTO `menu_locations` VALUES
(1,1,'main-menu','2023-07-02 05:02:00','2023-07-02 05:02:00'),
(2,5,'main-menu','2023-07-02 05:02:00','2023-07-02 05:02:00'),
(3,2,'main-menu','2024-01-28 00:53:15','2024-01-28 00:53:15');

--
-- Table structure for table `menu_nodes`
--

CREATE TABLE `menu_nodes` (
  `id` bigint(20) unsigned NOT NULL AUTO_INCREMENT,
  `menu_id` bigint(20) unsigned NOT NULL,
  `parent_id` bigint(20) unsigned NOT NULL DEFAULT 0,
  `reference_id` bigint(20) unsigned DEFAULT NULL,
  `reference_type` varchar(255) DEFAULT NULL,
  `url` varchar(120) DEFAULT NULL,
  `icon_font` varchar(50) DEFAULT NULL,
  `position` tinyint(3) unsigned NOT NULL DEFAULT 0,
  `title` varchar(120) DEFAULT NULL,
  `css_class` varchar(120) DEFAULT NULL,
  `target` varchar(20) NOT NULL DEFAULT '_self',
  `has_child` tinyint(3) unsigned NOT NULL DEFAULT 0,
  `created_at` timestamp NULL DEFAULT NULL,
  `updated_at` timestamp NULL DEFAULT NULL,
  PRIMARY KEY (`id`),
  KEY `menu_nodes_menu_id_index` (`menu_id`),
  KEY `menu_nodes_parent_id_index` (`parent_id`),
  KEY `reference_id` (`reference_id`),
  KEY `reference_type` (`reference_type`)
) ENGINE=InnoDB AUTO_INCREMENT=118 DEFAULT CHARSET=utf8mb4 COLLATE=utf8mb4_unicode_ci;

--
-- Dumping data for table `menu_nodes`
--

INSERT INTO `menu_nodes` VALUES
(45,2,0,13,'Botble\\Page\\Models\\Page','/about-us','',0,'About us','','_self',0,'2023-07-02 05:02:00','2024-01-28 00:56:06'),
(46,2,0,14,'Botble\\Page\\Models\\Page','/contact','',1,'Contact us','','_self',0,'2023-07-02 05:02:00','2024-01-28 00:56:06'),
(48,3,0,0,NULL,'/properties','',0,'All properties','','_self',0,'2023-07-02 05:02:00','2024-01-28 00:58:03'),
(49,3,0,0,NULL,'/properties?type=sale','',1,'Houses for sale','','_self',0,'2023-07-02 05:02:00','2024-01-28 00:58:03'),
(50,3,0,0,NULL,'/properties?type=rent','',2,'Houses for rent','','_self',0,'2023-07-02 05:02:00','2024-01-28 00:58:03'),
(51,4,0,NULL,NULL,'/news',NULL,0,'Latest news',NULL,'_self',0,'2023-07-02 05:02:00','2023-07-02 05:02:00'),
(52,4,0,NULL,NULL,'/house-architecture',NULL,0,'House architecture',NULL,'_self',0,'2023-07-02 05:02:00','2023-07-02 05:02:00'),
(53,4,0,NULL,NULL,'/house-design',NULL,0,'House design',NULL,'_self',0,'2023-07-02 05:02:00','2023-07-02 05:02:00'),
(54,4,0,NULL,NULL,'/building-materials',NULL,0,'Building materials',NULL,'_self',0,'2023-07-02 05:02:00','2023-07-02 05:02:00'),
(55,5,0,1,'Botble\\Page\\Models\\Page','/',NULL,0,'Trang chủ',NULL,'_self',1,'2023-07-02 05:02:00','2023-07-02 05:02:01'),
(56,5,55,1,'Botble\\Page\\Models\\Page','/',NULL,0,'Trang chủ 1',NULL,'_self',0,'2023-07-02 05:02:00','2023-07-02 05:02:01'),
(57,5,55,2,'Botble\\Page\\Models\\Page','/home-layout-2',NULL,0,'Trang chủ 2',NULL,'_self',0,'2023-07-02 05:02:00','2023-07-02 05:02:01'),
(58,5,55,3,'Botble\\Page\\Models\\Page','/home-layout-3',NULL,0,'Trang chủ 3',NULL,'_self',0,'2023-07-02 05:02:00','2023-07-02 05:02:01'),
(59,5,55,4,'Botble\\Page\\Models\\Page','/home-layout-4',NULL,0,'Trang chủ 4',NULL,'_self',0,'2023-07-02 05:02:00','2023-07-02 05:02:01'),
(60,5,55,5,'Botble\\Page\\Models\\Page','/home-layout-5',NULL,0,'Trang chủ 5',NULL,'_self',0,'2023-07-02 05:02:00','2023-07-02 05:02:01'),
(61,5,55,6,'Botble\\Page\\Models\\Page','/home-layout-6',NULL,0,'Trang chủ 6',NULL,'_self',0,'2023-07-02 05:02:00','2023-07-02 05:02:01'),
(62,5,55,7,'Botble\\Page\\Models\\Page','/home-layout-7',NULL,0,'Trang chủ 7',NULL,'_self',0,'2023-07-02 05:02:00','2023-07-02 05:02:01'),
(63,5,55,8,'Botble\\Page\\Models\\Page','/home-layout-8',NULL,0,'Trang chủ 8',NULL,'_self',0,'2023-07-02 05:02:00','2023-07-02 05:02:01'),
(64,5,55,9,'Botble\\Page\\Models\\Page','/home-layout-9',NULL,0,'Trang chủ 9',NULL,'_self',0,'2023-07-02 05:02:00','2023-07-02 05:02:01'),
(65,5,55,10,'Botble\\Page\\Models\\Page','/map-home-layout',NULL,0,'Trang chủ bản đồ',NULL,'_self',0,'2023-07-02 05:02:00','2023-07-02 05:02:01'),
(66,5,0,NULL,NULL,'/properties?layout=sidebar',NULL,0,'Danh sách',NULL,'_self',1,'2023-07-02 05:02:00','2023-07-02 05:02:00'),
(67,5,66,NULL,NULL,'/properties?layout=sidebar',NULL,0,'Dạng list',NULL,'_self',1,'2023-07-02 05:02:00','2023-07-02 05:02:00'),
(68,5,67,NULL,NULL,'/properties?layout=sidebar',NULL,0,'Có thanh bên',NULL,'_self',0,'2023-07-02 05:02:00','2023-07-02 05:02:00'),
(69,5,67,NULL,NULL,'/properties?layout=full',NULL,0,'Chiều rộng đầy đủ',NULL,'_self',0,'2023-07-02 05:02:00','2023-07-02 05:02:00'),
(70,5,67,NULL,NULL,'/properties?layout=map',NULL,0,'Có Bản Đồ',NULL,'_self',0,'2023-07-02 05:02:00','2023-07-02 05:02:00'),
(71,5,66,NULL,NULL,'/properties?layout=grid_sidebar',NULL,0,'Dạng cột',NULL,'_self',1,'2023-07-02 05:02:00','2023-07-02 05:02:00'),
(72,5,71,0,'0','/properties?layout=grid_sidebar',NULL,0,'properties_sidebar',NULL,'_self',0,'2023-07-02 05:02:00','2023-07-02 05:02:00'),
(73,5,71,NULL,NULL,'/properties?layout=grid_map',NULL,0,'Có Map',NULL,'_self',0,'2023-07-02 05:02:00','2023-07-02 05:02:00'),
(74,5,71,NULL,NULL,'/properties?layout=grid_full',NULL,0,'Chiều rộng đầy đủ',NULL,'_self',0,'2023-07-02 05:02:00','2023-07-02 05:02:00'),
(75,5,66,NULL,NULL,'/properties?layout=half_map',NULL,0,'Có 1/2 bản đồ',NULL,'_self',0,'2023-07-02 05:02:00','2023-07-02 05:02:00'),
(76,5,0,NULL,NULL,'/projects',NULL,0,'Dự án',NULL,'_self',0,'2023-07-02 05:02:00','2023-07-02 05:02:00'),
(77,5,0,NULL,NULL,NULL,NULL,0,'Tính năng',NULL,'_self',1,'2023-07-02 05:02:00','2023-07-02 05:02:00'),
(78,5,77,21,'Botble\\RealEstate\\Models\\Property',NULL,NULL,0,'Chi tiết bất động sản',NULL,'_self',1,'2023-07-02 05:02:00','2023-07-02 05:02:00'),
(79,5,78,21,'Botble\\RealEstate\\Models\\Property',NULL,NULL,0,'Chi tiết bất động sản 1',NULL,'_self',0,'2023-07-02 05:02:00','2023-07-02 05:02:00'),
(80,5,78,22,'Botble\\RealEstate\\Models\\Property',NULL,NULL,0,'Chi tiết bất động sản 2',NULL,'_self',0,'2023-07-02 05:02:00','2023-07-02 05:02:00'),
(81,5,78,23,'Botble\\RealEstate\\Models\\Property',NULL,NULL,0,'Chi tiết bất động sản 3',NULL,'_self',0,'2023-07-02 05:02:00','2023-07-02 05:02:00'),
(82,5,77,NULL,NULL,'#',NULL,0,'Đại lý và người đại lý',NULL,'_self',1,'2023-07-02 05:02:00','2023-07-02 05:02:00'),
(83,5,82,NULL,NULL,'/agents',NULL,0,'Danh sách đại lý',NULL,'_self',0,'2023-07-02 05:02:00','2023-07-02 05:02:00'),
(84,5,82,NULL,NULL,'/agents/thesky9',NULL,0,'Chi tiết địa lý',NULL,'_self',0,'2023-07-02 05:02:00','2023-07-02 05:02:00'),
(85,5,77,NULL,NULL,'#',NULL,0,'Tài khoản',NULL,'_self',1,'2023-07-02 05:02:00','2023-07-02 05:02:00'),
(86,5,85,NULL,NULL,'/account/dashboard',NULL,0,'My Dashboard',NULL,'_self',0,'2023-07-02 05:02:00','2023-07-02 05:02:00'),
(87,5,85,NULL,NULL,'/account/properties',NULL,0,'Properties',NULL,'_self',0,'2023-07-02 05:02:00','2023-07-02 05:02:00'),
(88,5,85,NULL,NULL,'/account/settings',NULL,0,'My Profile',NULL,'_self',0,'2023-07-02 05:02:00','2023-07-02 05:02:00'),
(89,5,85,NULL,NULL,'/account/packages',NULL,0,'Packages',NULL,'_self',0,'2023-07-02 05:02:00','2023-07-02 05:02:00'),
(90,5,85,NULL,NULL,'/account/security',NULL,0,'Đổi mật khẩu',NULL,'_self',0,'2023-07-02 05:02:00','2023-07-02 05:02:00'),
(91,5,77,NULL,NULL,'/account/properties/create',NULL,0,'Đăng bất động sản',NULL,'_self',0,'2023-07-02 05:02:00','2023-07-02 05:02:00'),
(92,5,0,NULL,NULL,'/',NULL,0,'Trang',NULL,'_self',1,'2023-07-02 05:02:00','2023-07-02 05:02:00'),
(93,5,92,28,'Botble\\Page\\Models\\Page',NULL,NULL,0,'Trang blog',NULL,'_self',0,'2023-07-02 05:02:00','2023-07-02 05:02:00'),
(94,5,92,20,'Botble\\Blog\\Models\\Post',NULL,NULL,0,'Bài viết chi tiết',NULL,'_self',0,'2023-07-02 05:02:00','2023-07-02 05:02:00'),
(95,5,92,NULL,NULL,'/home#pricing-section',NULL,0,'Bảng giá',NULL,'_self',0,'2023-07-02 05:02:00','2023-07-02 05:02:00'),
(96,5,92,NULL,NULL,'/error-page',NULL,0,'Page lỗi',NULL,'_self',0,'2023-07-02 05:02:00','2023-07-02 05:02:00'),
(97,5,92,30,'Botble\\Page\\Models\\Page',NULL,NULL,0,'Liên hệ',NULL,'_self',0,'2023-07-02 05:02:00','2023-07-02 05:02:00'),
(98,5,0,NULL,NULL,'/register',NULL,0,'Đăng ký',NULL,'_self',0,'2023-07-02 05:02:00','2023-07-02 05:02:00'),
(99,6,0,9,'Botble\\Page\\Models\\Page','/home-layout-9',NULL,0,'Về chúng tôi',NULL,'_self',0,'2023-07-02 05:02:00','2023-07-02 05:02:01'),
(100,6,0,10,'Botble\\Page\\Models\\Page','/map-home-layout',NULL,0,'Liên hệ',NULL,'_self',0,'2023-07-02 05:02:00','2023-07-02 05:02:01'),
(101,6,0,11,'Botble\\Page\\Models\\Page','/properties',NULL,0,'Điều khoản và quy định',NULL,'_self',0,'2023-07-02 05:02:00','2023-07-02 05:02:01'),
(102,7,0,NULL,NULL,'/properties',NULL,0,'Nhà - Căn hộ',NULL,'_self',0,'2023-07-02 05:02:00','2023-07-02 05:02:00'),
(103,7,0,NULL,NULL,'/properties?type=sale',NULL,0,'Nhà bán',NULL,'_self',0,'2023-07-02 05:02:00','2023-07-02 05:02:00'),
(104,7,0,NULL,NULL,'/properties?type=rent',NULL,0,'Nhà cho thuê',NULL,'_self',0,'2023-07-02 05:02:00','2023-07-02 05:02:00'),
(105,8,0,2,'Botble\\Page\\Models\\Page','/home-layout-2',NULL,0,'Tin tức mới nhất',NULL,'_self',0,'2023-07-02 05:02:00','2023-07-02 05:02:01'),
(106,8,0,NULL,NULL,'/kien-truc-nha',NULL,0,'Kiến trúc nhà',NULL,'_self',0,'2023-07-02 05:02:00','2023-07-02 05:02:00'),
(107,8,0,NULL,NULL,'/thiet-ke-nha',NULL,0,'Thiết kế nhà',NULL,'_self',0,'2023-07-02 05:02:00','2023-07-02 05:02:00'),
(108,8,0,NULL,NULL,'/vat-lieu-xay-dung',NULL,0,'Vật liệu xây dựng',NULL,'_self',0,'2023-07-02 05:02:00','2023-07-02 05:02:00'),
(109,1,0,0,NULL,'/','',0,'Home','','_self',0,'2024-01-11 19:47:10','2024-02-27 08:52:24'),
(111,1,0,0,NULL,'/properties?layout=full','',1,'Projects','','_self',0,'2024-01-12 02:56:04','2024-02-27 08:52:24');

--
-- Table structure for table `menus`
--

CREATE TABLE `menus` (
  `id` bigint(20) unsigned NOT NULL AUTO_INCREMENT,
  `name` varchar(120) NOT NULL,
  `slug` varchar(120) DEFAULT NULL,
  `status` varchar(60) NOT NULL DEFAULT 'published',
  `created_at` timestamp NULL DEFAULT NULL,
  `updated_at` timestamp NULL DEFAULT NULL,
  PRIMARY KEY (`id`),
  UNIQUE KEY `menus_slug_unique` (`slug`)
) ENGINE=InnoDB AUTO_INCREMENT=11 DEFAULT CHARSET=utf8mb4 COLLATE=utf8mb4_unicode_ci;

--
-- Dumping data for table `menus`
--

INSERT INTO `menus` VALUES
(1,'Main menu','main-menu','published','2023-07-02 05:02:00','2024-02-27 08:52:23'),
(2,'About','about','published','2023-07-02 05:02:00','2024-01-28 00:56:06'),
(3,'More information','more-information','published','2023-07-02 05:02:00','2024-01-28 00:58:03'),
(4,'News','news','published','2023-07-02 05:02:00','2023-07-02 05:02:00'),
(5,'Menu chính','menu-chinh','published','2023-07-02 05:02:00','2023-07-02 05:02:00'),
(6,'Về chúng tôi','ve-chung-toi','published','2023-07-02 05:02:00','2023-07-02 05:02:00'),
(7,'Thông tin thêm','thong-tin-them','published','2023-07-02 05:02:00','2023-07-02 05:02:00'),
(8,'Tin tức','tin-tuc','published','2023-07-02 05:02:00','2023-07-02 05:02:00');

--
-- Table structure for table `meta_boxes`
--

CREATE TABLE `meta_boxes` (
  `id` bigint(20) unsigned NOT NULL AUTO_INCREMENT,
  `meta_key` varchar(255) NOT NULL,
  `meta_value` text DEFAULT NULL,
  `reference_id` bigint(20) unsigned NOT NULL,
  `reference_type` varchar(120) NOT NULL,
  `created_at` timestamp NULL DEFAULT NULL,
  `updated_at` timestamp NULL DEFAULT NULL,
  PRIMARY KEY (`id`),
  KEY `meta_boxes_reference_id_index` (`reference_id`)
) ENGINE=InnoDB AUTO_INCREMENT=895 DEFAULT CHARSET=utf8mb4 COLLATE=utf8mb4_unicode_ci;

--
-- Dumping data for table `meta_boxes`
--

INSERT INTO `meta_boxes` VALUES
(1,'image','[\"cities\\/c-1.png\"]',1,'Botble\\Location\\Models\\City','2023-07-02 03:21:19','2023-07-02 03:21:19'),
(2,'image','[\"cities\\/c-2.png\"]',2,'Botble\\Location\\Models\\City','2023-07-02 03:21:19','2023-07-02 03:21:19'),
(3,'image','[\"cities\\/c-3.png\"]',3,'Botble\\Location\\Models\\City','2023-07-02 03:21:19','2023-07-02 03:21:19'),
(4,'image','[\"cities\\/c-4.png\"]',4,'Botble\\Location\\Models\\City','2023-07-02 03:21:19','2023-07-02 03:21:19'),
(5,'image','[\"cities\\/c-5.png\"]',5,'Botble\\Location\\Models\\City','2023-07-02 03:21:19','2023-07-02 03:21:19'),
(6,'image','[\"cities\\/c-6.png\"]',6,'Botble\\Location\\Models\\City','2023-07-02 03:21:19','2023-07-02 03:21:19'),
(7,'image','[\"cities\\/c-7.png\"]',7,'Botble\\Location\\Models\\City','2023-07-02 03:21:19','2023-07-02 03:21:19'),
(8,'image','[\"cities\\/c-8.png\"]',8,'Botble\\Location\\Models\\City','2023-07-02 03:21:19','2023-07-02 03:21:19'),
(9,'image','[\"cities\\/c-9.png\"]',9,'Botble\\Location\\Models\\City','2023-07-02 03:21:19','2023-07-02 03:21:19'),
(10,'image','[\"cities\\/c-10.png\"]',10,'Botble\\Location\\Models\\City','2023-07-02 03:21:19','2023-07-02 03:21:19'),
(11,'image','[\"cities\\/c-11.png\"]',11,'Botble\\Location\\Models\\City','2023-07-02 03:21:19','2023-07-02 03:21:19'),
(12,'image','[\"cities\\/c-12.png\"]',12,'Botble\\Location\\Models\\City','2023-07-02 03:21:19','2023-07-02 03:21:19'),
(13,'image','[\"cities\\/c-13.png\"]',13,'Botble\\Location\\Models\\City','2023-07-02 03:21:19','2023-07-02 03:21:19'),
(14,'image','[\"cities\\/c-14.png\"]',14,'Botble\\Location\\Models\\City','2023-07-02 03:21:19','2023-07-02 03:21:19'),
(15,'image','[\"cities\\/c-15.png\"]',15,'Botble\\Location\\Models\\City','2023-07-02 03:21:19','2023-07-02 03:21:19'),
(16,'image','[\"cities\\/c-16.png\"]',16,'Botble\\Location\\Models\\City','2023-07-02 03:21:19','2023-07-02 03:21:19'),
(17,'image','[\"cities\\/c-18.png\"]',17,'Botble\\Location\\Models\\City','2023-07-02 03:21:19','2023-07-02 03:21:19'),
(18,'image','[\"cities\\/c-19.png\"]',18,'Botble\\Location\\Models\\City','2023-07-02 03:21:19','2023-07-02 03:21:19'),
(19,'image','[\"cities\\/c-20.png\"]',19,'Botble\\Location\\Models\\City','2023-07-02 03:21:19','2023-07-02 03:21:19'),
(20,'image','[\"cities\\/c-21.png\"]',20,'Botble\\Location\\Models\\City','2023-07-02 03:21:19','2023-07-02 03:21:19'),
(21,'image','[\"cities\\/c-23.png\"]',21,'Botble\\Location\\Models\\City','2023-07-02 03:21:19','2023-07-02 03:21:19'),
(22,'image','[\"cities\\/c-24.png\"]',22,'Botble\\Location\\Models\\City','2023-07-02 03:21:19','2023-07-02 03:21:19'),
(23,'image','[\"cities\\/c-25.png\"]',23,'Botble\\Location\\Models\\City','2023-07-02 03:21:19','2023-07-02 03:21:19'),
(24,'image','[\"cities\\/c-26.png\"]',24,'Botble\\Location\\Models\\City','2023-07-02 03:21:19','2023-07-02 03:21:19'),
(25,'image','[\"cities\\/c-27.png\"]',25,'Botble\\Location\\Models\\City','2023-07-02 03:21:19','2023-07-02 03:21:19'),
(26,'image','[\"cities\\/c-28.png\"]',26,'Botble\\Location\\Models\\City','2023-07-02 03:21:19','2023-07-02 03:21:19'),
(27,'image','[\"cities\\/c-29.png\"]',27,'Botble\\Location\\Models\\City','2023-07-02 03:21:19','2023-07-02 03:21:19'),
(28,'image','[\"cities\\/c-30.png\"]',28,'Botble\\Location\\Models\\City','2023-07-02 03:21:19','2023-07-02 03:21:19'),
(29,'image','[\"cities\\/c-31.png\"]',29,'Botble\\Location\\Models\\City','2023-07-02 03:21:19','2023-07-02 03:21:19'),
(30,'image','[\"cities\\/c-32.png\"]',30,'Botble\\Location\\Models\\City','2023-07-02 03:21:19','2023-07-02 03:21:19'),
(31,'image','[\"cities\\/c-33.png\"]',31,'Botble\\Location\\Models\\City','2023-07-02 03:21:19','2023-07-02 03:21:19'),
(32,'image','[\"cities\\/c-34.png\"]',32,'Botble\\Location\\Models\\City','2023-07-02 03:21:19','2023-07-02 03:21:19'),
(33,'image','[\"cities\\/c-35.png\"]',33,'Botble\\Location\\Models\\City','2023-07-02 03:21:19','2023-07-02 03:21:19'),
(34,'image','[\"cities\\/c-36.png\"]',34,'Botble\\Location\\Models\\City','2023-07-02 03:21:19','2023-07-02 03:21:19'),
(35,'image','[\"cities\\/c-37.png\"]',35,'Botble\\Location\\Models\\City','2023-07-02 03:21:19','2023-07-02 03:21:19'),
(36,'image','[\"cities\\/c-38.png\"]',36,'Botble\\Location\\Models\\City','2023-07-02 03:21:19','2023-07-02 03:21:19'),
(37,'image','[\"cities\\/c-39.png\"]',37,'Botble\\Location\\Models\\City','2023-07-02 03:21:19','2023-07-02 03:21:19'),
(38,'image','[\"cities\\/c-41.png\"]',38,'Botble\\Location\\Models\\City','2023-07-02 03:21:19','2023-07-02 03:21:19'),
(39,'image','[\"cities\\/c-42.png\"]',39,'Botble\\Location\\Models\\City','2023-07-02 03:21:19','2023-07-02 03:21:19'),
(40,'image','[\"cities\\/c-43.png\"]',40,'Botble\\Location\\Models\\City','2023-07-02 03:21:19','2023-07-02 03:21:19'),
(41,'image','[\"cities\\/c-44.png\"]',41,'Botble\\Location\\Models\\City','2023-07-02 03:21:19','2023-07-02 03:21:19'),
(42,'image','[\"cities\\/c-45.png\"]',42,'Botble\\Location\\Models\\City','2023-07-02 03:21:19','2023-07-02 03:21:19'),
(43,'image','[\"cities\\/c-46.png\"]',43,'Botble\\Location\\Models\\City','2023-07-02 03:21:19','2023-07-02 03:21:19'),
(44,'image','[\"cities\\/c-47.png\"]',44,'Botble\\Location\\Models\\City','2023-07-02 03:21:19','2023-07-02 03:21:19'),
(45,'image','[\"cities\\/c-48.png\"]',45,'Botble\\Location\\Models\\City','2023-07-02 03:21:19','2023-07-02 03:21:19'),
(46,'image','[\"cities\\/c-49.png\"]',46,'Botble\\Location\\Models\\City','2023-07-02 03:21:19','2023-07-02 03:21:19'),
(47,'image','[\"cities\\/c-50.png\"]',47,'Botble\\Location\\Models\\City','2023-07-02 03:21:19','2023-07-02 03:21:19'),
(48,'image','[\"cities\\/c-51.png\"]',48,'Botble\\Location\\Models\\City','2023-07-02 03:21:19','2023-07-02 03:21:19'),
(49,'image','[\"cities\\/c-52.png\"]',49,'Botble\\Location\\Models\\City','2023-07-02 03:21:19','2023-07-02 03:21:19'),
(50,'image','[\"cities\\/c-54.png\"]',50,'Botble\\Location\\Models\\City','2023-07-02 03:21:19','2023-07-02 03:21:19'),
(51,'image','[\"cities\\/c-55.png\"]',51,'Botble\\Location\\Models\\City','2023-07-02 03:21:19','2023-07-02 03:21:19'),
(52,'image','[\"cities\\/c-56.png\"]',52,'Botble\\Location\\Models\\City','2023-07-02 03:21:19','2023-07-02 03:21:19'),
(53,'image','[\"cities\\/c-57.png\"]',53,'Botble\\Location\\Models\\City','2023-07-02 03:21:19','2023-07-02 03:21:19'),
(54,'image','[\"cities\\/c-58.png\"]',54,'Botble\\Location\\Models\\City','2023-07-02 03:21:19','2023-07-02 03:21:19'),
(55,'image','[\"cities\\/c-59.png\"]',55,'Botble\\Location\\Models\\City','2023-07-02 03:21:19','2023-07-02 03:21:19'),
(56,'image','[\"cities\\/c-60.png\"]',56,'Botble\\Location\\Models\\City','2023-07-02 03:21:19','2023-07-02 03:21:19'),
(57,'image','[\"cities\\/c-61.png\"]',57,'Botble\\Location\\Models\\City','2023-07-02 03:21:19','2023-07-02 03:21:19'),
(58,'image','[\"cities\\/c-62.png\"]',58,'Botble\\Location\\Models\\City','2023-07-02 03:21:19','2023-07-02 03:21:19'),
(59,'image','[\"cities\\/c-63.png\"]',59,'Botble\\Location\\Models\\City','2023-07-02 03:21:19','2023-07-02 03:21:19'),
(60,'image','[\"cities\\/c-64.png\"]',60,'Botble\\Location\\Models\\City','2023-07-02 03:21:19','2023-07-02 03:21:19'),
(61,'image','[\"cities\\/c-65.png\"]',61,'Botble\\Location\\Models\\City','2023-07-02 03:21:19','2023-07-02 03:21:19'),
(62,'image','[\"cities\\/c-66.png\"]',62,'Botble\\Location\\Models\\City','2023-07-02 03:21:19','2023-07-02 03:21:19'),
(63,'image','[\"cities\\/c-67.png\"]',63,'Botble\\Location\\Models\\City','2023-07-02 03:21:19','2023-07-02 03:21:19'),
(64,'image','[\"cities\\/c-68.png\"]',64,'Botble\\Location\\Models\\City','2023-07-02 03:21:19','2023-07-02 03:21:19'),
(65,'image','[\"cities\\/c-69.png\"]',65,'Botble\\Location\\Models\\City','2023-07-02 03:21:19','2023-07-02 03:21:19'),
(66,'image','[\"cities\\/c-70.png\"]',66,'Botble\\Location\\Models\\City','2023-07-02 03:21:20','2023-07-02 03:21:20'),
(67,'image','[\"cities\\/c-71.png\"]',67,'Botble\\Location\\Models\\City','2023-07-02 03:21:20','2023-07-02 03:21:20'),
(68,'image','[\"cities\\/c-72.png\"]',68,'Botble\\Location\\Models\\City','2023-07-02 03:21:20','2023-07-02 03:21:20'),
(69,'image','[\"cities\\/c-73.png\"]',69,'Botble\\Location\\Models\\City','2023-07-02 03:21:20','2023-07-02 03:21:20'),
(70,'image','[\"cities\\/c-74.png\"]',70,'Botble\\Location\\Models\\City','2023-07-02 03:21:20','2023-07-02 03:21:20'),
(71,'image','[\"cities\\/c-75.png\"]',71,'Botble\\Location\\Models\\City','2023-07-02 03:21:20','2023-07-02 03:21:20'),
(72,'image','[\"cities\\/c-76.png\"]',72,'Botble\\Location\\Models\\City','2023-07-02 03:21:20','2023-07-02 03:21:20'),
(73,'image','[\"cities\\/c-77.png\"]',73,'Botble\\Location\\Models\\City','2023-07-02 03:21:20','2023-07-02 03:21:20'),
(74,'image','[\"cities\\/c-78.png\"]',74,'Botble\\Location\\Models\\City','2023-07-02 03:21:20','2023-07-02 03:21:20'),
(75,'image','[\"cities\\/c-79.png\"]',75,'Botble\\Location\\Models\\City','2023-07-02 03:21:20','2023-07-02 03:21:20'),
(76,'image','[\"cities\\/c-80.png\"]',76,'Botble\\Location\\Models\\City','2023-07-02 03:21:20','2023-07-02 03:21:20'),
(77,'image','[\"cities\\/c-81.png\"]',77,'Botble\\Location\\Models\\City','2023-07-02 03:21:20','2023-07-02 03:21:20'),
(78,'image','[\"cities\\/c-82.png\"]',78,'Botble\\Location\\Models\\City','2023-07-02 03:21:20','2023-07-02 03:21:20'),
(79,'image','[\"cities\\/c-84.png\"]',79,'Botble\\Location\\Models\\City','2023-07-02 03:21:20','2023-07-02 03:21:20'),
(80,'image','[\"cities\\/c-85.png\"]',80,'Botble\\Location\\Models\\City','2023-07-02 03:21:20','2023-07-02 03:21:20'),
(81,'image','[\"cities\\/c-86.png\"]',81,'Botble\\Location\\Models\\City','2023-07-02 03:21:20','2023-07-02 03:21:20'),
(82,'image','[\"cities\\/c-87.png\"]',82,'Botble\\Location\\Models\\City','2023-07-02 03:21:20','2023-07-02 03:21:20'),
(83,'image','[\"cities\\/c-88.png\"]',83,'Botble\\Location\\Models\\City','2023-07-02 03:21:20','2023-07-02 03:21:20'),
(84,'image','[\"cities\\/c-89.png\"]',84,'Botble\\Location\\Models\\City','2023-07-02 03:21:20','2023-07-02 03:21:20'),
(85,'image','[\"cities\\/c-90.png\"]',85,'Botble\\Location\\Models\\City','2023-07-02 03:21:20','2023-07-02 03:21:20'),
(86,'image','[\"cities\\/c-91.png\"]',86,'Botble\\Location\\Models\\City','2023-07-02 03:21:20','2023-07-02 03:21:20'),
(87,'image','[\"cities\\/c-92.png\"]',87,'Botble\\Location\\Models\\City','2023-07-02 03:21:20','2023-07-02 03:21:20'),
(88,'image','[\"cities\\/c-95.png\"]',88,'Botble\\Location\\Models\\City','2023-07-02 03:21:20','2023-07-02 03:21:20'),
(89,'image','[\"cities\\/c-96.png\"]',89,'Botble\\Location\\Models\\City','2023-07-02 03:21:20','2023-07-02 03:21:20'),
(90,'image','[\"cities\\/c-97.png\"]',90,'Botble\\Location\\Models\\City','2023-07-02 03:21:20','2023-07-02 03:21:20'),
(91,'image','[\"cities\\/c-98.png\"]',91,'Botble\\Location\\Models\\City','2023-07-02 03:21:20','2023-07-02 03:21:20'),
(92,'image','[\"cities\\/c-100.png\"]',92,'Botble\\Location\\Models\\City','2023-07-02 03:21:20','2023-07-02 03:21:20'),
(93,'image','[\"cities\\/c-102.png\"]',93,'Botble\\Location\\Models\\City','2023-07-02 03:21:20','2023-07-02 03:21:20'),
(94,'image','[\"cities\\/c-103.png\"]',94,'Botble\\Location\\Models\\City','2023-07-02 03:21:20','2023-07-02 03:21:20'),
(95,'image','[\"cities\\/c-105.png\"]',95,'Botble\\Location\\Models\\City','2023-07-02 03:21:20','2023-07-02 03:21:20'),
(96,'image','[\"cities\\/c-106.png\"]',96,'Botble\\Location\\Models\\City','2023-07-02 03:21:20','2023-07-02 03:21:20'),
(97,'image','[\"cities\\/c-111.png\"]',97,'Botble\\Location\\Models\\City','2023-07-02 03:21:20','2023-07-02 03:21:20'),
(98,'image','[\"cities\\/c-112.png\"]',98,'Botble\\Location\\Models\\City','2023-07-02 03:21:20','2023-07-02 03:21:20'),
(99,'image','[\"cities\\/c-113.png\"]',99,'Botble\\Location\\Models\\City','2023-07-02 03:21:20','2023-07-02 03:21:20'),
(100,'image','[\"cities\\/c-115.png\"]',100,'Botble\\Location\\Models\\City','2023-07-02 03:21:20','2023-07-02 03:21:20'),
(101,'image','[\"cities\\/c-116.png\"]',101,'Botble\\Location\\Models\\City','2023-07-02 03:21:20','2023-07-02 03:21:20'),
(102,'image','[\"cities\\/c-117.png\"]',102,'Botble\\Location\\Models\\City','2023-07-02 03:21:20','2023-07-02 03:21:20'),
(103,'image','[\"cities\\/c-118.png\"]',103,'Botble\\Location\\Models\\City','2023-07-02 03:21:20','2023-07-02 03:21:20'),
(104,'image','[\"cities\\/c-119.png\"]',104,'Botble\\Location\\Models\\City','2023-07-02 03:21:20','2023-07-02 03:21:20'),
(105,'image','[\"cities\\/c-120.png\"]',105,'Botble\\Location\\Models\\City','2023-07-02 03:21:20','2023-07-02 03:21:20'),
(106,'image','[\"cities\\/c-121.png\"]',106,'Botble\\Location\\Models\\City','2023-07-02 03:21:20','2023-07-02 03:21:20'),
(107,'image','[\"cities\\/c-122.png\"]',107,'Botble\\Location\\Models\\City','2023-07-02 03:21:20','2023-07-02 03:21:20'),
(108,'image','[\"cities\\/c-123.png\"]',108,'Botble\\Location\\Models\\City','2023-07-02 03:21:20','2023-07-02 03:21:20'),
(109,'image','[\"cities\\/c-124.png\"]',109,'Botble\\Location\\Models\\City','2023-07-02 03:21:20','2023-07-02 03:21:20'),
(110,'image','[\"cities\\/c-125.png\"]',110,'Botble\\Location\\Models\\City','2023-07-02 03:21:20','2023-07-02 03:21:20'),
(111,'image','[\"cities\\/c-126.png\"]',111,'Botble\\Location\\Models\\City','2023-07-02 03:21:20','2023-07-02 03:21:20'),
(112,'image','[\"cities\\/c-127.png\"]',112,'Botble\\Location\\Models\\City','2023-07-02 03:21:20','2023-07-02 03:21:20'),
(113,'image','[\"cities\\/c-128.png\"]',113,'Botble\\Location\\Models\\City','2023-07-02 03:21:20','2023-07-02 03:21:20'),
(114,'image','[\"cities\\/c-130.png\"]',114,'Botble\\Location\\Models\\City','2023-07-02 03:21:20','2023-07-02 03:21:20'),
(115,'image','[\"cities\\/c-132.png\"]',115,'Botble\\Location\\Models\\City','2023-07-02 03:21:20','2023-07-02 03:21:20'),
(116,'image','[\"cities\\/c-133.png\"]',116,'Botble\\Location\\Models\\City','2023-07-02 03:21:20','2023-07-02 03:21:20'),
(117,'image','[\"cities\\/c-137.png\"]',117,'Botble\\Location\\Models\\City','2023-07-02 03:21:20','2023-07-02 03:21:20'),
(118,'image','[\"cities\\/c-138.png\"]',118,'Botble\\Location\\Models\\City','2023-07-02 03:21:20','2023-07-02 03:21:20'),
(119,'image','[\"cities\\/c-139.png\"]',119,'Botble\\Location\\Models\\City','2023-07-02 03:21:20','2023-07-02 03:21:20'),
(120,'image','[\"cities\\/c-140.png\"]',120,'Botble\\Location\\Models\\City','2023-07-02 03:21:20','2023-07-02 03:21:20'),
(121,'image','[\"cities\\/c-142.png\"]',121,'Botble\\Location\\Models\\City','2023-07-02 03:21:20','2023-07-02 03:21:20'),
(122,'image','[\"cities\\/c-144.png\"]',122,'Botble\\Location\\Models\\City','2023-07-02 03:21:20','2023-07-02 03:21:20'),
(123,'image','[\"cities\\/c-145.png\"]',123,'Botble\\Location\\Models\\City','2023-07-02 03:21:20','2023-07-02 03:21:20'),
(124,'image','[\"cities\\/c-147.png\"]',124,'Botble\\Location\\Models\\City','2023-07-02 03:21:20','2023-07-02 03:21:20'),
(125,'image','[\"cities\\/c-148.png\"]',125,'Botble\\Location\\Models\\City','2023-07-02 03:21:20','2023-07-02 03:21:20'),
(126,'image','[\"cities\\/c-149.png\"]',126,'Botble\\Location\\Models\\City','2023-07-02 03:21:20','2023-07-02 03:21:20'),
(127,'image','[\"cities\\/c-151.png\"]',127,'Botble\\Location\\Models\\City','2023-07-02 03:21:20','2023-07-02 03:21:20'),
(128,'image','[\"cities\\/c-153.png\"]',128,'Botble\\Location\\Models\\City','2023-07-02 03:21:20','2023-07-02 03:21:20'),
(129,'image','[\"cities\\/c-154.png\"]',129,'Botble\\Location\\Models\\City','2023-07-02 03:21:20','2023-07-02 03:21:20'),
(130,'image','[\"cities\\/c-155.png\"]',130,'Botble\\Location\\Models\\City','2023-07-02 03:21:20','2023-07-02 03:21:20'),
(131,'image','[\"cities\\/c-157.png\"]',131,'Botble\\Location\\Models\\City','2023-07-02 03:21:20','2023-07-02 03:21:20'),
(132,'image','[\"cities\\/c-158.png\"]',132,'Botble\\Location\\Models\\City','2023-07-02 03:21:21','2023-07-02 03:21:21'),
(133,'image','[\"cities\\/c-159.png\"]',133,'Botble\\Location\\Models\\City','2023-07-02 03:21:21','2023-07-02 03:21:21'),
(134,'image','[\"cities\\/c-160.png\"]',134,'Botble\\Location\\Models\\City','2023-07-02 03:21:21','2023-07-02 03:21:21'),
(135,'image','[\"cities\\/c-161.png\"]',135,'Botble\\Location\\Models\\City','2023-07-02 03:21:21','2023-07-02 03:21:21'),
(136,'image','[\"cities\\/c-162.png\"]',136,'Botble\\Location\\Models\\City','2023-07-02 03:21:21','2023-07-02 03:21:21'),
(137,'image','[\"cities\\/c-163.png\"]',137,'Botble\\Location\\Models\\City','2023-07-02 03:21:21','2023-07-02 03:21:21'),
(138,'image','[\"cities\\/c-164.png\"]',138,'Botble\\Location\\Models\\City','2023-07-02 03:21:21','2023-07-02 03:21:21'),
(139,'image','[\"cities\\/c-165.png\"]',139,'Botble\\Location\\Models\\City','2023-07-02 03:21:21','2023-07-02 03:21:21'),
(140,'image','[\"cities\\/c-166.png\"]',140,'Botble\\Location\\Models\\City','2023-07-02 03:21:21','2023-07-02 03:21:21'),
(141,'image','[\"cities\\/c-167.png\"]',141,'Botble\\Location\\Models\\City','2023-07-02 03:21:21','2023-07-02 03:21:21'),
(142,'image','[\"cities\\/c-168.png\"]',142,'Botble\\Location\\Models\\City','2023-07-02 03:21:21','2023-07-02 03:21:21'),
(143,'image','[\"cities\\/c-169.png\"]',143,'Botble\\Location\\Models\\City','2023-07-02 03:21:21','2023-07-02 03:21:21'),
(144,'image','[\"cities\\/c-170.png\"]',144,'Botble\\Location\\Models\\City','2023-07-02 03:21:21','2023-07-02 03:21:21'),
(145,'image','[\"cities\\/c-171.png\"]',145,'Botble\\Location\\Models\\City','2023-07-02 03:21:21','2023-07-02 03:21:21'),
(146,'image','[\"cities\\/c-172.png\"]',146,'Botble\\Location\\Models\\City','2023-07-02 03:21:21','2023-07-02 03:21:21'),
(147,'image','[\"cities\\/c-173.png\"]',147,'Botble\\Location\\Models\\City','2023-07-02 03:21:21','2023-07-02 03:21:21'),
(148,'image','[\"cities\\/c-174.png\"]',148,'Botble\\Location\\Models\\City','2023-07-02 03:21:21','2023-07-02 03:21:21'),
(149,'image','[\"cities\\/c-175.png\"]',149,'Botble\\Location\\Models\\City','2023-07-02 03:21:21','2023-07-02 03:21:21'),
(150,'image','[\"cities\\/c-176.png\"]',150,'Botble\\Location\\Models\\City','2023-07-02 03:21:21','2023-07-02 03:21:21'),
(151,'image','[\"cities\\/c-177.png\"]',151,'Botble\\Location\\Models\\City','2023-07-02 03:21:21','2023-07-02 03:21:21'),
(152,'image','[\"cities\\/c-179.png\"]',152,'Botble\\Location\\Models\\City','2023-07-02 03:21:21','2023-07-02 03:21:21'),
(153,'image','[\"cities\\/c-180.png\"]',153,'Botble\\Location\\Models\\City','2023-07-02 03:21:21','2023-07-02 03:21:21'),
(154,'image','[\"cities\\/c-183.png\"]',154,'Botble\\Location\\Models\\City','2023-07-02 03:21:21','2023-07-02 03:21:21'),
(155,'image','[\"cities\\/c-184.png\"]',155,'Botble\\Location\\Models\\City','2023-07-02 03:21:21','2023-07-02 03:21:21'),
(156,'image','[\"cities\\/c-185.png\"]',156,'Botble\\Location\\Models\\City','2023-07-02 03:21:21','2023-07-02 03:21:21'),
(157,'image','[\"cities\\/c-186.png\"]',157,'Botble\\Location\\Models\\City','2023-07-02 03:21:21','2023-07-02 03:21:21'),
(158,'image','[\"cities\\/c-187.png\"]',158,'Botble\\Location\\Models\\City','2023-07-02 03:21:21','2023-07-02 03:21:21'),
(159,'image','[\"cities\\/c-188.png\"]',159,'Botble\\Location\\Models\\City','2023-07-02 03:21:21','2023-07-02 03:21:21'),
(160,'image','[\"cities\\/c-190.png\"]',160,'Botble\\Location\\Models\\City','2023-07-02 03:21:21','2023-07-02 03:21:21'),
(161,'image','[\"cities\\/c-191.png\"]',161,'Botble\\Location\\Models\\City','2023-07-02 03:21:21','2023-07-02 03:21:21'),
(162,'image','[\"cities\\/c-193.png\"]',162,'Botble\\Location\\Models\\City','2023-07-02 03:21:21','2023-07-02 03:21:21'),
(163,'image','[\"cities\\/c-194.png\"]',163,'Botble\\Location\\Models\\City','2023-07-02 03:21:21','2023-07-02 03:21:21'),
(164,'image','[\"cities\\/c-195.png\"]',164,'Botble\\Location\\Models\\City','2023-07-02 03:21:21','2023-07-02 03:21:21'),
(165,'image','[\"cities\\/c-196.png\"]',165,'Botble\\Location\\Models\\City','2023-07-02 03:21:21','2023-07-02 03:21:21'),
(166,'image','[\"cities\\/c-197.png\"]',166,'Botble\\Location\\Models\\City','2023-07-02 03:21:21','2023-07-02 03:21:21'),
(167,'image','[\"cities\\/c-198.png\"]',167,'Botble\\Location\\Models\\City','2023-07-02 03:21:21','2023-07-02 03:21:21'),
(168,'image','[\"cities\\/c-199.png\"]',168,'Botble\\Location\\Models\\City','2023-07-02 03:21:21','2023-07-02 03:21:21'),
(169,'image','[\"cities\\/c-200.png\"]',169,'Botble\\Location\\Models\\City','2023-07-02 03:21:21','2023-07-02 03:21:21'),
(170,'image','[\"cities\\/c-201.png\"]',170,'Botble\\Location\\Models\\City','2023-07-02 03:21:21','2023-07-02 03:21:21'),
(171,'image','[\"cities\\/c-202.png\"]',171,'Botble\\Location\\Models\\City','2023-07-02 03:21:21','2023-07-02 03:21:21'),
(172,'image','[\"cities\\/c-203.png\"]',172,'Botble\\Location\\Models\\City','2023-07-02 03:21:21','2023-07-02 03:21:21'),
(173,'image','[\"cities\\/c-205.png\"]',173,'Botble\\Location\\Models\\City','2023-07-02 03:21:21','2023-07-02 03:21:21'),
(174,'image','[\"cities\\/c-206.png\"]',174,'Botble\\Location\\Models\\City','2023-07-02 03:21:21','2023-07-02 03:21:21'),
(175,'image','[\"cities\\/c-207.png\"]',175,'Botble\\Location\\Models\\City','2023-07-02 03:21:21','2023-07-02 03:21:21'),
(176,'image','[\"cities\\/c-208.png\"]',176,'Botble\\Location\\Models\\City','2023-07-02 03:21:21','2023-07-02 03:21:21'),
(177,'image','[\"cities\\/c-209.png\"]',177,'Botble\\Location\\Models\\City','2023-07-02 03:21:21','2023-07-02 03:21:21'),
(178,'image','[\"cities\\/c-210.png\"]',178,'Botble\\Location\\Models\\City','2023-07-02 03:21:21','2023-07-02 03:21:21'),
(179,'image','[\"cities\\/c-211.png\"]',179,'Botble\\Location\\Models\\City','2023-07-02 03:21:21','2023-07-02 03:21:21'),
(180,'image','[\"cities\\/c-213.png\"]',180,'Botble\\Location\\Models\\City','2023-07-02 03:21:21','2023-07-02 03:21:21'),
(181,'image','[\"cities\\/c-214.png\"]',181,'Botble\\Location\\Models\\City','2023-07-02 03:21:21','2023-07-02 03:21:21'),
(182,'image','[\"cities\\/c-215.png\"]',182,'Botble\\Location\\Models\\City','2023-07-02 03:21:21','2023-07-02 03:21:21'),
(183,'image','[\"cities\\/c-216.png\"]',183,'Botble\\Location\\Models\\City','2023-07-02 03:21:21','2023-07-02 03:21:21'),
(184,'image','[\"cities\\/c-217.png\"]',184,'Botble\\Location\\Models\\City','2023-07-02 03:21:21','2023-07-02 03:21:21'),
(185,'image','[\"cities\\/c-218.png\"]',185,'Botble\\Location\\Models\\City','2023-07-02 03:21:21','2023-07-02 03:21:21'),
(186,'image','[\"cities\\/c-219.png\"]',186,'Botble\\Location\\Models\\City','2023-07-02 03:21:21','2023-07-02 03:21:21'),
(187,'image','[\"cities\\/c-220.png\"]',187,'Botble\\Location\\Models\\City','2023-07-02 03:21:21','2023-07-02 03:21:21'),
(188,'image','[\"cities\\/c-222.png\"]',188,'Botble\\Location\\Models\\City','2023-07-02 03:21:21','2023-07-02 03:21:21'),
(189,'image','[\"cities\\/c-224.png\"]',189,'Botble\\Location\\Models\\City','2023-07-02 03:21:21','2023-07-02 03:21:21'),
(190,'image','[\"cities\\/c-225.png\"]',190,'Botble\\Location\\Models\\City','2023-07-02 03:21:21','2023-07-02 03:21:21'),
(191,'image','[\"cities\\/c-226.png\"]',191,'Botble\\Location\\Models\\City','2023-07-02 03:21:21','2023-07-02 03:21:21'),
(192,'image','[\"cities\\/c-228.png\"]',192,'Botble\\Location\\Models\\City','2023-07-02 03:21:21','2023-07-02 03:21:21'),
(193,'image','[\"cities\\/c-229.png\"]',193,'Botble\\Location\\Models\\City','2023-07-02 03:21:21','2023-07-02 03:21:21'),
(194,'image','[\"cities\\/c-230.png\"]',194,'Botble\\Location\\Models\\City','2023-07-02 03:21:21','2023-07-02 03:21:21'),
(195,'image','[\"cities\\/c-231.png\"]',195,'Botble\\Location\\Models\\City','2023-07-02 03:21:21','2023-07-02 03:21:21'),
(196,'image','[\"cities\\/c-232.png\"]',196,'Botble\\Location\\Models\\City','2023-07-02 03:21:21','2023-07-02 03:21:21'),
(197,'image','[\"cities\\/c-233.png\"]',197,'Botble\\Location\\Models\\City','2023-07-02 03:21:21','2023-07-02 03:21:21'),
(198,'image','[\"cities\\/c-234.png\"]',198,'Botble\\Location\\Models\\City','2023-07-02 03:21:21','2023-07-02 03:21:21'),
(199,'image','[\"cities\\/c-236.png\"]',199,'Botble\\Location\\Models\\City','2023-07-02 03:21:21','2023-07-02 03:21:21'),
(200,'image','[\"cities\\/c-237.png\"]',200,'Botble\\Location\\Models\\City','2023-07-02 03:21:21','2023-07-02 03:21:21'),
(201,'image','[\"cities\\/c-238.png\"]',201,'Botble\\Location\\Models\\City','2023-07-02 03:21:21','2023-07-02 03:21:21'),
(202,'image','[\"cities\\/c-242.png\"]',202,'Botble\\Location\\Models\\City','2023-07-02 03:21:21','2023-07-02 03:21:21'),
(203,'image','[\"cities\\/c-243.png\"]',203,'Botble\\Location\\Models\\City','2023-07-02 03:21:21','2023-07-02 03:21:21'),
(204,'image','[\"cities\\/c-244.png\"]',204,'Botble\\Location\\Models\\City','2023-07-02 03:21:22','2023-07-02 03:21:22'),
(205,'image','[\"cities\\/c-245.png\"]',205,'Botble\\Location\\Models\\City','2023-07-02 03:21:22','2023-07-02 03:21:22'),
(206,'image','[\"cities\\/c-246.png\"]',206,'Botble\\Location\\Models\\City','2023-07-02 03:21:22','2023-07-02 03:21:22'),
(207,'image','[\"cities\\/c-247.png\"]',207,'Botble\\Location\\Models\\City','2023-07-02 03:21:22','2023-07-02 03:21:22'),
(208,'image','[\"cities\\/c-248.png\"]',208,'Botble\\Location\\Models\\City','2023-07-02 03:21:22','2023-07-02 03:21:22'),
(209,'image','[\"cities\\/c-251.png\"]',209,'Botble\\Location\\Models\\City','2023-07-02 03:21:22','2023-07-02 03:21:22'),
(210,'image','[\"cities\\/c-252.png\"]',210,'Botble\\Location\\Models\\City','2023-07-02 03:21:22','2023-07-02 03:21:22'),
(211,'image','[\"cities\\/c-254.png\"]',211,'Botble\\Location\\Models\\City','2023-07-02 03:21:22','2023-07-02 03:21:22'),
(212,'image','[\"cities\\/c-255.png\"]',212,'Botble\\Location\\Models\\City','2023-07-02 03:21:22','2023-07-02 03:21:22'),
(213,'image','[\"cities\\/c-256.png\"]',213,'Botble\\Location\\Models\\City','2023-07-02 03:21:22','2023-07-02 03:21:22'),
(214,'image','[\"cities\\/c-257.png\"]',214,'Botble\\Location\\Models\\City','2023-07-02 03:21:22','2023-07-02 03:21:22'),
(215,'image','[\"cities\\/c-258.png\"]',215,'Botble\\Location\\Models\\City','2023-07-02 03:21:22','2023-07-02 03:21:22'),
(216,'image','[\"cities\\/c-259.png\"]',216,'Botble\\Location\\Models\\City','2023-07-02 03:21:22','2023-07-02 03:21:22'),
(217,'image','[\"cities\\/c-261.png\"]',217,'Botble\\Location\\Models\\City','2023-07-02 03:21:22','2023-07-02 03:21:22'),
(218,'image','[\"cities\\/c-262.png\"]',218,'Botble\\Location\\Models\\City','2023-07-02 03:21:22','2023-07-02 03:21:22'),
(219,'image','[\"cities\\/c-266.png\"]',219,'Botble\\Location\\Models\\City','2023-07-02 03:21:22','2023-07-02 03:21:22'),
(220,'image','[\"cities\\/c-267.png\"]',220,'Botble\\Location\\Models\\City','2023-07-02 03:21:22','2023-07-02 03:21:22'),
(221,'image','[\"cities\\/c-269.png\"]',221,'Botble\\Location\\Models\\City','2023-07-02 03:21:22','2023-07-02 03:21:22'),
(222,'image','[\"cities\\/c-270.png\"]',222,'Botble\\Location\\Models\\City','2023-07-02 03:21:22','2023-07-02 03:21:22'),
(223,'image','[\"cities\\/c-272.png\"]',223,'Botble\\Location\\Models\\City','2023-07-02 03:21:22','2023-07-02 03:21:22'),
(224,'image','[\"cities\\/c-273.png\"]',224,'Botble\\Location\\Models\\City','2023-07-02 03:21:22','2023-07-02 03:21:22'),
(225,'image','[\"cities\\/c-274.png\"]',225,'Botble\\Location\\Models\\City','2023-07-02 03:21:22','2023-07-02 03:21:22'),
(226,'image','[\"cities\\/c-275.png\"]',226,'Botble\\Location\\Models\\City','2023-07-02 03:21:22','2023-07-02 03:21:22'),
(227,'image','[\"cities\\/c-277.png\"]',227,'Botble\\Location\\Models\\City','2023-07-02 03:21:22','2023-07-02 03:21:22'),
(228,'image','[\"cities\\/c-278.png\"]',228,'Botble\\Location\\Models\\City','2023-07-02 03:21:22','2023-07-02 03:21:22'),
(229,'image','[\"cities\\/c-280.png\"]',229,'Botble\\Location\\Models\\City','2023-07-02 03:21:22','2023-07-02 03:21:22'),
(230,'image','[\"cities\\/c-282.png\"]',230,'Botble\\Location\\Models\\City','2023-07-02 03:21:22','2023-07-02 03:21:22'),
(231,'image','[\"cities\\/c-283.png\"]',231,'Botble\\Location\\Models\\City','2023-07-02 03:21:22','2023-07-02 03:21:22'),
(232,'image','[\"cities\\/c-285.png\"]',232,'Botble\\Location\\Models\\City','2023-07-02 03:21:22','2023-07-02 03:21:22'),
(233,'image','[\"cities\\/c-286.png\"]',233,'Botble\\Location\\Models\\City','2023-07-02 03:21:22','2023-07-02 03:21:22'),
(234,'image','[\"cities\\/c-288.png\"]',234,'Botble\\Location\\Models\\City','2023-07-02 03:21:22','2023-07-02 03:21:22'),
(235,'image','[\"cities\\/c-289.png\"]',235,'Botble\\Location\\Models\\City','2023-07-02 03:21:22','2023-07-02 03:21:22'),
(236,'image','[\"cities\\/c-291.png\"]',236,'Botble\\Location\\Models\\City','2023-07-02 03:21:22','2023-07-02 03:21:22'),
(237,'image','[\"cities\\/c-292.png\"]',237,'Botble\\Location\\Models\\City','2023-07-02 03:21:22','2023-07-02 03:21:22'),
(238,'image','[\"cities\\/c-294.png\"]',238,'Botble\\Location\\Models\\City','2023-07-02 03:21:22','2023-07-02 03:21:22'),
(239,'image','[\"cities\\/c-296.png\"]',239,'Botble\\Location\\Models\\City','2023-07-02 03:21:22','2023-07-02 03:21:22'),
(240,'image','[\"cities\\/c-297.png\"]',240,'Botble\\Location\\Models\\City','2023-07-02 03:21:22','2023-07-02 03:21:22'),
(241,'image','[\"cities\\/c-298.png\"]',241,'Botble\\Location\\Models\\City','2023-07-02 03:21:22','2023-07-02 03:21:22'),
(242,'image','[\"cities\\/c-300.png\"]',242,'Botble\\Location\\Models\\City','2023-07-02 03:21:22','2023-07-02 03:21:22'),
(243,'image','[\"cities\\/c-302.png\"]',243,'Botble\\Location\\Models\\City','2023-07-02 03:21:22','2023-07-02 03:21:22'),
(244,'image','[\"cities\\/c-303.png\"]',244,'Botble\\Location\\Models\\City','2023-07-02 03:21:22','2023-07-02 03:21:22'),
(245,'image','[\"cities\\/c-304.png\"]',245,'Botble\\Location\\Models\\City','2023-07-02 03:21:22','2023-07-02 03:21:22'),
(246,'image','[\"cities\\/c-307.png\"]',246,'Botble\\Location\\Models\\City','2023-07-02 03:21:22','2023-07-02 03:21:22'),
(247,'image','[\"cities\\/c-310.png\"]',247,'Botble\\Location\\Models\\City','2023-07-02 03:21:22','2023-07-02 03:21:22'),
(248,'image','[\"cities\\/c-312.png\"]',248,'Botble\\Location\\Models\\City','2023-07-02 03:21:22','2023-07-02 03:21:22'),
(249,'image','[\"cities\\/c-315.png\"]',249,'Botble\\Location\\Models\\City','2023-07-02 03:21:22','2023-07-02 03:21:22'),
(250,'image','[\"cities\\/c-316.png\"]',250,'Botble\\Location\\Models\\City','2023-07-02 03:21:22','2023-07-02 03:21:22'),
(251,'image','[\"cities\\/c-320.png\"]',251,'Botble\\Location\\Models\\City','2023-07-02 03:21:22','2023-07-02 03:21:22'),
(252,'image','[\"cities\\/c-324.png\"]',252,'Botble\\Location\\Models\\City','2023-07-02 03:21:22','2023-07-02 03:21:22'),
(253,'image','[\"cities\\/c-325.png\"]',253,'Botble\\Location\\Models\\City','2023-07-02 03:21:22','2023-07-02 03:21:22'),
(254,'image','[\"cities\\/c-327.png\"]',254,'Botble\\Location\\Models\\City','2023-07-02 03:21:22','2023-07-02 03:21:22'),
(255,'image','[\"cities\\/c-329.png\"]',255,'Botble\\Location\\Models\\City','2023-07-02 03:21:22','2023-07-02 03:21:22'),
(256,'image','[\"cities\\/c-330.png\"]',256,'Botble\\Location\\Models\\City','2023-07-02 03:21:22','2023-07-02 03:21:22'),
(257,'image','[\"cities\\/c-331.png\"]',257,'Botble\\Location\\Models\\City','2023-07-02 03:21:22','2023-07-02 03:21:22'),
(258,'image','[\"cities\\/c-332.png\"]',258,'Botble\\Location\\Models\\City','2023-07-02 03:21:22','2023-07-02 03:21:22'),
(259,'image','[\"cities\\/c-334.png\"]',259,'Botble\\Location\\Models\\City','2023-07-02 03:21:22','2023-07-02 03:21:22'),
(260,'image','[\"cities\\/c-335.png\"]',260,'Botble\\Location\\Models\\City','2023-07-02 03:21:22','2023-07-02 03:21:22'),
(261,'image','[\"cities\\/c-337.png\"]',261,'Botble\\Location\\Models\\City','2023-07-02 03:21:22','2023-07-02 03:21:22'),
(262,'image','[\"cities\\/c-339.png\"]',262,'Botble\\Location\\Models\\City','2023-07-02 03:21:22','2023-07-02 03:21:22'),
(263,'image','[\"cities\\/c-340.png\"]',263,'Botble\\Location\\Models\\City','2023-07-02 03:21:22','2023-07-02 03:21:22'),
(264,'image','[\"cities\\/c-341.png\"]',264,'Botble\\Location\\Models\\City','2023-07-02 03:21:22','2023-07-02 03:21:22'),
(265,'image','[\"cities\\/c-342.png\"]',265,'Botble\\Location\\Models\\City','2023-07-02 03:21:22','2023-07-02 03:21:22'),
(266,'image','[\"cities\\/c-343.png\"]',266,'Botble\\Location\\Models\\City','2023-07-02 03:21:23','2023-07-02 03:21:23'),
(267,'image','[\"cities\\/c-344.png\"]',267,'Botble\\Location\\Models\\City','2023-07-02 03:21:23','2023-07-02 03:21:23'),
(268,'image','[\"cities\\/c-345.png\"]',268,'Botble\\Location\\Models\\City','2023-07-02 03:21:23','2023-07-02 03:21:23'),
(269,'image','[\"cities\\/c-346.png\"]',269,'Botble\\Location\\Models\\City','2023-07-02 03:21:23','2023-07-02 03:21:23'),
(270,'image','[\"cities\\/c-347.png\"]',270,'Botble\\Location\\Models\\City','2023-07-02 03:21:23','2023-07-02 03:21:23'),
(271,'image','[\"cities\\/c-350.png\"]',271,'Botble\\Location\\Models\\City','2023-07-02 03:21:23','2023-07-02 03:21:23'),
(272,'image','[\"cities\\/c-351.png\"]',272,'Botble\\Location\\Models\\City','2023-07-02 03:21:23','2023-07-02 03:21:23'),
(273,'image','[\"cities\\/c-353.png\"]',273,'Botble\\Location\\Models\\City','2023-07-02 03:21:23','2023-07-02 03:21:23'),
(274,'image','[\"cities\\/c-354.png\"]',274,'Botble\\Location\\Models\\City','2023-07-02 03:21:23','2023-07-02 03:21:23'),
(275,'image','[\"cities\\/c-357.png\"]',275,'Botble\\Location\\Models\\City','2023-07-02 03:21:23','2023-07-02 03:21:23'),
(276,'image','[\"cities\\/c-358.png\"]',276,'Botble\\Location\\Models\\City','2023-07-02 03:21:23','2023-07-02 03:21:23'),
(277,'image','[\"cities\\/c-360.png\"]',277,'Botble\\Location\\Models\\City','2023-07-02 03:21:23','2023-07-02 03:21:23'),
(278,'image','[\"cities\\/c-362.png\"]',278,'Botble\\Location\\Models\\City','2023-07-02 03:21:23','2023-07-02 03:21:23'),
(279,'image','[\"cities\\/c-364.png\"]',279,'Botble\\Location\\Models\\City','2023-07-02 03:21:23','2023-07-02 03:21:23'),
(280,'image','[\"cities\\/c-367.png\"]',280,'Botble\\Location\\Models\\City','2023-07-02 03:21:23','2023-07-02 03:21:23'),
(281,'image','[\"cities\\/c-369.png\"]',281,'Botble\\Location\\Models\\City','2023-07-02 03:21:23','2023-07-02 03:21:23'),
(282,'image','[\"cities\\/c-370.png\"]',282,'Botble\\Location\\Models\\City','2023-07-02 03:21:23','2023-07-02 03:21:23'),
(283,'image','[\"cities\\/c-371.png\"]',283,'Botble\\Location\\Models\\City','2023-07-02 03:21:23','2023-07-02 03:21:23'),
(284,'image','[\"cities\\/c-373.png\"]',284,'Botble\\Location\\Models\\City','2023-07-02 03:21:23','2023-07-02 03:21:23'),
(285,'image','[\"cities\\/c-376.png\"]',285,'Botble\\Location\\Models\\City','2023-07-02 03:21:23','2023-07-02 03:21:23'),
(286,'image','[\"cities\\/c-377.png\"]',286,'Botble\\Location\\Models\\City','2023-07-02 03:21:23','2023-07-02 03:21:23'),
(287,'image','[\"cities\\/c-378.png\"]',287,'Botble\\Location\\Models\\City','2023-07-02 03:21:23','2023-07-02 03:21:23'),
(288,'image','[\"cities\\/c-381.png\"]',288,'Botble\\Location\\Models\\City','2023-07-02 03:21:23','2023-07-02 03:21:23'),
(289,'image','[\"cities\\/c-382.png\"]',289,'Botble\\Location\\Models\\City','2023-07-02 03:21:23','2023-07-02 03:21:23'),
(290,'image','[\"cities\\/c-383.png\"]',290,'Botble\\Location\\Models\\City','2023-07-02 03:21:23','2023-07-02 03:21:23'),
(291,'image','[\"cities\\/c-384.png\"]',291,'Botble\\Location\\Models\\City','2023-07-02 03:21:23','2023-07-02 03:21:23'),
(292,'image','[\"cities\\/c-385.png\"]',292,'Botble\\Location\\Models\\City','2023-07-02 03:21:23','2023-07-02 03:21:23'),
(293,'image','[\"cities\\/c-390.png\"]',293,'Botble\\Location\\Models\\City','2023-07-02 03:21:23','2023-07-02 03:21:23'),
(294,'image','[\"cities\\/c-391.png\"]',294,'Botble\\Location\\Models\\City','2023-07-02 03:21:23','2023-07-02 03:21:23'),
(295,'image','[\"cities\\/c-393.png\"]',295,'Botble\\Location\\Models\\City','2023-07-02 03:21:23','2023-07-02 03:21:23'),
(296,'image','[\"cities\\/c-395.png\"]',296,'Botble\\Location\\Models\\City','2023-07-02 03:21:23','2023-07-02 03:21:23'),
(297,'image','[\"cities\\/c-396.png\"]',297,'Botble\\Location\\Models\\City','2023-07-02 03:21:23','2023-07-02 03:21:23'),
(298,'image','[\"cities\\/c-399.png\"]',298,'Botble\\Location\\Models\\City','2023-07-02 03:21:23','2023-07-02 03:21:23'),
(299,'image','[\"cities\\/c-401.png\"]',299,'Botble\\Location\\Models\\City','2023-07-02 03:21:23','2023-07-02 03:21:23'),
(300,'image','[\"cities\\/c-403.png\"]',300,'Botble\\Location\\Models\\City','2023-07-02 03:21:23','2023-07-02 03:21:23'),
(301,'image','[\"cities\\/c-405.png\"]',301,'Botble\\Location\\Models\\City','2023-07-02 03:21:23','2023-07-02 03:21:23'),
(302,'image','[\"cities\\/c-407.png\"]',302,'Botble\\Location\\Models\\City','2023-07-02 03:21:23','2023-07-02 03:21:23'),
(303,'image','[\"cities\\/c-408.png\"]',303,'Botble\\Location\\Models\\City','2023-07-02 03:21:23','2023-07-02 03:21:23'),
(304,'image','[\"cities\\/c-409.png\"]',304,'Botble\\Location\\Models\\City','2023-07-02 03:21:23','2023-07-02 03:21:23'),
(305,'image','[\"cities\\/c-410.png\"]',305,'Botble\\Location\\Models\\City','2023-07-02 03:21:23','2023-07-02 03:21:23'),
(306,'image','[\"cities\\/c-411.png\"]',306,'Botble\\Location\\Models\\City','2023-07-02 03:21:23','2023-07-02 03:21:23'),
(307,'image','[\"cities\\/c-412.png\"]',307,'Botble\\Location\\Models\\City','2023-07-02 03:21:23','2023-07-02 03:21:23'),
(308,'image','[\"cities\\/c-414.png\"]',308,'Botble\\Location\\Models\\City','2023-07-02 03:21:23','2023-07-02 03:21:23'),
(309,'image','[\"cities\\/c-415.png\"]',309,'Botble\\Location\\Models\\City','2023-07-02 03:21:23','2023-07-02 03:21:23'),
(310,'image','[\"cities\\/c-419.png\"]',310,'Botble\\Location\\Models\\City','2023-07-02 03:21:23','2023-07-02 03:21:23'),
(311,'image','[\"cities\\/c-421.png\"]',311,'Botble\\Location\\Models\\City','2023-07-02 03:21:23','2023-07-02 03:21:23'),
(312,'image','[\"cities\\/c-423.png\"]',312,'Botble\\Location\\Models\\City','2023-07-02 03:21:23','2023-07-02 03:21:23'),
(313,'image','[\"cities\\/c-425.png\"]',313,'Botble\\Location\\Models\\City','2023-07-02 03:21:23','2023-07-02 03:21:23'),
(314,'image','[\"cities\\/c-428.png\"]',314,'Botble\\Location\\Models\\City','2023-07-02 03:21:23','2023-07-02 03:21:23'),
(315,'image','[\"cities\\/c-429.png\"]',315,'Botble\\Location\\Models\\City','2023-07-02 03:21:24','2023-07-02 03:21:24'),
(316,'image','[\"cities\\/c-431.png\"]',316,'Botble\\Location\\Models\\City','2023-07-02 03:21:24','2023-07-02 03:21:24'),
(317,'image','[\"cities\\/c-432.png\"]',317,'Botble\\Location\\Models\\City','2023-07-02 03:21:24','2023-07-02 03:21:24'),
(318,'image','[\"cities\\/c-433.png\"]',318,'Botble\\Location\\Models\\City','2023-07-02 03:21:24','2023-07-02 03:21:24'),
(319,'image','[\"cities\\/c-435.png\"]',319,'Botble\\Location\\Models\\City','2023-07-02 03:21:24','2023-07-02 03:21:24'),
(320,'image','[\"cities\\/c-438.png\"]',320,'Botble\\Location\\Models\\City','2023-07-02 03:21:24','2023-07-02 03:21:24'),
(321,'image','[\"cities\\/c-441.png\"]',321,'Botble\\Location\\Models\\City','2023-07-02 03:21:24','2023-07-02 03:21:24'),
(322,'image','[\"cities\\/c-444.png\"]',322,'Botble\\Location\\Models\\City','2023-07-02 03:21:24','2023-07-02 03:21:24'),
(323,'image','[\"cities\\/c-447.png\"]',323,'Botble\\Location\\Models\\City','2023-07-02 03:21:24','2023-07-02 03:21:24'),
(324,'image','[\"cities\\/c-448.png\"]',324,'Botble\\Location\\Models\\City','2023-07-02 03:21:24','2023-07-02 03:21:24'),
(325,'image','[\"cities\\/c-450.png\"]',325,'Botble\\Location\\Models\\City','2023-07-02 03:21:24','2023-07-02 03:21:24'),
(326,'image','[\"cities\\/c-452.png\"]',326,'Botble\\Location\\Models\\City','2023-07-02 03:21:24','2023-07-02 03:21:24'),
(327,'image','[\"cities\\/c-453.png\"]',327,'Botble\\Location\\Models\\City','2023-07-02 03:21:24','2023-07-02 03:21:24'),
(328,'image','[\"cities\\/c-455.png\"]',328,'Botble\\Location\\Models\\City','2023-07-02 03:21:24','2023-07-02 03:21:24'),
(329,'image','[\"cities\\/c-457.png\"]',329,'Botble\\Location\\Models\\City','2023-07-02 03:21:24','2023-07-02 03:21:24'),
(330,'image','[\"cities\\/c-458.png\"]',330,'Botble\\Location\\Models\\City','2023-07-02 03:21:24','2023-07-02 03:21:24'),
(331,'image','[\"cities\\/c-459.png\"]',331,'Botble\\Location\\Models\\City','2023-07-02 03:21:24','2023-07-02 03:21:24'),
(332,'image','[\"cities\\/c-462.png\"]',332,'Botble\\Location\\Models\\City','2023-07-02 03:21:24','2023-07-02 03:21:24'),
(333,'image','[\"cities\\/c-463.png\"]',333,'Botble\\Location\\Models\\City','2023-07-02 03:21:24','2023-07-02 03:21:24'),
(334,'image','[\"cities\\/c-464.png\"]',334,'Botble\\Location\\Models\\City','2023-07-02 03:21:24','2023-07-02 03:21:24'),
(335,'image','[\"cities\\/c-467.png\"]',335,'Botble\\Location\\Models\\City','2023-07-02 03:21:24','2023-07-02 03:21:24'),
(336,'image','[\"cities\\/c-468.png\"]',336,'Botble\\Location\\Models\\City','2023-07-02 03:21:24','2023-07-02 03:21:24'),
(337,'image','[\"cities\\/c-470.png\"]',337,'Botble\\Location\\Models\\City','2023-07-02 03:21:24','2023-07-02 03:21:24'),
(338,'image','[\"cities\\/c-473.png\"]',338,'Botble\\Location\\Models\\City','2023-07-02 03:21:24','2023-07-02 03:21:24'),
(339,'image','[\"cities\\/c-479.png\"]',339,'Botble\\Location\\Models\\City','2023-07-02 03:21:24','2023-07-02 03:21:24'),
(340,'image','[\"cities\\/c-480.png\"]',340,'Botble\\Location\\Models\\City','2023-07-02 03:21:24','2023-07-02 03:21:24'),
(341,'image','[\"cities\\/c-481.png\"]',341,'Botble\\Location\\Models\\City','2023-07-02 03:21:24','2023-07-02 03:21:24'),
(342,'image','[\"cities\\/c-482.png\"]',342,'Botble\\Location\\Models\\City','2023-07-02 03:21:24','2023-07-02 03:21:24'),
(343,'image','[\"cities\\/c-484.png\"]',343,'Botble\\Location\\Models\\City','2023-07-02 03:21:24','2023-07-02 03:21:24'),
(344,'image','[\"cities\\/c-490.png\"]',344,'Botble\\Location\\Models\\City','2023-07-02 03:21:24','2023-07-02 03:21:24'),
(345,'image','[\"cities\\/c-491.png\"]',345,'Botble\\Location\\Models\\City','2023-07-02 03:21:24','2023-07-02 03:21:24'),
(346,'image','[\"cities\\/c-493.png\"]',346,'Botble\\Location\\Models\\City','2023-07-02 03:21:24','2023-07-02 03:21:24'),
(347,'image','[\"cities\\/c-495.png\"]',347,'Botble\\Location\\Models\\City','2023-07-02 03:21:24','2023-07-02 03:21:24'),
(348,'image','[\"cities\\/c-504.png\"]',348,'Botble\\Location\\Models\\City','2023-07-02 03:21:24','2023-07-02 03:21:24'),
(349,'image','[\"cities\\/c-507.png\"]',349,'Botble\\Location\\Models\\City','2023-07-02 03:21:24','2023-07-02 03:21:24'),
(350,'image','[\"cities\\/c-508.png\"]',350,'Botble\\Location\\Models\\City','2023-07-02 03:21:24','2023-07-02 03:21:24'),
(351,'image','[\"cities\\/c-509.png\"]',351,'Botble\\Location\\Models\\City','2023-07-02 03:21:24','2023-07-02 03:21:24'),
(352,'image','[\"cities\\/c-513.png\"]',352,'Botble\\Location\\Models\\City','2023-07-02 03:21:24','2023-07-02 03:21:24'),
(353,'image','[\"cities\\/c-516.png\"]',353,'Botble\\Location\\Models\\City','2023-07-02 03:21:24','2023-07-02 03:21:24'),
(354,'image','[\"cities\\/c-519.png\"]',354,'Botble\\Location\\Models\\City','2023-07-02 03:21:24','2023-07-02 03:21:24'),
(355,'image','[\"cities\\/c-520.png\"]',355,'Botble\\Location\\Models\\City','2023-07-02 03:21:24','2023-07-02 03:21:24'),
(356,'image','[\"cities\\/c-523.png\"]',356,'Botble\\Location\\Models\\City','2023-07-02 03:21:24','2023-07-02 03:21:24'),
(357,'image','[\"cities\\/c-526.png\"]',357,'Botble\\Location\\Models\\City','2023-07-02 03:21:24','2023-07-02 03:21:24'),
(358,'image','[\"cities\\/c-527.png\"]',358,'Botble\\Location\\Models\\City','2023-07-02 03:21:24','2023-07-02 03:21:24'),
(359,'image','[\"cities\\/c-529.png\"]',359,'Botble\\Location\\Models\\City','2023-07-02 03:21:24','2023-07-02 03:21:24'),
(360,'image','[\"cities\\/c-533.png\"]',360,'Botble\\Location\\Models\\City','2023-07-02 03:21:24','2023-07-02 03:21:24'),
(361,'image','[\"cities\\/c-534.png\"]',361,'Botble\\Location\\Models\\City','2023-07-02 03:21:24','2023-07-02 03:21:24'),
(362,'image','[\"cities\\/c-535.png\"]',362,'Botble\\Location\\Models\\City','2023-07-02 03:21:24','2023-07-02 03:21:24'),
(363,'image','[\"cities\\/c-536.png\"]',363,'Botble\\Location\\Models\\City','2023-07-02 03:21:24','2023-07-02 03:21:24'),
(364,'image','[\"cities\\/c-537.png\"]',364,'Botble\\Location\\Models\\City','2023-07-02 03:21:24','2023-07-02 03:21:24'),
(365,'image','[\"cities\\/c-538.png\"]',365,'Botble\\Location\\Models\\City','2023-07-02 03:21:25','2023-07-02 03:21:25'),
(366,'image','[\"cities\\/c-542.png\"]',366,'Botble\\Location\\Models\\City','2023-07-02 03:21:25','2023-07-02 03:21:25'),
(367,'image','[\"cities\\/c-543.png\"]',367,'Botble\\Location\\Models\\City','2023-07-02 03:21:25','2023-07-02 03:21:25'),
(368,'image','[\"cities\\/c-546.png\"]',368,'Botble\\Location\\Models\\City','2023-07-02 03:21:25','2023-07-02 03:21:25'),
(369,'image','[\"cities\\/c-548.png\"]',369,'Botble\\Location\\Models\\City','2023-07-02 03:21:25','2023-07-02 03:21:25'),
(370,'image','[\"cities\\/c-549.png\"]',370,'Botble\\Location\\Models\\City','2023-07-02 03:21:25','2023-07-02 03:21:25'),
(371,'image','[\"cities\\/c-550.png\"]',371,'Botble\\Location\\Models\\City','2023-07-02 03:21:25','2023-07-02 03:21:25'),
(372,'image','[\"cities\\/c-551.png\"]',372,'Botble\\Location\\Models\\City','2023-07-02 03:21:25','2023-07-02 03:21:25'),
(373,'image','[\"cities\\/c-552.png\"]',373,'Botble\\Location\\Models\\City','2023-07-02 03:21:25','2023-07-02 03:21:25'),
(374,'image','[\"cities\\/c-560.png\"]',374,'Botble\\Location\\Models\\City','2023-07-02 03:21:25','2023-07-02 03:21:25'),
(375,'image','[\"cities\\/c-561.png\"]',375,'Botble\\Location\\Models\\City','2023-07-02 03:21:25','2023-07-02 03:21:25'),
(376,'image','[\"cities\\/c-562.png\"]',376,'Botble\\Location\\Models\\City','2023-07-02 03:21:25','2023-07-02 03:21:25'),
(377,'image','[\"cities\\/c-564.png\"]',377,'Botble\\Location\\Models\\City','2023-07-02 03:21:25','2023-07-02 03:21:25'),
(378,'image','[\"cities\\/c-565.png\"]',378,'Botble\\Location\\Models\\City','2023-07-02 03:21:25','2023-07-02 03:21:25'),
(379,'image','[\"cities\\/c-566.png\"]',379,'Botble\\Location\\Models\\City','2023-07-02 03:21:25','2023-07-02 03:21:25'),
(380,'image','[\"cities\\/c-569.png\"]',380,'Botble\\Location\\Models\\City','2023-07-02 03:21:25','2023-07-02 03:21:25'),
(381,'image','[\"cities\\/c-572.png\"]',381,'Botble\\Location\\Models\\City','2023-07-02 03:21:25','2023-07-02 03:21:25'),
(382,'image','[\"cities\\/c-577.png\"]',382,'Botble\\Location\\Models\\City','2023-07-02 03:21:25','2023-07-02 03:21:25'),
(383,'image','[\"cities\\/c-578.png\"]',383,'Botble\\Location\\Models\\City','2023-07-02 03:21:25','2023-07-02 03:21:25'),
(384,'image','[\"cities\\/c-580.png\"]',384,'Botble\\Location\\Models\\City','2023-07-02 03:21:25','2023-07-02 03:21:25'),
(385,'image','[\"cities\\/c-584.png\"]',385,'Botble\\Location\\Models\\City','2023-07-02 03:21:25','2023-07-02 03:21:25'),
(386,'image','[\"cities\\/c-589.png\"]',386,'Botble\\Location\\Models\\City','2023-07-02 03:21:25','2023-07-02 03:21:25'),
(387,'image','[\"cities\\/c-590.png\"]',387,'Botble\\Location\\Models\\City','2023-07-02 03:21:25','2023-07-02 03:21:25'),
(388,'image','[\"cities\\/c-591.png\"]',388,'Botble\\Location\\Models\\City','2023-07-02 03:21:25','2023-07-02 03:21:25'),
(389,'image','[\"cities\\/c-592.png\"]',389,'Botble\\Location\\Models\\City','2023-07-02 03:21:25','2023-07-02 03:21:25'),
(390,'image','[\"cities\\/c-594.png\"]',390,'Botble\\Location\\Models\\City','2023-07-02 03:21:25','2023-07-02 03:21:25'),
(391,'image','[\"cities\\/c-595.png\"]',391,'Botble\\Location\\Models\\City','2023-07-02 03:21:25','2023-07-02 03:21:25'),
(392,'image','[\"cities\\/c-607.png\"]',392,'Botble\\Location\\Models\\City','2023-07-02 03:21:25','2023-07-02 03:21:25'),
(393,'image','[\"cities\\/c-610.png\"]',393,'Botble\\Location\\Models\\City','2023-07-02 03:21:25','2023-07-02 03:21:25'),
(394,'image','[\"cities\\/c-611.png\"]',394,'Botble\\Location\\Models\\City','2023-07-02 03:21:25','2023-07-02 03:21:25'),
(395,'image','[\"cities\\/c-613.png\"]',395,'Botble\\Location\\Models\\City','2023-07-02 03:21:25','2023-07-02 03:21:25'),
(396,'image','[\"cities\\/c-615.png\"]',396,'Botble\\Location\\Models\\City','2023-07-02 03:21:25','2023-07-02 03:21:25'),
(397,'image','[\"cities\\/c-616.png\"]',397,'Botble\\Location\\Models\\City','2023-07-02 03:21:25','2023-07-02 03:21:25'),
(398,'image','[\"cities\\/c-620.png\"]',398,'Botble\\Location\\Models\\City','2023-07-02 03:21:25','2023-07-02 03:21:25'),
(399,'image','[\"cities\\/c-622.png\"]',399,'Botble\\Location\\Models\\City','2023-07-02 03:21:25','2023-07-02 03:21:25'),
(400,'image','[\"cities\\/c-625.png\"]',400,'Botble\\Location\\Models\\City','2023-07-02 03:21:25','2023-07-02 03:21:25'),
(401,'image','[\"cities\\/c-626.png\"]',401,'Botble\\Location\\Models\\City','2023-07-02 03:21:25','2023-07-02 03:21:25'),
(402,'image','[\"cities\\/c-627.png\"]',402,'Botble\\Location\\Models\\City','2023-07-02 03:21:25','2023-07-02 03:21:25'),
(403,'image','[\"cities\\/c-629.png\"]',403,'Botble\\Location\\Models\\City','2023-07-02 03:21:25','2023-07-02 03:21:25'),
(404,'image','[\"cities\\/c-630.png\"]',404,'Botble\\Location\\Models\\City','2023-07-02 03:21:25','2023-07-02 03:21:25'),
(405,'image','[\"cities\\/c-631.png\"]',405,'Botble\\Location\\Models\\City','2023-07-02 03:21:25','2023-07-02 03:21:25'),
(406,'image','[\"cities\\/c-632.png\"]',406,'Botble\\Location\\Models\\City','2023-07-02 03:21:25','2023-07-02 03:21:25'),
(407,'image','[\"cities\\/c-634.png\"]',407,'Botble\\Location\\Models\\City','2023-07-02 03:21:25','2023-07-02 03:21:25'),
(408,'image','[\"cities\\/c-635.png\"]',408,'Botble\\Location\\Models\\City','2023-07-02 03:21:25','2023-07-02 03:21:25'),
(409,'image','[\"cities\\/c-636.png\"]',409,'Botble\\Location\\Models\\City','2023-07-02 03:21:25','2023-07-02 03:21:25'),
(410,'image','[\"cities\\/c-640.png\"]',410,'Botble\\Location\\Models\\City','2023-07-02 03:21:25','2023-07-02 03:21:25'),
(411,'image','[\"cities\\/c-641.png\"]',411,'Botble\\Location\\Models\\City','2023-07-02 03:21:25','2023-07-02 03:21:25'),
(412,'image','[\"cities\\/c-642.png\"]',412,'Botble\\Location\\Models\\City','2023-07-02 03:21:25','2023-07-02 03:21:25'),
(413,'image','[\"cities\\/c-643.png\"]',413,'Botble\\Location\\Models\\City','2023-07-02 03:21:25','2023-07-02 03:21:25'),
(414,'image','[\"cities\\/c-656.png\"]',414,'Botble\\Location\\Models\\City','2023-07-02 03:21:25','2023-07-02 03:21:25'),
(415,'image','[\"cities\\/c-658.png\"]',415,'Botble\\Location\\Models\\City','2023-07-02 03:21:25','2023-07-02 03:21:25'),
(416,'image','[\"cities\\/c-659.png\"]',416,'Botble\\Location\\Models\\City','2023-07-02 03:21:25','2023-07-02 03:21:25'),
(417,'image','[\"cities\\/c-661.png\"]',417,'Botble\\Location\\Models\\City','2023-07-02 03:21:25','2023-07-02 03:21:25'),
(418,'image','[\"cities\\/c-662.png\"]',418,'Botble\\Location\\Models\\City','2023-07-02 03:21:25','2023-07-02 03:21:25'),
(419,'image','[\"cities\\/c-666.png\"]',419,'Botble\\Location\\Models\\City','2023-07-02 03:21:25','2023-07-02 03:21:25'),
(420,'image','[\"cities\\/c-678.png\"]',420,'Botble\\Location\\Models\\City','2023-07-02 03:21:26','2023-07-02 03:21:26'),
(421,'image','[\"cities\\/c-684.png\"]',421,'Botble\\Location\\Models\\City','2023-07-02 03:21:26','2023-07-02 03:21:26'),
(422,'image','[\"cities\\/c-685.png\"]',422,'Botble\\Location\\Models\\City','2023-07-02 03:21:26','2023-07-02 03:21:26'),
(423,'image','[\"cities\\/c-691.png\"]',423,'Botble\\Location\\Models\\City','2023-07-02 03:21:26','2023-07-02 03:21:26'),
(424,'image','[\"cities\\/c-698.png\"]',424,'Botble\\Location\\Models\\City','2023-07-02 03:21:26','2023-07-02 03:21:26'),
(425,'image','[\"cities\\/c-700.png\"]',425,'Botble\\Location\\Models\\City','2023-07-02 03:21:26','2023-07-02 03:21:26'),
(426,'image','[\"cities\\/c-706.png\"]',426,'Botble\\Location\\Models\\City','2023-07-02 03:21:26','2023-07-02 03:21:26'),
(427,'image','[\"cities\\/c-710.png\"]',427,'Botble\\Location\\Models\\City','2023-07-02 03:21:26','2023-07-02 03:21:26'),
(428,'image','[\"cities\\/c-715.png\"]',428,'Botble\\Location\\Models\\City','2023-07-02 03:21:26','2023-07-02 03:21:26'),
(429,'image','[\"cities\\/c-717.png\"]',429,'Botble\\Location\\Models\\City','2023-07-02 03:21:26','2023-07-02 03:21:26'),
(430,'image','[\"cities\\/c-719.png\"]',430,'Botble\\Location\\Models\\City','2023-07-02 03:21:26','2023-07-02 03:21:26'),
(431,'image','[\"cities\\/c-720.png\"]',431,'Botble\\Location\\Models\\City','2023-07-02 03:21:26','2023-07-02 03:21:26'),
(432,'image','[\"cities\\/c-721.png\"]',432,'Botble\\Location\\Models\\City','2023-07-02 03:21:26','2023-07-02 03:21:26'),
(433,'image','[\"cities\\/c-722.png\"]',433,'Botble\\Location\\Models\\City','2023-07-02 03:21:26','2023-07-02 03:21:26'),
(434,'image','[\"cities\\/c-726.png\"]',434,'Botble\\Location\\Models\\City','2023-07-02 03:21:26','2023-07-02 03:21:26'),
(435,'image','[\"cities\\/c-727.png\"]',435,'Botble\\Location\\Models\\City','2023-07-02 03:21:26','2023-07-02 03:21:26'),
(436,'image','[\"cities\\/c-731.png\"]',436,'Botble\\Location\\Models\\City','2023-07-02 03:21:26','2023-07-02 03:21:26'),
(437,'image','[\"cities\\/c-736.png\"]',437,'Botble\\Location\\Models\\City','2023-07-02 03:21:26','2023-07-02 03:21:26'),
(438,'image','[\"cities\\/c-740.png\"]',438,'Botble\\Location\\Models\\City','2023-07-02 03:21:26','2023-07-02 03:21:26'),
(439,'image','[\"cities\\/c-746.png\"]',439,'Botble\\Location\\Models\\City','2023-07-02 03:21:26','2023-07-02 03:21:26'),
(440,'image','[\"cities\\/c-747.png\"]',440,'Botble\\Location\\Models\\City','2023-07-02 03:21:26','2023-07-02 03:21:26'),
(441,'image','[\"cities\\/c-750.png\"]',441,'Botble\\Location\\Models\\City','2023-07-02 03:21:26','2023-07-02 03:21:26'),
(442,'image','[\"cities\\/c-754.png\"]',442,'Botble\\Location\\Models\\City','2023-07-02 03:21:26','2023-07-02 03:21:26'),
(443,'image','[\"cities\\/c-761.png\"]',443,'Botble\\Location\\Models\\City','2023-07-02 03:21:26','2023-07-02 03:21:26'),
(444,'image','[\"cities\\/c-763.png\"]',444,'Botble\\Location\\Models\\City','2023-07-02 03:21:26','2023-07-02 03:21:26'),
(445,'image','[\"cities\\/c-770.png\"]',445,'Botble\\Location\\Models\\City','2023-07-02 03:21:26','2023-07-02 03:21:26'),
(446,'image','[\"cities\\/c-773.png\"]',446,'Botble\\Location\\Models\\City','2023-07-02 03:21:26','2023-07-02 03:21:26'),
(447,'image','[\"cities\\/c-774.png\"]',447,'Botble\\Location\\Models\\City','2023-07-02 03:21:26','2023-07-02 03:21:26'),
(448,'image','[\"cities\\/c-780.png\"]',448,'Botble\\Location\\Models\\City','2023-07-02 03:21:26','2023-07-02 03:21:26'),
(449,'image','[\"cities\\/c-781.png\"]',449,'Botble\\Location\\Models\\City','2023-07-02 03:21:26','2023-07-02 03:21:26'),
(450,'image','[\"cities\\/c-784.png\"]',450,'Botble\\Location\\Models\\City','2023-07-02 03:21:26','2023-07-02 03:21:26'),
(451,'image','[\"cities\\/c-793.png\"]',451,'Botble\\Location\\Models\\City','2023-07-02 03:21:26','2023-07-02 03:21:26'),
(452,'image','[\"cities\\/c-794.png\"]',452,'Botble\\Location\\Models\\City','2023-07-02 03:21:26','2023-07-02 03:21:26'),
(453,'image','[\"cities\\/c-795.png\"]',453,'Botble\\Location\\Models\\City','2023-07-02 03:21:26','2023-07-02 03:21:26'),
(454,'image','[\"cities\\/c-798.png\"]',454,'Botble\\Location\\Models\\City','2023-07-02 03:21:26','2023-07-02 03:21:26'),
(455,'image','[\"cities\\/c-803.png\"]',455,'Botble\\Location\\Models\\City','2023-07-02 03:21:26','2023-07-02 03:21:26'),
(456,'image','[\"cities\\/c-804.png\"]',456,'Botble\\Location\\Models\\City','2023-07-02 03:21:26','2023-07-02 03:21:26'),
(457,'image','[\"cities\\/c-807.png\"]',457,'Botble\\Location\\Models\\City','2023-07-02 03:21:26','2023-07-02 03:21:26'),
(458,'image','[\"cities\\/c-809.png\"]',458,'Botble\\Location\\Models\\City','2023-07-02 03:21:26','2023-07-02 03:21:26'),
(459,'image','[\"cities\\/c-810.png\"]',459,'Botble\\Location\\Models\\City','2023-07-02 03:21:26','2023-07-02 03:21:26'),
(460,'image','[\"cities\\/c-812.png\"]',460,'Botble\\Location\\Models\\City','2023-07-02 03:21:26','2023-07-02 03:21:26'),
(461,'image','[\"cities\\/c-815.png\"]',461,'Botble\\Location\\Models\\City','2023-07-02 03:21:26','2023-07-02 03:21:26'),
(462,'image','[\"cities\\/c-817.png\"]',462,'Botble\\Location\\Models\\City','2023-07-02 03:21:26','2023-07-02 03:21:26'),
(463,'image','[\"cities\\/c-819.png\"]',463,'Botble\\Location\\Models\\City','2023-07-02 03:21:26','2023-07-02 03:21:26'),
(464,'image','[\"cities\\/c-821.png\"]',464,'Botble\\Location\\Models\\City','2023-07-02 03:21:26','2023-07-02 03:21:26'),
(465,'image','[\"cities\\/c-825.png\"]',465,'Botble\\Location\\Models\\City','2023-07-02 03:21:26','2023-07-02 03:21:26'),
(466,'image','[\"cities\\/c-834.png\"]',466,'Botble\\Location\\Models\\City','2023-07-02 03:21:26','2023-07-02 03:21:26'),
(467,'image','[\"cities\\/c-840.png\"]',467,'Botble\\Location\\Models\\City','2023-07-02 03:21:26','2023-07-02 03:21:26'),
(468,'image','[\"cities\\/c-841.png\"]',468,'Botble\\Location\\Models\\City','2023-07-02 03:21:26','2023-07-02 03:21:26'),
(469,'image','[\"cities\\/c-856.png\"]',469,'Botble\\Location\\Models\\City','2023-07-02 03:21:26','2023-07-02 03:21:26'),
(470,'image','[\"cities\\/c-858.png\"]',470,'Botble\\Location\\Models\\City','2023-07-02 03:21:26','2023-07-02 03:21:26'),
(471,'image','[\"cities\\/c-860.png\"]',471,'Botble\\Location\\Models\\City','2023-07-02 03:21:26','2023-07-02 03:21:26'),
(472,'image','[\"cities\\/c-862.png\"]',472,'Botble\\Location\\Models\\City','2023-07-02 03:21:26','2023-07-02 03:21:26'),
(473,'image','[\"cities\\/c-863.png\"]',473,'Botble\\Location\\Models\\City','2023-07-02 03:21:26','2023-07-02 03:21:26'),
(474,'image','[\"cities\\/c-866.png\"]',474,'Botble\\Location\\Models\\City','2023-07-02 03:21:26','2023-07-02 03:21:26'),
(475,'image','[\"cities\\/c-871.png\"]',475,'Botble\\Location\\Models\\City','2023-07-02 03:21:26','2023-07-02 03:21:26'),
(476,'image','[\"cities\\/c-872.png\"]',476,'Botble\\Location\\Models\\City','2023-07-02 03:21:26','2023-07-02 03:21:26'),
(477,'image','[\"cities\\/c-876.png\"]',477,'Botble\\Location\\Models\\City','2023-07-02 03:21:26','2023-07-02 03:21:26'),
(478,'image','[\"cities\\/c-883.png\"]',478,'Botble\\Location\\Models\\City','2023-07-02 03:21:26','2023-07-02 03:21:26'),
(479,'image','[\"cities\\/c-888.png\"]',479,'Botble\\Location\\Models\\City','2023-07-02 03:21:26','2023-07-02 03:21:26'),
(480,'image','[\"cities\\/c-889.png\"]',480,'Botble\\Location\\Models\\City','2023-07-02 03:21:26','2023-07-02 03:21:26'),
(481,'image','[\"cities\\/c-892.png\"]',481,'Botble\\Location\\Models\\City','2023-07-02 03:21:26','2023-07-02 03:21:26'),
(482,'image','[\"cities\\/c-895.png\"]',482,'Botble\\Location\\Models\\City','2023-07-02 03:21:26','2023-07-02 03:21:26'),
(483,'image','[\"cities\\/c-911.png\"]',483,'Botble\\Location\\Models\\City','2023-07-02 03:21:26','2023-07-02 03:21:26'),
(484,'image','[\"cities\\/c-915.png\"]',484,'Botble\\Location\\Models\\City','2023-07-02 03:21:26','2023-07-02 03:21:26'),
(485,'image','[\"cities\\/c-922.png\"]',485,'Botble\\Location\\Models\\City','2023-07-02 03:21:26','2023-07-02 03:21:26'),
(486,'image','[\"cities\\/c-931.png\"]',486,'Botble\\Location\\Models\\City','2023-07-02 03:21:26','2023-07-02 03:21:26'),
(487,'image','[\"cities\\/c-932.png\"]',487,'Botble\\Location\\Models\\City','2023-07-02 03:21:26','2023-07-02 03:21:26'),
(488,'image','[\"cities\\/c-934.png\"]',488,'Botble\\Location\\Models\\City','2023-07-02 03:21:26','2023-07-02 03:21:26'),
(489,'image','[\"cities\\/c-937.png\"]',489,'Botble\\Location\\Models\\City','2023-07-02 03:21:26','2023-07-02 03:21:26'),
(490,'image','[\"cities\\/c-938.png\"]',490,'Botble\\Location\\Models\\City','2023-07-02 03:21:26','2023-07-02 03:21:26'),
(491,'image','[\"cities\\/c-948.png\"]',491,'Botble\\Location\\Models\\City','2023-07-02 03:21:26','2023-07-02 03:21:26'),
(492,'image','[\"cities\\/c-955.png\"]',492,'Botble\\Location\\Models\\City','2023-07-02 03:21:26','2023-07-02 03:21:26'),
(493,'image','[\"cities\\/c-962.png\"]',493,'Botble\\Location\\Models\\City','2023-07-02 03:21:26','2023-07-02 03:21:26'),
(494,'image','[\"cities\\/c-970.png\"]',494,'Botble\\Location\\Models\\City','2023-07-02 03:21:26','2023-07-02 03:21:26'),
(495,'image','[\"cities\\/c-977.png\"]',495,'Botble\\Location\\Models\\City','2023-07-02 03:21:26','2023-07-02 03:21:26'),
(496,'image','[\"cities\\/c-984.png\"]',496,'Botble\\Location\\Models\\City','2023-07-02 03:21:26','2023-07-02 03:21:26'),
(497,'image','[\"cities\\/c-988.png\"]',497,'Botble\\Location\\Models\\City','2023-07-02 03:21:27','2023-07-02 03:21:27'),
(498,'image','[\"cities\\/c-1001.png\"]',498,'Botble\\Location\\Models\\City','2023-07-02 03:21:27','2023-07-02 03:21:27'),
(499,'image','[\"cities\\/c-1013.png\"]',499,'Botble\\Location\\Models\\City','2023-07-02 03:21:27','2023-07-02 03:21:27'),
(500,'image','[\"cities\\/c-1040.png\"]',500,'Botble\\Location\\Models\\City','2023-07-02 03:21:27','2023-07-02 03:21:27'),
(501,'image','[\"cities\\/c-1041.png\"]',501,'Botble\\Location\\Models\\City','2023-07-02 03:21:27','2023-07-02 03:21:27'),
(502,'image','[\"cities\\/c-1059.png\"]',502,'Botble\\Location\\Models\\City','2023-07-02 03:21:27','2023-07-02 03:21:27'),
(503,'image','[\"cities\\/c-1063.png\"]',503,'Botble\\Location\\Models\\City','2023-07-02 03:21:27','2023-07-02 03:21:27'),
(504,'image','[\"cities\\/c-1064.png\"]',504,'Botble\\Location\\Models\\City','2023-07-02 03:21:27','2023-07-02 03:21:27'),
(505,'image','[\"cities\\/c-1065.png\"]',505,'Botble\\Location\\Models\\City','2023-07-02 03:21:27','2023-07-02 03:21:27'),
(506,'image','[\"cities\\/c-1068.png\"]',506,'Botble\\Location\\Models\\City','2023-07-02 03:21:27','2023-07-02 03:21:27'),
(507,'image','[\"cities\\/c-1075.png\"]',507,'Botble\\Location\\Models\\City','2023-07-02 03:21:27','2023-07-02 03:21:27'),
(508,'image','[\"cities\\/c-1083.png\"]',508,'Botble\\Location\\Models\\City','2023-07-02 03:21:27','2023-07-02 03:21:27'),
(509,'image','[\"cities\\/c-1088.png\"]',509,'Botble\\Location\\Models\\City','2023-07-02 03:21:27','2023-07-02 03:21:27'),
(510,'image','[\"cities\\/c-1090.png\"]',510,'Botble\\Location\\Models\\City','2023-07-02 03:21:27','2023-07-02 03:21:27'),
(511,'image','[\"cities\\/c-1091.png\"]',511,'Botble\\Location\\Models\\City','2023-07-02 03:21:27','2023-07-02 03:21:27'),
(512,'image','[\"cities\\/c-1097.png\"]',512,'Botble\\Location\\Models\\City','2023-07-02 03:21:27','2023-07-02 03:21:27'),
(513,'image','[\"cities\\/c-1099.png\"]',513,'Botble\\Location\\Models\\City','2023-07-02 03:21:27','2023-07-02 03:21:27'),
(514,'image','[\"cities\\/c-1105.png\"]',514,'Botble\\Location\\Models\\City','2023-07-02 03:21:27','2023-07-02 03:21:27'),
(515,'image','[\"cities\\/c-1115.png\"]',515,'Botble\\Location\\Models\\City','2023-07-02 03:21:27','2023-07-02 03:21:27'),
(516,'image','[\"cities\\/c-1123.png\"]',516,'Botble\\Location\\Models\\City','2023-07-02 03:21:27','2023-07-02 03:21:27'),
(517,'image','[\"cities\\/c-1140.png\"]',517,'Botble\\Location\\Models\\City','2023-07-02 03:21:27','2023-07-02 03:21:27'),
(518,'image','[\"cities\\/c-1152.png\"]',518,'Botble\\Location\\Models\\City','2023-07-02 03:21:27','2023-07-02 03:21:27'),
(519,'image','[\"cities\\/c-1154.png\"]',519,'Botble\\Location\\Models\\City','2023-07-02 03:21:27','2023-07-02 03:21:27'),
(520,'image','[\"cities\\/c-1158.png\"]',520,'Botble\\Location\\Models\\City','2023-07-02 03:21:27','2023-07-02 03:21:27'),
(521,'image','[\"cities\\/c-1162.png\"]',521,'Botble\\Location\\Models\\City','2023-07-02 03:21:27','2023-07-02 03:21:27'),
(522,'image','[\"cities\\/c-1163.png\"]',522,'Botble\\Location\\Models\\City','2023-07-02 03:21:27','2023-07-02 03:21:27'),
(523,'image','[\"cities\\/c-1165.png\"]',523,'Botble\\Location\\Models\\City','2023-07-02 03:21:27','2023-07-02 03:21:27'),
(524,'image','[\"cities\\/c-1169.png\"]',524,'Botble\\Location\\Models\\City','2023-07-02 03:21:27','2023-07-02 03:21:27'),
(525,'image','[\"cities\\/c-1175.png\"]',525,'Botble\\Location\\Models\\City','2023-07-02 03:21:27','2023-07-02 03:21:27'),
(526,'image','[\"cities\\/c-1177.png\"]',526,'Botble\\Location\\Models\\City','2023-07-02 03:21:27','2023-07-02 03:21:27'),
(527,'image','[\"cities\\/c-1178.png\"]',527,'Botble\\Location\\Models\\City','2023-07-02 03:21:27','2023-07-02 03:21:27'),
(528,'image','[\"cities\\/c-1212.png\"]',528,'Botble\\Location\\Models\\City','2023-07-02 03:21:27','2023-07-02 03:21:27'),
(529,'image','[\"cities\\/c-1214.png\"]',529,'Botble\\Location\\Models\\City','2023-07-02 03:21:27','2023-07-02 03:21:27'),
(530,'image','[\"cities\\/c-1216.png\"]',530,'Botble\\Location\\Models\\City','2023-07-02 03:21:27','2023-07-02 03:21:27'),
(531,'image','[\"cities\\/c-1217.png\"]',531,'Botble\\Location\\Models\\City','2023-07-02 03:21:27','2023-07-02 03:21:27'),
(532,'image','[\"cities\\/c-1218.png\"]',532,'Botble\\Location\\Models\\City','2023-07-02 03:21:27','2023-07-02 03:21:27'),
(533,'image','[\"cities\\/c-1224.png\"]',533,'Botble\\Location\\Models\\City','2023-07-02 03:21:27','2023-07-02 03:21:27'),
(534,'image','[\"cities\\/c-1231.png\"]',534,'Botble\\Location\\Models\\City','2023-07-02 03:21:27','2023-07-02 03:21:27'),
(535,'image','[\"cities\\/c-1241.png\"]',535,'Botble\\Location\\Models\\City','2023-07-02 03:21:27','2023-07-02 03:21:27'),
(536,'image','[\"cities\\/c-1252.png\"]',536,'Botble\\Location\\Models\\City','2023-07-02 03:21:27','2023-07-02 03:21:27'),
(537,'image','[\"cities\\/c-1267.png\"]',537,'Botble\\Location\\Models\\City','2023-07-02 03:21:27','2023-07-02 03:21:27'),
(538,'image','[\"cities\\/c-1280.png\"]',538,'Botble\\Location\\Models\\City','2023-07-02 03:21:27','2023-07-02 03:21:27'),
(539,'image','[\"cities\\/c-1284.png\"]',539,'Botble\\Location\\Models\\City','2023-07-02 03:21:27','2023-07-02 03:21:27'),
(540,'image','[\"cities\\/c-1288.png\"]',540,'Botble\\Location\\Models\\City','2023-07-02 03:21:27','2023-07-02 03:21:27'),
(541,'image','[\"cities\\/c-1307.png\"]',541,'Botble\\Location\\Models\\City','2023-07-02 03:21:27','2023-07-02 03:21:27'),
(542,'image','[\"cities\\/c-1314.png\"]',542,'Botble\\Location\\Models\\City','2023-07-02 03:21:27','2023-07-02 03:21:27'),
(543,'image','[\"cities\\/c-1359.png\"]',543,'Botble\\Location\\Models\\City','2023-07-02 03:21:27','2023-07-02 03:21:27'),
(544,'image','[\"cities\\/c-1364.png\"]',544,'Botble\\Location\\Models\\City','2023-07-02 03:21:27','2023-07-02 03:21:27'),
(545,'image','[\"cities\\/c-1395.png\"]',545,'Botble\\Location\\Models\\City','2023-07-02 03:21:27','2023-07-02 03:21:27'),
(546,'image','[\"cities\\/c-1416.png\"]',546,'Botble\\Location\\Models\\City','2023-07-02 03:21:27','2023-07-02 03:21:27'),
(547,'image','[\"cities\\/c-1423.png\"]',547,'Botble\\Location\\Models\\City','2023-07-02 03:21:27','2023-07-02 03:21:27'),
(548,'image','[\"cities\\/c-1428.png\"]',548,'Botble\\Location\\Models\\City','2023-07-02 03:21:27','2023-07-02 03:21:27'),
(549,'image','[\"cities\\/c-1469.png\"]',549,'Botble\\Location\\Models\\City','2023-07-02 03:21:27','2023-07-02 03:21:27'),
(550,'image','[\"cities\\/c-1472.png\"]',550,'Botble\\Location\\Models\\City','2023-07-02 03:21:27','2023-07-02 03:21:27'),
(551,'image','[\"cities\\/c-1478.png\"]',551,'Botble\\Location\\Models\\City','2023-07-02 03:21:27','2023-07-02 03:21:27'),
(552,'image','[\"cities\\/c-1496.png\"]',552,'Botble\\Location\\Models\\City','2023-07-02 03:21:27','2023-07-02 03:21:27'),
(553,'image','[\"cities\\/c-1509.png\"]',553,'Botble\\Location\\Models\\City','2023-07-02 03:21:27','2023-07-02 03:21:27'),
(554,'image','[\"cities\\/c-1526.png\"]',554,'Botble\\Location\\Models\\City','2023-07-02 03:21:27','2023-07-02 03:21:27'),
(555,'image','[\"cities\\/c-1536.png\"]',555,'Botble\\Location\\Models\\City','2023-07-02 03:21:28','2023-07-02 03:21:28'),
(556,'image','[\"cities\\/c-1546.png\"]',556,'Botble\\Location\\Models\\City','2023-07-02 03:21:28','2023-07-02 03:21:28'),
(557,'image','[\"cities\\/c-1559.png\"]',557,'Botble\\Location\\Models\\City','2023-07-02 03:21:28','2023-07-02 03:21:28'),
(558,'image','[\"cities\\/c-1579.png\"]',558,'Botble\\Location\\Models\\City','2023-07-02 03:21:28','2023-07-02 03:21:28'),
(559,'image','[\"cities\\/c-1613.png\"]',559,'Botble\\Location\\Models\\City','2023-07-02 03:21:28','2023-07-02 03:21:28'),
(560,'image','[\"cities\\/c-1618.png\"]',560,'Botble\\Location\\Models\\City','2023-07-02 03:21:28','2023-07-02 03:21:28'),
(561,'image','[\"cities\\/c-1672.png\"]',561,'Botble\\Location\\Models\\City','2023-07-02 03:21:28','2023-07-02 03:21:28'),
(562,'image','[\"cities\\/c-1674.png\"]',562,'Botble\\Location\\Models\\City','2023-07-02 03:21:28','2023-07-02 03:21:28'),
(563,'image','[\"cities\\/c-1684.png\"]',563,'Botble\\Location\\Models\\City','2023-07-02 03:21:28','2023-07-02 03:21:28'),
(564,'image','[\"cities\\/c-1832.png\"]',564,'Botble\\Location\\Models\\City','2023-07-02 03:21:28','2023-07-02 03:21:28'),
(565,'image','[\"cities\\/c-1980.png\"]',565,'Botble\\Location\\Models\\City','2023-07-02 03:21:28','2023-07-02 03:21:28'),
(566,'image','[\"cities\\/c-1997.png\"]',566,'Botble\\Location\\Models\\City','2023-07-02 03:21:28','2023-07-02 03:21:28'),
(567,'image','[\"cities\\/c-2016.png\"]',567,'Botble\\Location\\Models\\City','2023-07-02 03:21:28','2023-07-02 03:21:28'),
(713,'header_layout','[\"layout-1\"]',1,'Botble\\RealEstate\\Models\\Property','2023-07-02 05:02:30','2023-07-02 05:02:30'),
(714,'video_url','[\"https:\\/\\/www.youtube.com\\/watch?v=U05fwua9-D4\"]',1,'Botble\\RealEstate\\Models\\Property','2023-07-02 05:02:30','2023-07-02 05:02:30'),
(715,'header_layout','[\"layout-2\"]',2,'Botble\\RealEstate\\Models\\Property','2023-07-02 05:02:30','2023-07-02 05:02:30'),
(716,'video_url','[\"https:\\/\\/www.youtube.com\\/watch?v=U05fwua9-D4\"]',2,'Botble\\RealEstate\\Models\\Property','2023-07-02 05:02:30','2023-07-02 05:02:30'),
(717,'header_layout','[\"layout-3\"]',3,'Botble\\RealEstate\\Models\\Property','2023-07-02 05:02:30','2023-07-02 05:02:30'),
(718,'video_url','[\"https:\\/\\/www.youtube.com\\/watch?v=0I647GU3Jsc\"]',3,'Botble\\RealEstate\\Models\\Property','2023-07-02 05:02:30','2023-07-02 05:02:30'),
(719,'video_url','[\"https:\\/\\/www.youtube.com\\/watch?v=0I647GU3Jsc\"]',4,'Botble\\RealEstate\\Models\\Property','2023-07-02 05:02:30','2023-07-02 05:02:30'),
(720,'video_url','[\"https:\\/\\/www.youtube.com\\/watch?v=U05fwua9-D4\"]',5,'Botble\\RealEstate\\Models\\Property','2023-07-02 05:02:30','2023-07-02 05:02:30'),
(721,'video_url','[\"https:\\/\\/www.youtube.com\\/watch?v=0I647GU3Jsc\"]',6,'Botble\\RealEstate\\Models\\Property','2023-07-02 05:02:30','2023-07-02 05:02:30'),
(722,'video_url','[\"https:\\/\\/www.youtube.com\\/watch?v=U05fwua9-D4\"]',7,'Botble\\RealEstate\\Models\\Property','2023-07-02 05:02:30','2023-07-02 05:02:30'),
(723,'video_url','[\"https:\\/\\/www.youtube.com\\/watch?v=U05fwua9-D4\"]',8,'Botble\\RealEstate\\Models\\Property','2023-07-02 05:02:30','2023-07-02 05:02:30'),
(724,'video_url','[\"https:\\/\\/www.youtube.com\\/watch?v=0I647GU3Jsc\"]',9,'Botble\\RealEstate\\Models\\Property','2023-07-02 05:02:30','2023-07-02 05:02:30'),
(725,'video_url','[\"https:\\/\\/www.youtube.com\\/watch?v=0I647GU3Jsc\"]',10,'Botble\\RealEstate\\Models\\Property','2023-07-02 05:02:30','2023-07-02 05:02:30'),
(726,'video_url','[\"https:\\/\\/www.youtube.com\\/watch?v=0I647GU3Jsc\"]',11,'Botble\\RealEstate\\Models\\Property','2023-07-02 05:02:31','2023-07-02 05:02:31'),
(727,'video_url','[\"https:\\/\\/www.youtube.com\\/watch?v=0I647GU3Jsc\"]',12,'Botble\\RealEstate\\Models\\Property','2023-07-02 05:02:31','2023-07-02 05:02:31'),
(728,'video_url','[\"https:\\/\\/www.youtube.com\\/watch?v=0I647GU3Jsc\"]',13,'Botble\\RealEstate\\Models\\Property','2023-07-02 05:02:31','2023-07-02 05:02:31'),
(729,'video_url','[\"https:\\/\\/www.youtube.com\\/watch?v=U05fwua9-D4\"]',14,'Botble\\RealEstate\\Models\\Property','2023-07-02 05:02:31','2023-07-02 05:02:31'),
(730,'video_url','[\"https:\\/\\/www.youtube.com\\/watch?v=0I647GU3Jsc\"]',15,'Botble\\RealEstate\\Models\\Property','2023-07-02 05:02:31','2023-07-02 05:02:31'),
(731,'video_url','[\"https:\\/\\/www.youtube.com\\/watch?v=0I647GU3Jsc\"]',16,'Botble\\RealEstate\\Models\\Property','2023-07-02 05:02:31','2023-07-02 05:02:31'),
(732,'video_url','[\"https:\\/\\/www.youtube.com\\/watch?v=0I647GU3Jsc\"]',17,'Botble\\RealEstate\\Models\\Property','2023-07-02 05:02:31','2023-07-02 05:02:31'),
(733,'video_url','[\"https:\\/\\/www.youtube.com\\/watch?v=0I647GU3Jsc\"]',1,'Botble\\RealEstate\\Models\\Project','2023-07-02 05:03:02','2023-07-02 05:03:02'),
(734,'video_url','[\"https:\\/\\/www.youtube.com\\/watch?v=0I647GU3Jsc\"]',2,'Botble\\RealEstate\\Models\\Project','2023-07-02 05:03:02','2023-07-02 05:03:02'),
(735,'video_url','[\"https:\\/\\/www.youtube.com\\/watch?v=U05fwua9-D4\"]',3,'Botble\\RealEstate\\Models\\Project','2023-07-02 05:03:03','2023-07-02 05:03:03'),
(736,'video_url','[\"https:\\/\\/www.youtube.com\\/watch?v=U05fwua9-D4\"]',4,'Botble\\RealEstate\\Models\\Project','2023-07-02 05:03:03','2023-07-02 05:03:03'),
(737,'video_url','[\"https:\\/\\/www.youtube.com\\/watch?v=0I647GU3Jsc\"]',5,'Botble\\RealEstate\\Models\\Project','2023-07-02 05:03:03','2023-07-02 05:03:03'),
(738,'video_url','[\"https:\\/\\/www.youtube.com\\/watch?v=U05fwua9-D4\"]',6,'Botble\\RealEstate\\Models\\Project','2023-07-02 05:03:03','2023-07-02 05:03:03'),
(739,'video_url','[\"https:\\/\\/www.youtube.com\\/watch?v=0I647GU3Jsc\"]',7,'Botble\\RealEstate\\Models\\Project','2023-07-02 05:03:03','2023-07-02 05:03:03'),
(740,'video_url','[\"https:\\/\\/www.youtube.com\\/watch?v=0I647GU3Jsc\"]',8,'Botble\\RealEstate\\Models\\Project','2023-07-02 05:03:03','2023-07-02 05:03:03'),
(741,'video_url','[\"https:\\/\\/www.youtube.com\\/watch?v=0I647GU3Jsc\"]',9,'Botble\\RealEstate\\Models\\Project','2023-07-02 05:03:03','2023-07-02 05:03:03'),
(742,'image','[null]',904,'Botble\\Location\\Models\\City','2023-12-30 13:21:13','2023-12-30 13:21:13'),
(748,'image','[\"investors\\/investor-4.jpg\"]',905,'Botble\\Location\\Models\\City','2024-01-11 20:29:28','2024-01-11 20:29:28'),
(754,'image','[null]',907,'Botble\\Location\\Models\\City','2024-01-21 22:16:31','2024-01-21 22:16:31'),
(755,'image','[null]',908,'Botble\\Location\\Models\\City','2024-01-21 22:17:52','2024-01-21 22:17:52'),
(756,'image','[null]',909,'Botble\\Location\\Models\\City','2024-01-21 22:18:18','2024-01-21 22:18:18'),
(757,'image','[null]',910,'Botble\\Location\\Models\\City','2024-01-21 22:19:10','2024-01-21 22:19:10'),
(768,'description','[\"For Property Enquiry!\"]',15,'Botble\\RealEstate\\Models\\Account','2024-03-02 12:00:50','2024-03-02 12:00:50'),
(769,'video','[{\"url\":\"https:\\/\\/www.youtube.com\\/watch?v=samanvay-scintilla.pdf\",\"thumbnail\":\"samanvay-scintilla-1\\/samanvay-scintilla1-page-0007.jpg\"}]',26,'Botble\\RealEstate\\Models\\Property','2024-03-17 11:54:24','2024-07-17 11:51:45'),
(770,'header_layout','[\"layout-1\"]',26,'Botble\\RealEstate\\Models\\Property','2024-03-17 11:54:24','2024-03-17 11:54:24'),
(771,'image','[null]',911,'Botble\\Location\\Models\\City','2024-03-17 14:44:11','2024-03-17 14:44:11'),
(772,'video','[{\"url\":\"https:\\/\\/ganesharealtor.in\\/storage\\/brochure\\/mount-milano\\/mount-milano-brochure-06.pdf\",\"thumbnail\":\"mount-milano\\/mount-milano-brochure-06-page-0003.jpg\"}]',27,'Botble\\RealEstate\\Models\\Property','2024-03-17 15:44:32','2024-07-17 11:48:56'),
(773,'header_layout','[\"layout-1\"]',27,'Botble\\RealEstate\\Models\\Property','2024-03-17 15:44:32','2024-03-17 15:44:32'),
(774,'video','[{\"url\":\"https:\\/\\/ganesharealtor.in\\/storage\\/brochure\\/shaligram-prime\\/shaligram-prime-south-bopal.pdf\",\"thumbnail\":\"shaligram-prime\\/shaligramprime-brochure-page-0004.jpg\"}]',28,'Botble\\RealEstate\\Models\\Property','2024-03-17 15:50:00','2024-07-17 11:47:13'),
(775,'header_layout','[\"layout-1\"]',28,'Botble\\RealEstate\\Models\\Property','2024-03-17 15:50:00','2024-03-17 15:50:00'),
(776,'video','[{\"url\":\"https:\\/\\/ganesharealtor.in\\/storage\\/brochure\\/serene-sparkle\\/serene-sparkles-brochure.pdf\",\"thumbnail\":\"serene-sparkle\\/serene-sparkles-brochure-page-0031.jpg\"}]',29,'Botble\\RealEstate\\Models\\Property','2024-03-17 16:00:02','2024-07-17 11:46:12'),
(777,'header_layout','[\"layout-1\"]',29,'Botble\\RealEstate\\Models\\Property','2024-03-17 16:00:02','2024-03-17 16:00:02'),
(778,'video','[{\"url\":\"https:\\/\\/ganesharealtor.in\\/storage\\/brochure\\/swastik-promont\\/swastik-promont-south-bopal.pdf\",\"thumbnail\":\"swastik-promont\\/swastik-promont-brocure-compressed-page-0003.jpg\"}]',30,'Botble\\RealEstate\\Models\\Property','2024-03-17 16:08:54','2024-07-17 11:44:57'),
(779,'header_layout','[\"layout-1\"]',30,'Botble\\RealEstate\\Models\\Property','2024-03-17 16:08:54','2024-03-17 16:08:54'),
(780,'video','[{\"url\":\"https:\\/\\/ganesharealtor.in\\/storage\\/brochure\\/regalia-oranae\\/regalia-orane.pdf\",\"thumbnail\":\"regalia-orane\\/regalia-orane-page-0009.jpg\"}]',31,'Botble\\RealEstate\\Models\\Property','2024-03-17 16:37:03','2024-07-17 11:43:21'),
(781,'header_layout','[\"layout-1\"]',31,'Botble\\RealEstate\\Models\\Property','2024-03-17 16:37:03','2024-03-17 16:37:03'),
(782,'video','[{\"url\":\"https:\\/\\/ganesharealtor.in\\/storage\\/brochure\\/regalia-oranae\\/regalia-orane.pdf\",\"thumbnail\":\"regalia-orane\\/regalia-orane-page-0003.jpg\"}]',32,'Botble\\RealEstate\\Models\\Property','2024-03-17 16:39:58','2024-07-17 11:42:57'),
(783,'header_layout','[\"layout-1\"]',32,'Botble\\RealEstate\\Models\\Property','2024-03-17 16:39:58','2024-03-17 16:39:58'),
(784,'video','[{\"url\":\"https:\\/\\/ganesharealtor.in\\/storage\\/brochure\\/mahadev-lavish\\/mahadev-lavish.pdf\",\"thumbnail\":\"mahadev-lavish\\/mahadev-lavish-page-0004.jpg\"}]',33,'Botble\\RealEstate\\Models\\Property','2024-03-17 17:28:12','2024-07-17 11:41:49'),
(785,'header_layout','[\"layout-1\"]',33,'Botble\\RealEstate\\Models\\Property','2024-03-17 17:28:12','2024-03-17 17:28:12'),
(786,'video','[{\"url\":\"https:\\/\\/ganesharealtor.in\\/storage\\/brochure\\/mahadev-lavish\\/mahadev-lavish.pdf\",\"thumbnail\":\"mahadev-lavish\\/mahadev-lavish-page-0004.jpg\"}]',34,'Botble\\RealEstate\\Models\\Property','2024-03-17 17:30:21','2024-07-17 11:41:25'),
(787,'header_layout','[\"layout-1\"]',34,'Botble\\RealEstate\\Models\\Property','2024-03-17 17:30:21','2024-03-17 17:30:21'),
(788,'video','[{\"url\":\"https:\\/\\/ganesharealtor.in\\/storage\\/brochure\\/samanavay-scintilla\\/samanvay-scintilla.pdf\",\"thumbnail\":\"samanvay-scintilla-1\\/samanvay-scintilla1-page-0007.jpg\"}]',35,'Botble\\RealEstate\\Models\\Property','2024-03-17 17:36:07','2024-07-17 11:40:26'),
(789,'header_layout','[\"layout-1\"]',35,'Botble\\RealEstate\\Models\\Property','2024-03-17 17:36:07','2024-03-17 17:36:07'),
(790,'video','[{\"url\":\"https:\\/\\/ganesharealtor.in\\/storage\\/brochure\\/sanvicasa-sparsh\\/sanvicasa-sparsh-south-bopal.pdf\",\"thumbnail\":\"sanvicasa-sparsh\\/sanvicasa-sparsh-south-bopal-page-0004.jpg\"}]',36,'Botble\\RealEstate\\Models\\Property','2024-03-17 18:14:38','2024-07-17 11:37:50'),
(791,'header_layout','[\"layout-1\"]',36,'Botble\\RealEstate\\Models\\Property','2024-03-17 18:14:38','2024-03-17 18:14:38'),
(792,'video','[{\"url\":\"https:\\/\\/ganesharealtor.in\\/storage\\/brochure\\/praharsh-bluebell\\/praharsh-bluebell-brochure-vip-road-sbopal.pdf\",\"thumbnail\":\"praharsh-bluebell\\/hsfhsh.JPG\"}]',37,'Botble\\RealEstate\\Models\\Property','2024-03-17 18:26:33','2024-07-17 11:36:19'),
(793,'header_layout','[\"layout-1\"]',37,'Botble\\RealEstate\\Models\\Property','2024-03-17 18:26:33','2024-03-17 18:26:33'),
(794,'video','[{\"url\":\"https:\\/\\/ganesharealtor.in\\/storage\\/brochure\\/praharsh-bluebell\\/praharsh-bluebell-brochure-vip-road-sbopal.pdf\",\"thumbnail\":\"praharsh-bluebell\\/lslkfhiks.JPG\"}]',38,'Botble\\RealEstate\\Models\\Property','2024-03-17 18:30:31','2024-07-17 11:35:53'),
(795,'header_layout','[\"layout-1\"]',38,'Botble\\RealEstate\\Models\\Property','2024-03-17 18:30:31','2024-03-17 18:30:31'),
(796,'video','[{\"url\":\"https:\\/\\/ganesharealtor.in\\/storage\\/praharsh-serena\\/praharsh-serena.pdf\",\"thumbnail\":\"praharsh-serena\\/vdsng.JPG\"}]',39,'Botble\\RealEstate\\Models\\Property','2024-03-19 10:41:16','2024-07-17 11:34:59'),
(797,'header_layout','[\"layout-1\"]',39,'Botble\\RealEstate\\Models\\Property','2024-03-19 10:41:16','2024-03-19 10:41:16'),
(798,'video','[{\"url\":\"https:\\/\\/ganesharealtor.in\\/storage\\/brochure\\/swarnim-sun\\/swarnim-sun-brochure.pdf\",\"thumbnail\":\"swarnim-sun\\/swarnim-sun-brochure-page-0003.jpg\"}]',40,'Botble\\RealEstate\\Models\\Property','2024-03-19 10:49:19','2024-07-17 11:33:39'),
(799,'header_layout','[\"layout-1\"]',40,'Botble\\RealEstate\\Models\\Property','2024-03-19 10:49:19','2024-03-19 10:49:19'),
(800,'video','[{\"url\":\"https:\\/\\/ganesharealtor.in\\/storage\\/brochure\\/shiddhipriya-imperial\\/imperial-brochure.pdf\",\"thumbnail\":\"siddhipriya-imperial\\/gsnjdh.JPG\"}]',41,'Botble\\RealEstate\\Models\\Property','2024-03-19 11:11:16','2024-07-17 11:32:46'),
(801,'header_layout','[\"layout-1\"]',41,'Botble\\RealEstate\\Models\\Property','2024-03-19 11:11:16','2024-03-19 11:11:16'),
(802,'video','[{\"url\":\"https:\\/\\/ganesharealtor.in\\/storage\\/brochure\\/sp-nirvana\\/sp-nirvana.pdf\",\"thumbnail\":\"sp-nirvana\\/bmdfbm.JPG\"}]',42,'Botble\\RealEstate\\Models\\Property','2024-03-19 11:31:12','2024-07-17 11:32:00'),
(803,'header_layout','[\"layout-1\"]',42,'Botble\\RealEstate\\Models\\Property','2024-03-19 11:31:12','2024-03-19 11:31:12'),
(804,'video','[{\"url\":\"https:\\/\\/ganesharealtor.in\\/storage\\/brochure\\/sp-nirvana\\/sp-nirvana.pdf\",\"thumbnail\":\"sp-nirvana\\/bmdfbm.JPG\"}]',43,'Botble\\RealEstate\\Models\\Property','2024-03-19 11:33:42','2024-07-17 11:31:15'),
(805,'header_layout','[\"layout-1\"]',43,'Botble\\RealEstate\\Models\\Property','2024-03-19 11:33:42','2024-03-19 11:33:42'),
(806,'video','[{\"url\":\"https:\\/\\/ganesharealtor.in\\/storage\\/brochure\\/zaveri-greens\\/zaveri-green.pdf\",\"thumbnail\":\"zaveri-greens\\/rjktyijrt.JPG\"}]',44,'Botble\\RealEstate\\Models\\Property','2024-03-19 11:40:16','2024-07-17 11:30:10'),
(807,'header_layout','[\"layout-1\"]',44,'Botble\\RealEstate\\Models\\Property','2024-03-19 11:40:16','2024-03-19 11:40:16'),
(808,'video','[{\"url\":\"https:\\/\\/ganesharealtor.in\\/storage\\/brochure\\/zaveri-greens\\/zaveri-green.pdf\",\"thumbnail\":\"zaveri-greens\\/rjktyijrt.JPG\"}]',45,'Botble\\RealEstate\\Models\\Property','2024-03-19 11:44:28','2024-07-17 11:29:45'),
(809,'header_layout','[\"layout-1\"]',45,'Botble\\RealEstate\\Models\\Property','2024-03-19 11:44:29','2024-03-19 11:44:29'),
(810,'video','[{\"url\":\"https:\\/\\/www.youtube.com\\/watch?v=saanvi-nirman-steller-south-bopal.pdf\",\"thumbnail\":\"brochure\\/saanvi-nirman-steller\\/saanvi-nirman-steller-south-bopal-page-0004.jpg\"}]',46,'Botble\\RealEstate\\Models\\Property','2024-03-19 11:53:29','2024-07-20 17:29:08'),
(811,'header_layout','[\"layout-1\"]',46,'Botble\\RealEstate\\Models\\Property','2024-03-19 11:53:29','2024-03-19 11:53:29'),
(812,'video','[{\"url\":\"https:\\/\\/ganesharealtor.in\\/storage\\/brochure\\/kavisha-atria\\/kavisha-atria-brochure.pdf\",\"thumbnail\":\"brochure\\/kavisha-atria\\/ygsy.jpg\"}]',47,'Botble\\RealEstate\\Models\\Property','2024-03-19 12:07:33','2024-07-17 11:18:44'),
(813,'header_layout','[\"layout-1\"]',47,'Botble\\RealEstate\\Models\\Property','2024-03-19 12:07:33','2024-03-19 12:07:33'),
(814,'video','[{\"url\":\"https:\\/\\/www.youtube.com\\/watch?v=kavisha-the-portrait.pdf\",\"thumbnail\":\"ganesha-realtor-pink-logo.png\"}]',48,'Botble\\RealEstate\\Models\\Property','2024-06-28 09:02:41','2024-06-29 16:59:38'),
(815,'header_layout','[\"layout-1\"]',48,'Botble\\RealEstate\\Models\\Property','2024-06-28 09:02:41','2024-06-28 09:02:41'),
(816,'video','[{\"url\":\"https:\\/\\/www.youtube.com\\/watch?v=kavisha-the-portrait.pdf\",\"thumbnail\":\"kavisha-the-portrait\\/whatsapp-image-2024-06-29-at-42715-pm.jpeg\"}]',49,'Botble\\RealEstate\\Models\\Property','2024-06-29 17:18:04','2024-07-18 15:17:46'),
(817,'header_layout','[\"layout-1\"]',49,'Botble\\RealEstate\\Models\\Property','2024-06-29 17:18:04','2024-06-29 17:18:04'),
(818,'image','[null]',912,'Botble\\Location\\Models\\City','2024-07-02 16:51:32','2024-07-02 16:51:32'),
(819,'image','[null]',913,'Botble\\Location\\Models\\City','2024-07-02 16:52:06','2024-07-02 16:52:06'),
(820,'image','[null]',914,'Botble\\Location\\Models\\City','2024-07-02 16:53:24','2024-07-02 16:53:24'),
(821,'video','[{\"url\":\"https:\\/\\/ganesharealtor.in\\/storage\\/brochure\\/aarohi-vivianna\\/aarohi-vivianna.pdf\",\"thumbnail\":\"brochure\\/aarohi-vivianna\\/uk.PNG\"}]',50,'Botble\\RealEstate\\Models\\Property','2024-07-17 12:39:27','2024-07-20 12:57:45'),
(822,'header_layout','[\"layout-1\"]',50,'Botble\\RealEstate\\Models\\Property','2024-07-17 12:39:27','2024-07-17 12:39:27'),
(823,'video','[{\"url\":\"https:\\/\\/ganesharealtor.in\\/storage\\/brochure\\/airan-shela-24\\/airan-shela-24.pdf\",\"thumbnail\":\"brochure\\/airan-shela-24\\/tuetj.JPG\"}]',51,'Botble\\RealEstate\\Models\\Property','2024-07-17 12:41:36','2024-07-20 12:46:10'),
(824,'header_layout','[\"layout-1\"]',51,'Botble\\RealEstate\\Models\\Property','2024-07-17 12:41:36','2024-07-17 12:41:36'),
(825,'video','[{\"url\":\"https:\\/\\/ganesharealtor.in\\/storage\\/brochure\\/eklingji\\/eklingji-satvam-brochure.pdf\",\"thumbnail\":\"brochure\\/eklingji\\/eklingji-satvam-brochure-page-0013.jpg\"}]',52,'Botble\\RealEstate\\Models\\Property','2024-07-17 12:46:23','2024-07-20 13:06:48'),
(826,'header_layout','[\"layout-1\"]',52,'Botble\\RealEstate\\Models\\Property','2024-07-17 12:46:23','2024-07-17 12:46:23'),
(827,'video','[{\"url\":\"https:\\/\\/ganesharealtor.in\\/storage\\/elenza-arista\\/elenza-arista-final-presentation-layout-07052024.pdf\",\"thumbnail\":\"elenza-castle\\/elenza-arista\\/gyi.png\"}]',53,'Botble\\RealEstate\\Models\\Property','2024-07-17 18:02:03','2024-07-23 17:40:32'),
(828,'header_layout','[\"layout-1\"]',53,'Botble\\RealEstate\\Models\\Property','2024-07-17 18:02:03','2024-07-17 18:02:03'),
(829,'video','[{\"url\":\"https:\\/\\/www.youtube.com\\/watch?v=elenza-south-bopal2-1.pdf\",\"thumbnail\":\"elenza-callista\\/srt.png\"}]',54,'Botble\\RealEstate\\Models\\Property','2024-07-17 18:04:51','2024-07-23 17:32:46'),
(830,'header_layout','[\"layout-1\"]',54,'Botble\\RealEstate\\Models\\Property','2024-07-17 18:04:51','2024-07-17 18:04:51'),
(831,'video','[{\"url\":\"https:\\/\\/www.youtube.com\\/watch?v=elenza-castle.pdf\",\"thumbnail\":\"elenza-vibe\\/vguul.png\"}]',55,'Botble\\RealEstate\\Models\\Property','2024-07-17 18:08:31','2024-07-26 16:09:41'),
(832,'header_layout','[\"layout-1\"]',55,'Botble\\RealEstate\\Models\\Property','2024-07-17 18:08:31','2024-07-17 18:08:31'),
(833,'video','[{\"url\":\"https:\\/\\/ganesharealtor.in\\/storage\\/brochure\\/elenza-gradient\\/elenza-gredient-presentation-1-12-1.pdf\",\"thumbnail\":\"brochure\\/elenza-gradient\\/gradiant-brochure-presantation-cc-page-0003-1.jpg\"}]',56,'Botble\\RealEstate\\Models\\Property','2024-07-17 18:13:26','2024-07-20 16:00:44'),
(834,'header_layout','[\"layout-1\"]',56,'Botble\\RealEstate\\Models\\Property','2024-07-17 18:13:26','2024-07-17 18:13:26'),
(835,'video','[{\"url\":\"https:\\/\\/ganesharealtor.in\\/storage\\/brochure\\/elenza-greenfield\\/elenza-greenfield.pdf\",\"thumbnail\":\"brochure\\/elenza-greenfield\\/jeujetjr.jpg\"}]',57,'Botble\\RealEstate\\Models\\Property','2024-07-17 18:17:14','2024-07-20 15:59:29'),
(836,'header_layout','[\"layout-1\"]',57,'Botble\\RealEstate\\Models\\Property','2024-07-17 18:17:14','2024-07-17 18:17:14'),
(837,'video','[{\"url\":\"https:\\/\\/ganesharealtor.in\\/storage\\/brochure\\/elenza-greenwood\\/elenza-green-wood-20220805.pdf\",\"thumbnail\":\"brochure\\/elenza-greenwood\\/rehyt.jpg\"}]',58,'Botble\\RealEstate\\Models\\Property','2024-07-17 18:25:14','2024-07-20 15:57:17'),
(838,'header_layout','[\"layout-1\"]',58,'Botble\\RealEstate\\Models\\Property','2024-07-17 18:25:14','2024-07-17 18:25:14'),
(839,'video','[{\"url\":\"https:\\/\\/www.youtube.com\\/watch?v=ghuma-523.pdf\",\"thumbnail\":\"elenza-vibe\\/vguul.png\"}]',59,'Botble\\RealEstate\\Models\\Property','2024-07-17 18:33:16','2024-07-23 17:16:20'),
(840,'header_layout','[\"layout-1\"]',59,'Botble\\RealEstate\\Models\\Property','2024-07-17 18:33:16','2024-07-17 18:33:16'),
(841,'video','[{\"url\":null,\"thumbnail\":\"brochure\\/good-earth\\/capture.PNG\"}]',60,'Botble\\RealEstate\\Models\\Property','2024-07-17 18:36:35','2024-07-19 15:24:25'),
(842,'header_layout','[\"layout-1\"]',60,'Botble\\RealEstate\\Models\\Property','2024-07-17 18:36:35','2024-07-17 18:36:35'),
(843,'video','[{\"url\":\"https:\\/\\/www.youtube.com\\/watch?v=happy-aura-new.pdf\",\"thumbnail\":\"privilion\\/afaf.JPG\"}]',61,'Botble\\RealEstate\\Models\\Property','2024-07-17 18:40:25','2024-07-26 16:08:41'),
(844,'header_layout','[\"layout-1\"]',61,'Botble\\RealEstate\\Models\\Property','2024-07-17 18:40:25','2024-07-17 18:40:25'),
(845,'video','[{\"url\":\"https:\\/\\/ganesharealtor.in\\/storage\\/brochure\\/happy-uptown\\/happy-uptown.pdf\",\"thumbnail\":\"brochure\\/happy-uptown\\/fkgget.JPG\"}]',62,'Botble\\RealEstate\\Models\\Property','2024-07-17 18:42:58','2024-07-20 12:31:00'),
(846,'header_layout','[\"layout-1\"]',62,'Botble\\RealEstate\\Models\\Property','2024-07-17 18:42:58','2024-07-17 18:42:58'),
(847,'video','[{\"url\":null}]',63,'Botble\\RealEstate\\Models\\Property','2024-07-17 18:48:33','2024-07-17 18:48:33'),
(848,'header_layout','[\"layout-1\"]',63,'Botble\\RealEstate\\Models\\Property','2024-07-17 18:48:33','2024-07-17 18:48:33'),
(849,'video','[{\"url\":\"https:\\/\\/www.youtube.com\\/watch?v=aer-brochure-cc-1.pdf\",\"thumbnail\":\"kavisha-aer\\/kavisha-aer\\/fagl.JPG\"}]',64,'Botble\\RealEstate\\Models\\Property','2024-07-17 18:49:58','2024-07-21 15:28:55'),
(850,'header_layout','[\"layout-1\"]',64,'Botble\\RealEstate\\Models\\Property','2024-07-17 18:49:58','2024-07-17 18:49:58'),
(851,'video','[{\"url\":\"https:\\/\\/www.youtube.com\\/watch?v=kavisha-amara-brochure.pdf\",\"thumbnail\":\"brochure\\/kavisha-amara\\/gllgd-2.JPG\"}]',65,'Botble\\RealEstate\\Models\\Property','2024-07-18 10:40:05','2024-07-21 12:09:39'),
(852,'header_layout','[\"layout-1\"]',65,'Botble\\RealEstate\\Models\\Property','2024-07-18 10:40:05','2024-07-18 10:40:05'),
(853,'video','[{\"url\":null}]',66,'Botble\\RealEstate\\Models\\Property','2024-07-18 10:45:11','2024-07-18 10:45:11'),
(854,'header_layout','[\"layout-1\"]',66,'Botble\\RealEstate\\Models\\Property','2024-07-18 10:45:11','2024-07-18 10:45:11'),
(855,'video','[{\"url\":\"https:\\/\\/www.youtube.com\\/watch?v=marvella-by-avyanna-realty.pdf\",\"thumbnail\":\"marvella-by-aavyanna\\/marvella-by-avyanna-realty-page-0006.jpg\"}]',67,'Botble\\RealEstate\\Models\\Property','2024-07-18 10:52:03','2024-07-26 16:26:23'),
(856,'header_layout','[\"layout-1\"]',67,'Botble\\RealEstate\\Models\\Property','2024-07-18 10:52:03','2024-07-18 10:52:03'),
(857,'video','[{\"url\":\"https:\\/\\/www.youtube.com\\/watch?v=14th-storey-privilon-group.pdf\",\"thumbnail\":\"privilion-1\\/tujk.PNG\"}]',68,'Botble\\RealEstate\\Models\\Property','2024-07-18 11:06:32','2024-07-21 16:00:52'),
(858,'header_layout','[\"layout-1\"]',68,'Botble\\RealEstate\\Models\\Property','2024-07-18 11:06:32','2024-07-18 11:06:32'),
(859,'video','[{\"url\":\"https:\\/\\/ganesharealtor.in\\/storage\\/brochure\\/ralsi-rivera\\/ralsi-rivera-project.pdf\",\"thumbnail\":\"brochure\\/ralsi-rivera\\/h-copy.PNG\"}]',69,'Botble\\RealEstate\\Models\\Property','2024-07-18 11:09:19','2024-07-20 15:40:25'),
(860,'header_layout','[\"layout-1\"]',69,'Botble\\RealEstate\\Models\\Property','2024-07-18 11:09:19','2024-07-18 11:09:19'),
(861,'video','[{\"url\":\"https:\\/\\/www.youtube.com\\/watch?v=483685910o-1712051828593.pdf\",\"thumbnail\":\"rasmi-nivaasa\\/dfyhj.png\"}]',70,'Botble\\RealEstate\\Models\\Property','2024-07-18 11:21:59','2024-07-27 16:02:17'),
(862,'header_layout','[\"layout-1\"]',70,'Botble\\RealEstate\\Models\\Property','2024-07-18 11:21:59','2024-07-18 11:21:59'),
(863,'video','[{\"url\":\"https:\\/\\/www.youtube.com\\/watch?v=sacred-shivansh-shela.pdf\",\"thumbnail\":\"sacred-shivansh\\/sacred-shivansh-shela-page-0022.jpg\"}]',71,'Botble\\RealEstate\\Models\\Property','2024-07-18 11:26:01','2024-07-27 11:45:54'),
(864,'header_layout','[\"layout-1\"]',71,'Botble\\RealEstate\\Models\\Property','2024-07-18 11:26:01','2024-07-18 11:26:01'),
(865,'video','[{\"url\":\"https:\\/\\/ganesharealtor.in\\/storage\\/brochure\\/serenity-shivam\\/serenity-shivam.pdf\",\"thumbnail\":\"brochure\\/serenity-shivam\\/hhhhk.PNG\"}]',72,'Botble\\RealEstate\\Models\\Property','2024-07-18 11:31:13','2024-07-20 12:27:00'),
(866,'header_layout','[\"layout-1\"]',72,'Botble\\RealEstate\\Models\\Property','2024-07-18 11:31:13','2024-07-18 11:31:13'),
(867,'video','[{\"url\":\"https:\\/\\/ganesharealtor.in\\/storage\\/brochure\\/serenity-shatyam\\/serenity-satyam-brochure-07.pdf\",\"thumbnail\":\"brochure\\/serenity-shatyam\\/fakfa.JPG\"}]',73,'Botble\\RealEstate\\Models\\Property','2024-07-18 11:33:59','2024-07-20 12:20:32'),
(868,'header_layout','[\"layout-1\"]',73,'Botble\\RealEstate\\Models\\Property','2024-07-18 11:33:59','2024-07-18 11:33:59'),
(869,'video','[{\"url\":\"https:\\/\\/www.youtube.com\\/watch?v=sheladia-eris.pdf\",\"thumbnail\":\"brochure\\/sheladia-eris\\/fkanf-copy.JPG\"}]',74,'Botble\\RealEstate\\Models\\Property','2024-07-18 11:37:34','2024-07-20 12:15:09'),
(870,'header_layout','[\"layout-1\"]',74,'Botble\\RealEstate\\Models\\Property','2024-07-18 11:37:34','2024-07-18 11:37:34'),
(871,'video','[{\"url\":\"https:\\/\\/ganesharealtor.in\\/storage\\/brochure\\/shilp-ananta\\/shilp-ananta-brochure-shela.pdf\",\"thumbnail\":\"brochure\\/shilp-ananta\\/fjfrj-copy.PNG\"}]',75,'Botble\\RealEstate\\Models\\Property','2024-07-18 11:40:09','2024-07-20 11:53:00'),
(872,'header_layout','[\"layout-1\"]',75,'Botble\\RealEstate\\Models\\Property','2024-07-18 11:40:09','2024-07-18 11:40:09'),
(873,'video','[{\"url\":\"https:\\/\\/www.youtube.com\\/watch?v=shilp-revanta-brochure.pdf\",\"thumbnail\":\"brochure\\/shilp-revanta\\/sfgl.JPG\"}]',76,'Botble\\RealEstate\\Models\\Property','2024-07-18 11:46:08','2024-07-20 11:25:32'),
(874,'header_layout','[\"layout-1\"]',76,'Botble\\RealEstate\\Models\\Property','2024-07-18 11:46:08','2024-07-18 11:46:08'),
(875,'video','[{\"url\":\"https:\\/\\/ganesharealtor.in\\/storage\\/shrimay-opulance\\/shrimay-opulance\\/shrimay-opulence-brochure.pdf\",\"thumbnail\":\"shrimay-opulance\\/sdfb.png\"}]',77,'Botble\\RealEstate\\Models\\Property','2024-07-18 11:51:41','2024-07-27 12:44:59'),
(876,'header_layout','[\"layout-1\"]',77,'Botble\\RealEstate\\Models\\Property','2024-07-18 11:51:41','2024-07-18 11:51:41'),
(877,'video','[{\"url\":\"https:\\/\\/ganesharealtor.in\\/storage\\/elenza-callista\\/shubham-anthem\\/shubham-anthem\\/shubham-anthem-final-brochure.pdf\",\"thumbnail\":\"shubham-anthem\\/dth.PNG\"}]',78,'Botble\\RealEstate\\Models\\Property','2024-07-18 11:54:37','2024-07-21 13:03:45'),
(878,'header_layout','[\"layout-1\"]',78,'Botble\\RealEstate\\Models\\Property','2024-07-18 11:54:37','2024-07-18 11:54:37'),
(879,'video','[{\"url\":\"https:\\/\\/www.youtube.com\\/watch?v=sp-epitome-dt-1-11-2022.pdf\",\"thumbnail\":\"brochure\\/sp-epitome-1\\/j.PNG\"}]',79,'Botble\\RealEstate\\Models\\Property','2024-07-18 11:57:59','2024-07-19 17:42:19'),
(880,'header_layout','[\"layout-1\"]',79,'Botble\\RealEstate\\Models\\Property','2024-07-18 11:57:59','2024-07-18 11:57:59'),
(881,'video','[{\"url\":\"https:\\/\\/ganesharealtor.in\\/storage\\/privilion\\/sukirti-54\\/sukirti-54\\/sukirti-54-brochure.pdf\",\"thumbnail\":\"privilion\\/fdsgl.JPG\"}]',80,'Botble\\RealEstate\\Models\\Property','2024-07-18 12:00:29','2024-07-21 11:51:45'),
(882,'header_layout','[\"layout-1\"]',80,'Botble\\RealEstate\\Models\\Property','2024-07-18 12:00:29','2024-07-18 12:00:29'),
(883,'video','[{\"url\":\"https:\\/\\/www.youtube.com\\/watch?v=sun-atmosphere-brochure-shela.pdf\",\"thumbnail\":\"brochure\\/sun-atmosphere\\/therlhjl.jpg\"}]',81,'Botble\\RealEstate\\Models\\Property','2024-07-18 12:12:50','2024-07-20 11:23:03'),
(884,'header_layout','[\"layout-1\"]',81,'Botble\\RealEstate\\Models\\Property','2024-07-18 12:12:50','2024-07-18 12:12:50'),
(885,'video','[{\"url\":\"https:\\/\\/www.youtube.com\\/watch?v=swastik-clairmont.pdf\",\"thumbnail\":\"brochure\\/swastik-clairmond\\/v.PNG\"}]',82,'Botble\\RealEstate\\Models\\Property','2024-07-18 12:18:00','2024-07-19 16:52:53'),
(886,'header_layout','[\"layout-1\"]',82,'Botble\\RealEstate\\Models\\Property','2024-07-18 12:18:00','2024-07-18 12:18:00'),
(887,'video','[{\"url\":\"https:\\/\\/ganesharealtor.in\\/storage\\/brochure\\/vishwanath-sharathya-west\\/vishwanath-sarathya-west-brochure.pdf\",\"thumbnail\":\"brochure\\/vishwanath-sharathya-west\\/rej.jpg\"}]',83,'Botble\\RealEstate\\Models\\Property','2024-07-18 15:06:40','2024-07-18 15:34:08'),
(888,'header_layout','[\"layout-1\"]',83,'Botble\\RealEstate\\Models\\Property','2024-07-18 15:06:40','2024-07-18 15:06:40'),
(889,'video','[{\"url\":\"https:\\/\\/ganesharealtor.in\\/storage\\/brochure\\/vr-reflection\\/vr-reflection-shela.pdf\",\"thumbnail\":\"brochure\\/vr-reflection\\/iiiu.jpg\"}]',84,'Botble\\RealEstate\\Models\\Property','2024-07-18 15:10:19','2024-07-18 15:21:55'),
(890,'header_layout','[\"layout-1\"]',84,'Botble\\RealEstate\\Models\\Property','2024-07-18 15:10:19','2024-07-18 15:10:19'),
(891,'video','[{\"url\":\"https:\\/\\/www.youtube.com\\/watch?v=kavisha-the-portrait.pdf\",\"thumbnail\":\"brochure\\/kavisha-the-portrait\\/kavisha-the-portrait-page-0001-1.jpg\"}]',85,'Botble\\RealEstate\\Models\\Property','2024-07-18 15:17:14','2024-07-20 11:23:34'),
(892,'header_layout','[\"layout-1\"]',85,'Botble\\RealEstate\\Models\\Property','2024-07-18 15:17:14','2024-07-18 15:17:14'),
(893,'video','[{\"url\":\"https:\\/\\/www.youtube.com\\/watch?v=silver-spring-bopal.pdf\",\"thumbnail\":\"brochure\\/silver-spring\\/sbjfsgag.JPG\"}]',86,'Botble\\RealEstate\\Models\\Property','2024-07-19 11:08:07','2024-07-20 11:23:59'),
(894,'header_layout','[\"layout-1\"]',86,'Botble\\RealEstate\\Models\\Property','2024-07-19 11:08:07','2024-07-19 11:08:07');

--
-- Table structure for table `migrations`
--

CREATE TABLE `migrations` (
  `id` int(10) unsigned NOT NULL AUTO_INCREMENT,
  `migration` varchar(191) NOT NULL,
  `batch` int(11) NOT NULL,
  PRIMARY KEY (`id`)
) ENGINE=InnoDB AUTO_INCREMENT=69 DEFAULT CHARSET=utf8mb4 COLLATE=utf8mb4_unicode_ci;

--
-- Dumping data for table `migrations`
--

INSERT INTO `migrations` VALUES
(1,'2013_04_09_032329_create_base_tables',1),
(2,'2013_04_09_062329_create_revisions_table',1),
(3,'2014_10_12_000000_create_users_table',1),
(4,'2014_10_12_100000_create_password_reset_tokens_table',1),
(5,'2016_06_10_230148_create_acl_tables',1),
(6,'2016_06_14_230857_create_menus_table',1),
(7,'2016_06_28_221418_create_pages_table',1),
(8,'2016_10_05_074239_create_setting_table',1),
(9,'2016_11_28_032840_create_dashboard_widget_tables',1),
(10,'2016_12_16_084601_create_widgets_table',1),
(11,'2017_05_09_070343_create_media_tables',1),
(12,'2017_11_03_070450_create_slug_table',1),
(13,'2019_01_05_053554_create_jobs_table',1),
(14,'2019_08_19_000000_create_failed_jobs_table',1),
(15,'2019_12_14_000001_create_personal_access_tokens_table',1),
(16,'2022_04_20_100851_add_index_to_media_table',1),
(17,'2022_04_20_101046_add_index_to_menu_table',1),
(18,'2022_07_10_034813_move_lang_folder_to_root',1),
(19,'2022_08_04_051940_add_missing_column_expires_at',1),
(20,'2022_09_01_000001_create_admin_notifications_tables',1),
(21,'2022_10_14_024629_drop_column_is_featured',1),
(22,'2022_11_18_063357_add_missing_timestamp_in_table_settings',1),
(23,'2022_12_02_093615_update_slug_index_columns',1),
(24,'2023_01_30_024431_add_alt_to_media_table',1),
(25,'2023_02_16_042611_drop_table_password_resets',1),
(26,'2023_04_23_005903_add_column_permissions_to_admin_notifications',1),
(27,'2023_05_10_075124_drop_column_id_in_role_users_table',1),
(28,'2015_06_29_025744_create_audit_history',2),
(29,'2017_02_13_034601_create_blocks_table',3),
(30,'2021_12_03_081327_create_blocks_translations',3),
(31,'2015_06_18_033822_create_blog_table',4),
(32,'2021_02_16_092633_remove_default_value_for_author_type',4),
(33,'2021_12_03_030600_create_blog_translations',4),
(34,'2022_04_19_113923_add_index_to_table_posts',4),
(35,'2016_06_17_091537_create_contacts_table',5),
(36,'2016_10_03_032336_create_languages_table',6),
(37,'2021_10_25_021023_fix-priority-load-for-language-advanced',7),
(38,'2021_12_03_075608_create_page_translations',7),
(39,'2019_11_18_061011_create_country_table',8),
(40,'2021_06_19_035514_update_city_table',8),
(41,'2021_07_08_031045_remove_column_slug_from_cities_table',8),
(42,'2021_12_03_084118_create_location_translations',8),
(43,'2021_12_03_094518_migrate_old_location_data',8),
(44,'2021_12_10_034440_switch_plugin_location_to_use_language_advanced',8),
(45,'2022_01_19_045455_add_slug_for_table_cities',8),
(46,'2022_08_08_085908_improve_plugin_location',8),
(47,'2022_15_08_085908_improve_plugin_location',8),
(48,'2017_10_24_154832_create_newsletter_table',9),
(49,'2017_05_18_080441_create_payment_tables',10),
(50,'2021_03_27_144913_add_customer_type_into_table_payments',10),
(51,'2021_05_24_034720_make_column_currency_nullable',10),
(52,'2021_08_09_161302_add_metadata_column_to_payments_table',10),
(53,'2021_10_19_020859_update_metadata_field',10),
(54,'2022_06_28_151901_activate_paypal_stripe_plugin',10),
(55,'2022_07_07_153354_update_charge_id_in_table_payments',10),
(56,'2018_06_22_032304_create_real_estate_table',11),
(57,'2021_10_04_145603_update_package_multilanguage',11),
(58,'2021_10_24_040004_add_code_table_re_property_types',11),
(59,'2021_12_03_151812_add_parent_id_to_re_categories_table',11),
(60,'2021_12_04_155038_add_subcategory_id_to_re_propeties_table',11),
(61,'2021_12_10_034807_create_real_estate_translation_tables',11),
(62,'2022_07_12_044647_add_property_label_column_to_properties_table',11),
(63,'2023_01_03_141847_create_re_projects_table',11),
(64,'2023_03_03_050121_update_projects_table',11),
(65,'2017_07_11_140018_create_simple_slider_table',12),
(66,'2018_07_09_214610_create_testimonial_table',13),
(67,'2021_12_03_083642_create_testimonials_translations',13),
(68,'2016_10_07_193005_create_translations_table',14);

--
-- Table structure for table `newsletters`
--

CREATE TABLE `newsletters` (
  `id` bigint(20) unsigned NOT NULL AUTO_INCREMENT,
  `email` varchar(120) NOT NULL,
  `name` varchar(120) DEFAULT NULL,
  `status` varchar(60) NOT NULL DEFAULT 'subscribed',
  `created_at` timestamp NULL DEFAULT NULL,
  `updated_at` timestamp NULL DEFAULT NULL,
  PRIMARY KEY (`id`)
) ENGINE=InnoDB DEFAULT CHARSET=utf8mb4 COLLATE=utf8mb4_unicode_ci;

--
-- Dumping data for table `newsletters`
--


--
-- Table structure for table `pages`
--

CREATE TABLE `pages` (
  `id` bigint(20) unsigned NOT NULL AUTO_INCREMENT,
  `name` varchar(120) NOT NULL,
  `content` longtext DEFAULT NULL,
  `user_id` bigint(20) unsigned NOT NULL,
  `image` varchar(255) DEFAULT NULL,
  `template` varchar(60) DEFAULT NULL,
  `description` varchar(400) DEFAULT NULL,
  `status` varchar(60) NOT NULL DEFAULT 'published',
  `created_at` timestamp NULL DEFAULT NULL,
  `updated_at` timestamp NULL DEFAULT NULL,
  PRIMARY KEY (`id`),
  KEY `pages_user_id_index` (`user_id`)
) ENGINE=InnoDB AUTO_INCREMENT=18 DEFAULT CHARSET=utf8mb4 COLLATE=utf8mb4_unicode_ci;

--
-- Dumping data for table `pages`
--

INSERT INTO `pages` VALUES
(1,'Home','<p>[properties-hero-slide limit=\"6\"][/properties-hero-slide][recently-viewed-properties title=\"Recently Viewed Properties\" subtitle=\"Your currently viewed properties.\"][/recently-viewed-properties][featured-properties title=\"Explore Eye-Catching Projects\" limit=\"6\" style=\"2\" type=\"2\"]we know which property will suit our clients and we try to find the best property for them as per the requirement of the clients.[/featured-properties][testimonials title=\"What Our Happy Clients Say\" description=\"Read our client reviews about our services and their experiences while purchasing property. These customer reviews will help you make a smart decision when choosing us over others for property purchase.\"][/testimonials]</p>',1,NULL,'homepage','','published','2023-07-02 05:01:59','2024-02-29 10:00:47'),
(2,'Home layout 2','<div>[hero-banner title=\"Find accessible homes to rent\" bg=\"banners/banner-svg.jpg\" style=\"2\"]Find Your Perfect Place.[/hero-banner]</div><div>[static-block alias=\"achievement\"][/static-block]</div><div>[properties-slide title=\"Recent Property For Rent\" limit=\"6\"]At vero eos et accusamus et iusto odio dignissimos ducimus qui blanditiis praesentium voluptatum deleniti atque corrupti quos dolores[/properties-slide]</div><div>[featured-properties title=\"Featured Property For Sale\" limit=\"6\" style=\"1\" type=\"2\"]At vero eos et accusamus et iusto odio dignissimos ducimus qui blanditiis praesentium voluptatum deleniti atque corrupti quos dolores[/featured-properties]</div><div>[featured-agents title=\"Explore Featured Agents\"]At vero eos et accusamus et iusto odio dignissimos ducimus qui blanditiis praesentium voluptatum deleniti atque corrupti quos dolores[/featured-agents]</div><div>[testimonials title=\"Good Reviews By Customers\" description=\"At vero eos et accusamus et iusto odio dignissimos ducimus qui blanditiis praesentium voluptatum deleniti atque corrupti quos dolores\"][/testimonials]</div><div>[our-packages title=\"See Our Packages\" description=\"At vero eos et accusamus et iusto odio dignissimos ducimus qui blanditiis praesentium voluptatum deleniti atque corrupti quos dolores\"][/our-packages]</div><div>[static-block alias=\"download-app\"][/static-block]</div>',1,NULL,'homepage',NULL,'published','2023-07-02 05:01:59','2023-07-02 05:01:59'),
(3,'Home layout 3','<div>[hero-banner title=\"Find Your Property\" bg=\"banners/banner-3.jpg\" style=\"3\" overlay=\"6\"]From as low as $10 per day with limited time offer[/hero-banner]</div><div>[featured-properties title=\"Explore Good Places\" limit=\"6\" style=\"2\" type=\"2\"]At vero eos et accusamus et iusto odio dignissimos ducimus qui blanditiis praesentium voluptatum deleniti atque corrupti quos dolores[/featured-properties]</div><div>[properties-by-locations title=\"Find By Locations\"]At vero eos et accusamus et iusto odio dignissimos ducimus qui blanditiis praesentium voluptatum deleniti atque corrupti quos dolores[/properties-by-locations]</div><div>[static-block alias=\"how-it-works\"][/static-block]</div><div>[testimonials title=\"Good Reviews By Customers\" description=\"At vero eos et accusamus et iusto odio dignissimos ducimus qui blanditiis praesentium voluptatum deleniti atque corrupti quos dolores\"][/testimonials]</div><div>[our-packages title=\"See Our Packages\" description=\"At vero eos et accusamus et iusto odio dignissimos ducimus qui blanditiis praesentium voluptatum deleniti atque corrupti quos dolores\"][/our-packages]</div><div>[cover-banner title=\"Search Perfect Place In Your City\" bg=\"banners/banner-2.jpg\" btntext=\"Explore More Property\" btnlink=\"#\"]We post regulary most powerful articles for help and support.[/cover-banner]</div><div>[latest-news title=\"News By Resido,3\"]At vero eos et accusamus et iusto odio dignissimos ducimus qui blanditiis praesentium voluptatum deleniti atque corrupti quos dolores[/latest-news]</div>',1,NULL,'homepage',NULL,'published','2023-07-02 05:01:59','2023-07-02 05:01:59'),
(4,'Home layout 4','<div>[hero-banner title=\"Find Your Place<br>of Dream\" bg=\"banners/banner-6.png\" style=\"4\"]Amet consectetur adipisicing <span class=\"badge badge-success\">New</span>[/hero-banner]</div><div>[static-block alias=\"achievement\"][/static-block]</div><div>[properties-slide title=\"Recent Property For Rent\" limit=\"6\" style=\"1\"]At vero eos et accusamus et iusto odio dignissimos ducimus qui blanditiis praesentium voluptatum deleniti atque corrupti quos dolores[/properties-slide]</div><div>[featured-properties title=\"Explore Good Places\" limit=\"6\" type=\"2\"]At vero eos et accusamus et iusto odio dignissimos ducimus qui blanditiis praesentium voluptatum deleniti atque corrupti quos dolores[/featured-properties]</div><div>[static-block alias=\"how-it-works\"][/static-block]</div><div>[testimonials title=\"Good Reviews By Customers\" description=\"At vero eos et accusamus et iusto odio dignissimos ducimus qui blanditiis praesentium voluptatum deleniti atque corrupti quos dolores\"][/testimonials]</div><div>[our-packages title=\"See Our Packages\" description=\"At vero eos et accusamus et iusto odio dignissimos ducimus qui blanditiis praesentium voluptatum deleniti atque corrupti quos dolores\"][/our-packages]</div><div>[static-block alias=\"download-app\"][/static-block]</div>',1,NULL,'homepage',NULL,'published','2023-07-02 05:01:59','2023-07-02 05:01:59'),
(5,'Home layout 5','<div>[hero-banner title=\"Find Your Perfect Place.\" bg=\"banners/home-2.png\" style=\"5\"]Amet consectetur adipisicing New[/hero-banner]</div><div>[featured-properties title=\"Explore Good Places\" limit=\"6\" style=\"2\" type=\"2\"]At vero eos et accusamus et iusto odio dignissimos ducimus qui blanditiis praesentium voluptatum deleniti atque corrupti quos dolores[/featured-properties]</div><div>[properties-by-locations title=\"Find By Locations\"]At vero eos et accusamus et iusto odio dignissimos ducimus qui blanditiis praesentium voluptatum deleniti atque corrupti quos dolores[/properties-by-locations]</div><div>[featured-properties title=\"Explore Good Places\" limit=\"6\" style=\"1\" type=\"1\"]At vero eos et accusamus et iusto odio dignissimos ducimus qui blanditiis praesentium voluptatum deleniti atque corrupti quos dolores[/featured-properties]</div><div>[testimonials title=\"Good Reviews By Customers\" description=\"At vero eos et accusamus et iusto odio dignissimos ducimus qui blanditiis praesentium voluptatum deleniti atque corrupti quos dolores\"][/testimonials]</div><div>[our-packages title=\"See Our Packages\" description=\"At vero eos et accusamus et iusto odio dignissimos ducimus qui blanditiis praesentium voluptatum deleniti atque corrupti quos dolores\"][/our-packages]</div><div>[static-block alias=\"download-app\"][/static-block]</div>',1,NULL,'homepage',NULL,'published','2023-07-02 05:01:59','2023-07-02 05:01:59'),
(6,'Home layout 6','<div>[hero-banner title=\"Amet consectetur adipisicing\" bg=\"banners/banner-6.png\" style=\"6\"]Find Your Place <br>Of Dream[/hero-banner]</div><div>[static-block alias=\"achievement\"][/static-block]</div><div>[properties-slide title=\"Recent Property For Rent\" limit=\"6\" style=\"1\"]At vero eos et accusamus et iusto odio dignissimos ducimus qui blanditiis praesentium voluptatum deleniti atque corrupti quos dolores[/properties-slide]</div><div>[properties-by-locations title=\"Find By Locations\"]At vero eos et accusamus et iusto odio dignissimos ducimus qui blanditiis praesentium voluptatum deleniti atque corrupti quos dolores[/properties-by-locations]</div><div>[featured-properties title=\"Explore Good Places\" limit=\"8\" style=\"1\" type=\"2\"]At vero eos et accusamus et iusto odio dignissimos ducimus qui blanditiis praesentium voluptatum deleniti atque corrupti quos dolores[/featured-properties]</div><div>[static-block alias=\"how-it-works\"][/static-block]</div><div>[testimonials title=\"Good Reviews By Customers\" description=\"At vero eos et accusamus et iusto odio dignissimos ducimus qui blanditiis praesentium voluptatum deleniti atque corrupti quos dolores\"][/testimonials]</div><div>[our-packages title=\"See Our Packages\" description=\"At vero eos et accusamus et iusto odio dignissimos ducimus qui blanditiis praesentium voluptatum deleniti atque corrupti quos dolores\"][/our-packages]</div><div>[static-block alias=\"download-app\"][/static-block]</div>',1,NULL,'homepage',NULL,'published','2023-07-02 05:01:59','2023-07-02 05:01:59'),
(7,'Home layout 7','<div>[hero-banner title=\"Find accessible homes to rent\" bg=\"banners/banner-1.jpg\"]</div><div>[featured-properties title=\"Explore Good Places\" limit=\"6\" style=\"1\" type=\"2\"]At vero eos et accusamus et iusto odio dignissimos ducimus qui blanditiis praesentium voluptatum deleniti atque corrupti quos dolores[/featured-properties]</div><div>[properties-by-locations title=\"Find By Locations\"]At vero eos et accusamus et iusto odio dignissimos ducimus qui blanditiis praesentium voluptatum deleniti atque corrupti quos dolores[/properties-by-locations]</div><div>[static-block alias=\"how-it-works\"][/static-block]</div><div>[cover-banner title=\"Search Perfect Place In Your City\" bg=\"banners/banner-2.jpg\" btntext=\"Explore More Property\" btnlink=\"#\"]We post regulary most powerful articles for help and support.[/cover-banner]</div><div>[latest-news title=\"News By Resido,3\"]At vero eos et accusamus et iusto odio dignissimos ducimus qui blanditiis praesentium voluptatum deleniti atque corrupti quos dolores[/latest-news]</div>',1,NULL,'homepage',NULL,'published','2023-07-02 05:01:59','2023-07-02 05:01:59'),
(8,'Home layout 8','<div>[properties-hero-slide limit=\"6\"][/properties-hero-slide]</div><div>[static-block alias=\"how-it-works\"][/static-block]</div><div>[featured-properties title=\"Explore Good Places\" limit=\"6\" style=\"2\" type=\"2\"]At vero eos et accusamus et iusto odio dignissimos ducimus qui blanditiis praesentium voluptatum deleniti atque corrupti quos dolores[/featured-properties]</div><div>[properties-by-locations title=\"Find By Locations\"]At vero eos et accusamus et iusto odio dignissimos ducimus qui blanditiis praesentium voluptatum deleniti atque corrupti quos dolores[/properties-by-locations]</div><div>[testimonials title=\"Good Reviews By Customers\" description=\"At vero eos et accusamus et iusto odio dignissimos ducimus qui blanditiis praesentium voluptatum deleniti atque corrupti quos dolores\"][/testimonials]</div><div>[our-packages title=\"See Our Packages\" description=\"At vero eos et accusamus et iusto odio dignissimos ducimus qui blanditiis praesentium voluptatum deleniti atque corrupti quos dolores\"][/our-packages]</div>',1,NULL,'homepage',NULL,'published','2023-07-02 05:01:59','2023-07-02 05:01:59'),
(9,'Home layout 9','<div>[hero-banner title=\"Find accessible homes to rent\" bg=\"banners/new-banner.jpg\" style=\"2\"]Find Your Perfect Place.[/hero-banner]</div><div>[static-block alias=\"achievement\"][/static-block]</div><div>[properties-slide title=\"Recent Property For Rent\" limit=\"6\"]At vero eos et accusamus et iusto odio dignissimos ducimus qui blanditiis praesentium voluptatum deleniti atque corrupti quos dolores[/properties-slide]</div><div>[featured-properties title=\"Explore Good Places\" limit=\"6\" type=\"2\"]At vero eos et accusamus et iusto odio dignissimos ducimus qui blanditiis praesentium voluptatum deleniti atque corrupti quos dolores[/featured-properties]</div><div>[featured-agents title=\"Explore Featured Agents\"]At vero eos et accusamus et iusto odio dignissimos ducimus qui blanditiis praesentium voluptatum deleniti atque corrupti quos dolores[/featured-agents]</div><div>[testimonials title=\"Good Reviews By Customers\" description=\"At vero eos et accusamus et iusto odio dignissimos ducimus qui blanditiis praesentium voluptatum deleniti atque corrupti quos dolores\"][/testimonials]</div><div>[our-packages title=\"See Our Packages\" description=\"At vero eos et accusamus et iusto odio dignissimos ducimus qui blanditiis praesentium voluptatum deleniti atque corrupti quos dolores\"][/our-packages]</div><div>[static-block alias=\"download-app\"][/static-block]</div>',1,NULL,'homepage',NULL,'published','2023-07-02 05:02:00','2023-07-02 05:02:00'),
(10,'Map Home layout','<div>[hero-banner-style-map][/hero-banner-style-map]</div><div>[static-block alias=\"achievement\"][/static-block]</div><div>[properties-slide title=\"Recent Property For Rent\" limit=\"6\"]At vero eos et accusamus et iusto odio dignissimos ducimus qui blanditiis praesentium voluptatum deleniti atque corrupti quos dolores[/properties-slide]</div><div>[featured-properties title=\"Explore Good Places\" limit=\"6\" type=\"2\"]At vero eos et accusamus et iusto odio dignissimos ducimus qui blanditiis praesentium voluptatum deleniti atque corrupti quos dolores[/featured-properties]</div><div>[static-block alias=\"how-it-works\"][/static-block]</div><div>[testimonials title=\"Good Reviews By Customers\" description=\"At vero eos et accusamus et iusto odio dignissimos ducimus qui blanditiis praesentium voluptatum deleniti atque corrupti quos dolores\"][/testimonials]</div><div>[our-packages title=\"See Our Packages\" description=\"At vero eos et accusamus et iusto odio dignissimos ducimus qui blanditiis praesentium voluptatum deleniti atque corrupti quos dolores\"][/our-packages]</div><div>[static-block alias=\"download-app\"][/static-block]</div>',1,NULL,'homepage',NULL,'published','2023-07-02 05:02:00','2023-07-02 05:02:00'),
(11,'Properties','---',1,NULL,'default',NULL,'published','2023-07-02 05:02:00','2023-07-02 05:02:00'),
(12,'News',' ',1,NULL,'default','See Our Latest Articles &amp; News','published','2023-07-02 05:02:00','2023-07-02 05:02:00'),
(13,'About Us','<p>[static-block alias=\"our-mission\"][/static-block]<br />[static-block alias=\"achievement\"][/static-block]<br />[static-block alias=\"how-it-works\"][/static-block]</p>',1,'mountsmy-logo-400-x-400-px-600-x-600-px-4.png','default','','published','2023-07-02 05:02:00','2024-06-28 08:24:53'),
(14,'Contact Us','<p>[contact-form][/contact-form]<br />&nbsp;</p>\r\n<h3>Directions</h3>\r\n<p>[google-map]<span style=\"font-family: \'-apple-system\', BlinkMacSystemFont, \'Segoe UI\', Roboto, Oxygen, Ubuntu, Cantarell, \'Open Sans\', \'Helvetica Neue\', sans-serif;\">302, Gala Magnes, 380058, Safal Parisar Rd, South Bopal, Bopal, Ahmedabad, Gujarat 380058</span><span style=\"font-family: \'-apple-system\', BlinkMacSystemFont, \'Segoe UI\', Roboto, Oxygen, Ubuntu, Cantarell, \'Open Sans\', \'Helvetica Neue\', sans-serif;\">[/google-map]</span></p>\r\n<p>&nbsp;</p>',1,NULL,'default','','published','2023-07-02 05:02:00','2024-03-02 16:54:27'),
(15,'Terms &amp; Conditions','<p style=\"text-align: justify;\"><span style=\"font-size:16px;\"><span style=\"font-family:Arial,Helvetica,sans-serif;\">Access to and use of the Resido website is subject to the following terms, conditions, and relevant laws of Vietnam.</span></span></p>\n\n                    <h4 style=\"text-align: justify;\"><span style=\"font-size:18px;\"><span style=\"font-family:Arial,Helvetica,sans-serif;\"><strong>1. Copyright</strong></span></span></h4>\n\n                    <p style=\"text-align: justify;\"><span style=\"font-size:16px;\"><span style=\"font-family:Arial,Helvetica,sans-serif;\">Copyrights and other intellectual property rights to all text, images, audio, software and other content on this site are owned by Resido and its affiliates. Users are allowed to view the contents of the website, cite the contents by printing, downloading the hard disk and distributing it to others for non-commercial purposes, providing information or personal purposes. </span></span><span style=\"font-size:16px;\"><span style=\"font-family:Arial,Helvetica,sans-serif;\">Any content from this site may not be used for sale or distribution for profit, nor may it be edited or included in any other publication or website.</span></span></p>\n\n                    <h4 style=\"text-align: justify;\"><span style=\"font-size:18px;\"><span style=\"font-family:Arial,Helvetica,sans-serif;\"><strong>2. Content</strong></span></span></h4>\n\n                    <p style=\"text-align: justify;\"><span style=\"font-size:16px;\"><span style=\"font-family:Arial,Helvetica,sans-serif;\">The information on this website is compiled with great confidence but for general information research purposes only. While we endeavor to maintain updated and accurate information, we make no representations or warranties in any manner regarding completeness, accuracy, reliability, appropriateness or availability in relation to web site, or related information, product, service, or image within the website for any purpose. </span></span></p>\n\n                        <p style=\"text-align: justify;\"><span style=\"font-size:16px;\"><span style=\"font-family:Arial,Helvetica,sans-serif;\">Resido and its employees, managers, and agents are not responsible for any loss, damage or expense incurred as a result of accessing and using this website and the sites. </span></span><span style=\"font-size:16px;\"><span style=\"font-family:Arial,Helvetica,sans-serif;\">The web is connected to it, including but not limited to, loss of profits, direct or indirect losses. We are also not responsible, or jointly responsible, if the site is temporarily inaccessible due to technical issues beyond our control. Any comments, suggestions, images, ideas and other information or materials that users submit to us through this site will become our exclusive property, including the right to may arise in the future associated with us.</span></span></p>\n\n                    <p style=\"text-align: center;\"><span style=\"font-size:16px;\"><span style=\"font-family:Arial,Helvetica,sans-serif;\"><img alt=\"\" src=\"https://flex-home.botble.com/storage/general/copyright.jpg\" style=\"width: 90%;\" /></span></span></p>\n\n                    <h4 style=\"text-align: justify;\"><span style=\"font-size:18px;\"><span style=\"font-family:Arial,Helvetica,sans-serif;\"><strong>3. Note on&nbsp;connected sites</strong></span></span></h4>\n\n                    <p style=\"text-align: justify;\"><span style=\"font-size:16px;\"><span style=\"font-family:Arial,Helvetica,sans-serif;\">At many points in the website, users can get links to other websites related to a specific aspect. This does not mean that we are related to the websites or companies that own these websites. Although we intend to connect users to sites of interest, we are not responsible or jointly responsible for our employees, managers, or representatives. with other websites and information contained therein.</span></span></p>\n                ',1,NULL,'default','Copyrights and other intellectual property rights to all text, images, audio, software and other content on this site are owned by Resido and its affiliates. Users are allowed to view the contents of the website, cite the contents by printing, downloading the hard disk and distributing it to others for non-commercial purposes.','published','2023-07-02 05:02:00','2023-07-02 05:02:00'),
(16,'Cookie Policy','<h3>EU Cookie Consent</h3><p>To use this website we are using Cookies and collecting some Data. To be compliant with the EU GDPR we give you to choose if you allow us to use certain Cookies and to collect some Data.</p><h4>Essential Data</h4><p>The Essential Data is needed to run the Site you are visiting technically. You can not deactivate them.</p><p>- Session Cookie: PHP uses a Cookie to identify user sessions. Without this Cookie the Website is not working.</p><p>- XSRF-Token Cookie: Laravel automatically generates a CSRF \"token\" for each active user session managed by the application. This token is used to verify that the authenticated user is the one actually making the requests to the application.</p>',1,NULL,'default',NULL,'published','2023-07-02 05:02:00','2023-07-02 05:02:00'),
(17,'About Us','<p>[cover-banner title=\"About Us\" bg=\"<span style=\"font-family: Arial, sans-serif; font-size: 11pt; white-space-collapse: preserve;\">projects/10.jpg</span>\" btntext=\"Get in touch!\" btnlink=\"https://ganesharealtor.mountsmy.com/contact\"]Ganesha Realtor is a professional and trustworthy real estate consultant since 2015.&nbsp;&nbsp; [/cover-banner][featured-agents title=\"Know More About Ganesha Realtor.\"]Ganesha realtor is a professional and trustworthy real estate consultant since 2015.[/featured-agents][google-map]302, Gala Magnes, 380058, Safal Parisar Rd, South Bopal, Bopal, Ahmedabad, Gujarat 380058[/google-map]</p>',3,'general/gr-about-us.png','homepage','Know More About Ganesha Realtor.','published','2024-01-06 15:27:27','2024-06-28 08:24:18');

--
-- Table structure for table `pages_translations`
--

CREATE TABLE `pages_translations` (
  `lang_code` varchar(191) NOT NULL,
  `pages_id` bigint(20) unsigned NOT NULL,
  `name` varchar(255) DEFAULT NULL,
  `description` varchar(400) DEFAULT NULL,
  `content` longtext DEFAULT NULL,
  PRIMARY KEY (`lang_code`,`pages_id`)
) ENGINE=InnoDB DEFAULT CHARSET=utf8mb4 COLLATE=utf8mb4_unicode_ci;

--
-- Dumping data for table `pages_translations`
--

INSERT INTO `pages_translations` VALUES
('vi',1,'Trang chủ',NULL,'<div>[hero-banner title=\"Find accessible homes to rent\" bg=\"banners/banner-1.jpg\"][/hero-banner]</div><div>[static-block alias=\"how-it-works\"][/static-block]</div><div>[featured-properties title=\"Explore Good Places\" limit=\"6\" style=\"2\" type=\"2\"]At vero eos et accusamus et iusto odio dignissimos ducimus qui blanditiis praesentium voluptatum deleniti atque corrupti quos dolores[/featured-properties]</div><div>[properties-by-locations title=\"Find By Locations\"]At vero eos et accusamus et iusto odio dignissimos ducimus qui blanditiis praesentium voluptatum deleniti atque corrupti quos dolores[/properties-by-locations]</div><div>[testimonials title=\"Good Reviews By Customers\" description=\"At vero eos et accusamus et iusto odio dignissimos ducimus qui blanditiis praesentium voluptatum deleniti atque corrupti quos dolores\"][/testimonials]</div><div>[our-packages title=\"See Our Packages\" description=\"At vero eos et accusamus et iusto odio dignissimos ducimus qui blanditiis praesentium voluptatum deleniti atque corrupti quos dolores\"][/our-packages]</div><div>[recently-viewed-properties title=\"Recently Viewed Properties\" subtitle=\"Your currently viewed properties.\"][/recently-viewed-properties]</div>'),
('vi',2,'Trang chủ 2',NULL,'<div>[hero-banner title=\"Find accessible homes to rent\" bg=\"banners/banner-svg.jpg\" style=\"2\"]Find Your Perfect Place.[/hero-banner]</div><div>[static-block alias=\"achievement\"][/static-block]</div><div>[properties-slide title=\"Recent Property For Rent\" limit=\"6\"]At vero eos et accusamus et iusto odio dignissimos ducimus qui blanditiis praesentium voluptatum deleniti atque corrupti quos dolores[/properties-slide]</div><div>[featured-properties title=\"Featured Property For Sale\" limit=\"6\" style=\"1\" type=\"2\"]At vero eos et accusamus et iusto odio dignissimos ducimus qui blanditiis praesentium voluptatum deleniti atque corrupti quos dolores[/featured-properties]</div><div>[featured-agents title=\"Explore Featured Agents\"]At vero eos et accusamus et iusto odio dignissimos ducimus qui blanditiis praesentium voluptatum deleniti atque corrupti quos dolores[/featured-agents]</div><div>[testimonials title=\"Good Reviews By Customers\" description=\"At vero eos et accusamus et iusto odio dignissimos ducimus qui blanditiis praesentium voluptatum deleniti atque corrupti quos dolores\"][/testimonials]</div><div>[our-packages title=\"See Our Packages\" description=\"At vero eos et accusamus et iusto odio dignissimos ducimus qui blanditiis praesentium voluptatum deleniti atque corrupti quos dolores\"][/our-packages]</div><div>[static-block alias=\"download-app\"][/static-block]</div>'),
('vi',3,'Trang chủ 3',NULL,'<div>[hero-banner title=\"Find Your Property\" bg=\"banners/banner-3.jpg\" style=\"3\" overlay=\"6\"]From as low as $10 per day with limited time offer[/hero-banner]</div><div>[featured-properties title=\"Explore Good Places\" limit=\"6\" style=\"2\" type=\"2\"]At vero eos et accusamus et iusto odio dignissimos ducimus qui blanditiis praesentium voluptatum deleniti atque corrupti quos dolores[/featured-properties]</div><div>[properties-by-locations title=\"Find By Locations\"]At vero eos et accusamus et iusto odio dignissimos ducimus qui blanditiis praesentium voluptatum deleniti atque corrupti quos dolores[/properties-by-locations]</div><div>[static-block alias=\"how-it-works\"][/static-block]</div><div>[testimonials title=\"Good Reviews By Customers\" description=\"At vero eos et accusamus et iusto odio dignissimos ducimus qui blanditiis praesentium voluptatum deleniti atque corrupti quos dolores\"][/testimonials]</div><div>[our-packages title=\"See Our Packages\" description=\"At vero eos et accusamus et iusto odio dignissimos ducimus qui blanditiis praesentium voluptatum deleniti atque corrupti quos dolores\"][/our-packages]</div><div>[cover-banner title=\"Search Perfect Place In Your City\" bg=\"banners/banner-2.jpg\" btntext=\"Explore More Property\" btnlink=\"#\"]We post regulary most powerful articles for help and support.[/cover-banner]</div><div>[latest-news title=\"News By Resido,3\"]At vero eos et accusamus et iusto odio dignissimos ducimus qui blanditiis praesentium voluptatum deleniti atque corrupti quos dolores[/latest-news]</div>'),
('vi',4,'Trang chủ 4',NULL,'<div>[hero-banner title=\"Find Your Place<br>of Dream\" bg=\"banners/banner-6.png\" style=\"4\"]Amet consectetur adipisicing <span class=\"badge badge-success\">New</span>[/hero-banner]</div><div>[static-block alias=\"achievement\"][/static-block]</div><div>[properties-slide title=\"Recent Property For Rent\" limit=\"6\" style=\"1\"]At vero eos et accusamus et iusto odio dignissimos ducimus qui blanditiis praesentium voluptatum deleniti atque corrupti quos dolores[/properties-slide]</div><div>[featured-properties title=\"Explore Good Places\" limit=\"6\" type=\"2\"]At vero eos et accusamus et iusto odio dignissimos ducimus qui blanditiis praesentium voluptatum deleniti atque corrupti quos dolores[/featured-properties]</div><div>[static-block alias=\"how-it-works\"][/static-block]</div><div>[testimonials title=\"Good Reviews By Customers\" description=\"At vero eos et accusamus et iusto odio dignissimos ducimus qui blanditiis praesentium voluptatum deleniti atque corrupti quos dolores\"][/testimonials]</div><div>[our-packages title=\"See Our Packages\" description=\"At vero eos et accusamus et iusto odio dignissimos ducimus qui blanditiis praesentium voluptatum deleniti atque corrupti quos dolores\"][/our-packages]</div><div>[static-block alias=\"download-app\"][/static-block]</div>'),
('vi',5,'Trang chủ 5',NULL,'<div>[hero-banner title=\"Find Your Perfect Place.\" bg=\"banners/home-2.png\" style=\"5\"]Amet consectetur adipisicing New[/hero-banner]</div><div>[featured-properties title=\"Explore Good Places\" limit=\"6\" style=\"2\" type=\"2\"]At vero eos et accusamus et iusto odio dignissimos ducimus qui blanditiis praesentium voluptatum deleniti atque corrupti quos dolores[/featured-properties]</div><div>[properties-by-locations title=\"Find By Locations\"]At vero eos et accusamus et iusto odio dignissimos ducimus qui blanditiis praesentium voluptatum deleniti atque corrupti quos dolores[/properties-by-locations]</div><div>[featured-properties title=\"Explore Good Places\" limit=\"6\" style=\"1\" type=\"1\"]At vero eos et accusamus et iusto odio dignissimos ducimus qui blanditiis praesentium voluptatum deleniti atque corrupti quos dolores[/featured-properties]</div><div>[testimonials title=\"Good Reviews By Customers\" description=\"At vero eos et accusamus et iusto odio dignissimos ducimus qui blanditiis praesentium voluptatum deleniti atque corrupti quos dolores\"][/testimonials]</div><div>[our-packages title=\"See Our Packages\" description=\"At vero eos et accusamus et iusto odio dignissimos ducimus qui blanditiis praesentium voluptatum deleniti atque corrupti quos dolores\"][/our-packages]</div><div>[static-block alias=\"download-app\"][/static-block]</div>'),
('vi',6,'Trang chủ 6',NULL,'<div>[hero-banner title=\"Amet consectetur adipisicing\" bg=\"banners/banner-6.png\" style=\"6\"]Find Your Place <br>Of Dream[/hero-banner]</div><div>[static-block alias=\"achievement\"][/static-block]</div><div>[properties-slide title=\"Recent Property For Rent\" limit=\"6\" style=\"1\"]At vero eos et accusamus et iusto odio dignissimos ducimus qui blanditiis praesentium voluptatum deleniti atque corrupti quos dolores[/properties-slide]</div><div>[properties-by-locations title=\"Find By Locations\"]At vero eos et accusamus et iusto odio dignissimos ducimus qui blanditiis praesentium voluptatum deleniti atque corrupti quos dolores[/properties-by-locations]</div><div>[featured-properties title=\"Explore Good Places\" limit=\"8\" style=\"1\" type=\"2\"]At vero eos et accusamus et iusto odio dignissimos ducimus qui blanditiis praesentium voluptatum deleniti atque corrupti quos dolores[/featured-properties]</div><div>[static-block alias=\"how-it-works\"][/static-block]</div><div>[testimonials title=\"Good Reviews By Customers\" description=\"At vero eos et accusamus et iusto odio dignissimos ducimus qui blanditiis praesentium voluptatum deleniti atque corrupti quos dolores\"][/testimonials]</div><div>[our-packages title=\"See Our Packages\" description=\"At vero eos et accusamus et iusto odio dignissimos ducimus qui blanditiis praesentium voluptatum deleniti atque corrupti quos dolores\"][/our-packages]</div><div>[static-block alias=\"download-app\"][/static-block]</div>'),
('vi',7,'Trang chủ 7',NULL,'<div>[hero-banner title=\"Find accessible homes to rent\" bg=\"banners/banner-1.jpg\"]</div><div>[featured-properties title=\"Explore Good Places\" limit=\"6\" style=\"1\" type=\"2\"]At vero eos et accusamus et iusto odio dignissimos ducimus qui blanditiis praesentium voluptatum deleniti atque corrupti quos dolores[/featured-properties]</div><div>[properties-by-locations title=\"Find By Locations\"]At vero eos et accusamus et iusto odio dignissimos ducimus qui blanditiis praesentium voluptatum deleniti atque corrupti quos dolores[/properties-by-locations]</div><div>[static-block alias=\"how-it-works\"][/static-block]</div><div>[cover-banner title=\"Search Perfect Place In Your City\" bg=\"banners/banner-2.jpg\" btntext=\"Explore More Property\" btnlink=\"#\"]We post regulary most powerful articles for help and support.[/cover-banner]</div><div>[latest-news title=\"News By Resido,3\"]At vero eos et accusamus et iusto odio dignissimos ducimus qui blanditiis praesentium voluptatum deleniti atque corrupti quos dolores[/latest-news]</div>'),
('vi',8,'Trang chủ 8',NULL,'<div>[properties-hero-slide limit=\"6\"][/properties-hero-slide]</div><div>[static-block alias=\"how-it-works\"][/static-block]</div><div>[featured-properties title=\"Explore Good Places\" limit=\"6\" style=\"2\" type=\"2\"]At vero eos et accusamus et iusto odio dignissimos ducimus qui blanditiis praesentium voluptatum deleniti atque corrupti quos dolores[/featured-properties]</div><div>[properties-by-locations title=\"Find By Locations\"]At vero eos et accusamus et iusto odio dignissimos ducimus qui blanditiis praesentium voluptatum deleniti atque corrupti quos dolores[/properties-by-locations]</div><div>[testimonials title=\"Good Reviews By Customers\" description=\"At vero eos et accusamus et iusto odio dignissimos ducimus qui blanditiis praesentium voluptatum deleniti atque corrupti quos dolores\"][/testimonials]</div><div>[our-packages title=\"See Our Packages\" description=\"At vero eos et accusamus et iusto odio dignissimos ducimus qui blanditiis praesentium voluptatum deleniti atque corrupti quos dolores\"][/our-packages]</div>'),
('vi',9,'Trang chủ 9',NULL,'<div>[hero-banner title=\"Find accessible homes to rent\" bg=\"banners/new-banner.jpg\" style=\"2\"]Find Your Perfect Place.[/hero-banner]</div><div>[static-block alias=\"achievement\"][/static-block]</div><div>[properties-slide title=\"Recent Property For Rent\" limit=\"6\"]At vero eos et accusamus et iusto odio dignissimos ducimus qui blanditiis praesentium voluptatum deleniti atque corrupti quos dolores[/properties-slide]</div><div>[featured-properties title=\"Explore Good Places\" limit=\"6\" type=\"2\"]At vero eos et accusamus et iusto odio dignissimos ducimus qui blanditiis praesentium voluptatum deleniti atque corrupti quos dolores[/featured-properties]</div><div>[featured-agents title=\"Explore Featured Agents\"]At vero eos et accusamus et iusto odio dignissimos ducimus qui blanditiis praesentium voluptatum deleniti atque corrupti quos dolores[/featured-agents]</div><div>[testimonials title=\"Good Reviews By Customers\" description=\"At vero eos et accusamus et iusto odio dignissimos ducimus qui blanditiis praesentium voluptatum deleniti atque corrupti quos dolores\"][/testimonials]</div><div>[our-packages title=\"See Our Packages\" description=\"At vero eos et accusamus et iusto odio dignissimos ducimus qui blanditiis praesentium voluptatum deleniti atque corrupti quos dolores\"][/our-packages]</div><div>[static-block alias=\"download-app\"][/static-block]</div>'),
('vi',10,'Trang chủ bản đồ',NULL,'<div>[hero-banner-style-map][/hero-banner-style-map]</div><div>[static-block alias=\"achievement\"][/static-block]</div><div>[properties-slide title=\"Recent Property For Rent\" limit=\"6\"]At vero eos et accusamus et iusto odio dignissimos ducimus qui blanditiis praesentium voluptatum deleniti atque corrupti quos dolores[/properties-slide]</div><div>[featured-properties title=\"Explore Good Places\" limit=\"6\" type=\"2\"]At vero eos et accusamus et iusto odio dignissimos ducimus qui blanditiis praesentium voluptatum deleniti atque corrupti quos dolores[/featured-properties]</div><div>[static-block alias=\"how-it-works\"][/static-block]</div><div>[testimonials title=\"Good Reviews By Customers\" description=\"At vero eos et accusamus et iusto odio dignissimos ducimus qui blanditiis praesentium voluptatum deleniti atque corrupti quos dolores\"][/testimonials]</div><div>[our-packages title=\"See Our Packages\" description=\"At vero eos et accusamus et iusto odio dignissimos ducimus qui blanditiis praesentium voluptatum deleniti atque corrupti quos dolores\"][/our-packages]</div><div>[static-block alias=\"download-app\"][/static-block]</div>'),
('vi',11,'Properties list',NULL,'---'),
('vi',12,'Tin tức',NULL,'---'),
('vi',13,'Về chúng tôi','Chúng tôi là ai và nhiệm vụ của chúng tôi','<div>[static-block alias=\"our-story\"][/static-block]</div><div>[static-block alias=\"our-mission\"][/static-block]</div>'),
('vi',14,'Liên hệ',NULL,'<div>[contact-form][/contact-form]</div><h3>Tìm đường đi</h3><div>[google-map]North Link Building, 10 Admiralty Street, 757695 Singapore[/google-map]</div>'),
('vi',15,'Điều khoản và quy định','Quyền tác giả và các quyền sở hữu trí tuệ khác đối với mọi văn bản, hình ảnh, âm thanh, phần mềm và các nội dung khác trên trang web này thuộc quyền sở hữu của Resido cùng các công ty thành viên. Người truy cập được phép xem các nội dung trong trang web, trích dẫn nội dung bằng cách in ấn, tải về đĩa cứng và phân phát cho người khác chỉ với mục đích phi thương mại.','<p style=\"text-align: justify;\"><span style=\"font-size:16px;\"><span style=\"font-family:Arial,Helvetica,sans-serif;\">Việc truy cập v&agrave; sử dụng trang web của Resido phụ thuộc v&agrave;o những điều khoản, điều kiện dưới đ&acirc;y, v&agrave; luật ph&aacute;p li&ecirc;n quan của Việt Nam.</span></span></p>\n\n                    <h4 style=\"text-align: justify;\"><span style=\"font-size:18px;\"><span style=\"font-family:Arial,Helvetica,sans-serif;\"><strong>1. Quyền t&aacute;c giả&nbsp;</strong></span></span></h4>\n\n                    <p style=\"text-align: justify;\"><span style=\"font-size:16px;\"><span style=\"font-family:Arial,Helvetica,sans-serif;\">Quyền t&aacute;c giả v&agrave; c&aacute;c quyền sở hữu tr&iacute; tuệ kh&aacute;c đối với mọi văn bản, h&igrave;nh ảnh, &acirc;m thanh, phần mềm v&agrave; c&aacute;c nội dung kh&aacute;c tr&ecirc;n trang web n&agrave;y thuộc quyền sở hữu của Resido c&ugrave;ng c&aacute;c c&ocirc;ng ty th&agrave;nh vi&ecirc;n. Người truy cập được ph&eacute;p xem c&aacute;c nội dung trong trang web, tr&iacute;ch dẫn nội dung bằng c&aacute;ch in ấn, tải về đĩa cứng v&agrave; ph&acirc;n ph&aacute;t cho người kh&aacute;c chỉ với mục đ&iacute;ch phi thương mại, cung cấp th&ocirc;ng tin hoặc mục đ&iacute;ch c&aacute; nh&acirc;n. Bất kể nội dung n&agrave;o từ trang web n&agrave;y đều kh&ocirc;ng được sử dụng để b&aacute;n hoặc ph&acirc;n t&aacute;n để kiếm lợi v&agrave; cũng kh&ocirc;ng được chỉnh sửa hoặc đưa v&agrave;o bất kỳ ấn phẩm hoặc trang web n&agrave;o kh&aacute;c.</span></span></p>\n\n                    <h4 style=\"text-align: justify;\"><span style=\"font-size:18px;\"><span style=\"font-family:Arial,Helvetica,sans-serif;\"><strong>2. Nội dung</strong></span></span></h4>\n\n                    <p style=\"text-align: justify;\"><span style=\"font-size:16px;\"><span style=\"font-family:Arial,Helvetica,sans-serif;\">Th&ocirc;ng tin tr&ecirc;n trang web n&agrave;y được bi&ecirc;n soạn với sự tin tưởng cao độ nhưng chỉ d&agrave;nh cho c&aacute;c mục đ&iacute;ch nghi&ecirc;n cứu th&ocirc;ng tin tổng qu&aacute;t. Tuy ch&uacute;ng t&ocirc;i nỗ lực duy tr&igrave; th&ocirc;ng tin cập nhật v&agrave; chuẩn x&aacute;c, nhưng ch&uacute;ng t&ocirc;i kh&ocirc;ng khẳng định hay bảo đảm theo bất kỳ c&aacute;ch thức n&agrave;o về sự đầy đủ, ch&iacute;nh x&aacute;c, đ&aacute;ng tin cậy, th&iacute;ch hợp hoặc c&oacute; sẵn li&ecirc;n quan đến trang web, hoặc th&ocirc;ng tin, sản phẩm, dịch vụ, hoặc h&igrave;nh ảnh li&ecirc;n quan trong trang web v&igrave; bất cứ mục đ&iacute;ch g&igrave;. </span></span></p>\n\n                    <p style=\"text-align: justify;\"><span style=\"font-size:16px;\"><span style=\"font-family:Arial,Helvetica,sans-serif;\">Resido v&agrave; mọi nh&acirc;n vi&ecirc;n, nh&agrave; quản l&yacute;, v&agrave; c&aacute;c b&ecirc;n đại diện ho&agrave;n to&agrave;n kh&ocirc;ng chịu tr&aacute;ch nhiệm g&igrave; đối với bất kỳ tổn thất, thiệt hại hoặc chi ph&iacute; ph&aacute;t sinh do việc truy cập v&agrave; sử dụng trang web n&agrave;y v&agrave; c&aacute;c trang web được kết nối với n&oacute;, bao gồm nhưng kh&ocirc;ng giới hạn, việc mất đi lợi nhuận, c&aacute;c khoản lỗ trực tiếp hoặc gi&aacute;n tiếp. Ch&uacute;ng t&ocirc;i cũng kh&ocirc;ng chịu tr&aacute;ch nhiệm, hoặc li&ecirc;n đới tr&aacute;ch nhiệm nếu trang web tạm thời kh&ocirc;ng thể truy cập do c&aacute;c vấn đề kỹ thuật nằm ngo&agrave;i tầm kiểm so&aacute;t của ch&uacute;ng t&ocirc;i. Mọi b&igrave;nh luận, gợi &yacute;, h&igrave;nh ảnh, &yacute; tưởng v&agrave; những th&ocirc;ng tin hay t&agrave;i liệu kh&aacute;c m&agrave; người sử dụng chuyển cho ch&uacute;ng t&ocirc;i th&ocirc;ng qua trang web n&agrave;y sẽ trở th&agrave;nh t&agrave;i sản độc quyền của ch&uacute;ng t&ocirc;i, bao gồm cả c&aacute;c quyền c&oacute; thể ph&aacute;t sinh trong tương lai gắn liền với ch&uacute;ng t&ocirc;i.</span></span></p>\n\n                    <p style=\"text-align:center\"><img alt=\"\" src=\"https://flex-home.botble.com/storage/general/copyright.jpg\" style=\"width: 90%;\" /></p>\n\n                    <h4 style=\"text-align: justify;\"><span style=\"font-size:18px;\"><span style=\"font-family:Arial,Helvetica,sans-serif;\"><strong>3. Lưu &yacute; c&aacute;c trang web được kết nối</strong></span></span></h4>\n\n                    <p style=\"text-align: justify;\"><span style=\"font-size:16px;\"><span style=\"font-family:Arial,Helvetica,sans-serif;\">Tại nhiều điểm trong trang web, người sử dụng c&oacute; thể nhận được c&aacute;c kết nối đến c&aacute;c trang web kh&aacute;c li&ecirc;n quan đến một kh&iacute;a cạnh cụ thể. Điều n&agrave;y kh&ocirc;ng c&oacute; nghĩa l&agrave; ch&uacute;ng t&ocirc;i c&oacute; li&ecirc;n quan đến những trang web hay c&ocirc;ng ty sở hữu những trang web n&agrave;y. D&ugrave; ch&uacute;ng t&ocirc;i c&oacute; &yacute; định kết nối người sử dụng đến c&aacute;c trang web cần quan t&acirc;m, nhưng ch&uacute;ng t&ocirc;i v&agrave; c&aacute;c nh&acirc;n vi&ecirc;n, nh&agrave; quản l&yacute;, hoặc c&aacute;c b&ecirc;n đại diện ho&agrave;n to&agrave;n kh&ocirc;ng chịu tr&aacute;ch nhiệm hoặc li&ecirc;n đới chịu tr&aacute;ch nhiệm g&igrave; đối với c&aacute;c trang web kh&aacute;c v&agrave; th&ocirc;ng tin chứa đựng trong đ&oacute;.</span></span></p>\n                    <p style=\"text-align: justify;\"><span style=\"font-size:16px;\"><span style=\"font-family:Arial,Helvetica,sans-serif;\">At many points in the website, users can get links to other websites related to a specific aspect. This does not mean that we are related to the websites or companies that own these websites. Although we intend to connect users to sites of interest, we are not responsible or jointly responsible for our employees, managers, or representatives. with other websites and information contained therein.</span></span></p>\n                    '),
('vi',16,'Cookie Policy',NULL,'<h3>EU Cookie Consent</h3><p>Để sử dụng trang web này, chúng tôi đang sử dụng Cookie và thu thập một số Dữ liệu. Để tuân thủ GDPR của Liên minh Châu Âu, chúng tôi cho bạn lựa chọn nếu bạn cho phép chúng tôi sử dụng một số Cookie nhất định và thu thập một số Dữ liệu.</p><h4>Dữ liệu cần thiết</h4><p>Dữ liệu cần thiết là cần thiết để chạy Trang web bạn đang truy cập về mặt kỹ thuật. Bạn không thể hủy kích hoạt chúng.</p><p>- Session Cookie: PHP sử dụng Cookie để xác định phiên của người dùng. Nếu không có Cookie này, trang web sẽ không hoạt động.</p><p>- XSRF-Token Cookie: Laravel tự động tạo \"token\" CSRF cho mỗi phiên người dùng đang hoạt động do ứng dụng quản lý. Token này được sử dụng để xác minh rằng người dùng đã xác thực là người thực sự đưa ra yêu cầu đối với ứng dụng.</p>');

--
-- Table structure for table `password_reset_tokens`
--

CREATE TABLE `password_reset_tokens` (
  `email` varchar(191) NOT NULL,
  `token` varchar(191) NOT NULL,
  `created_at` timestamp NULL DEFAULT NULL,
  PRIMARY KEY (`email`)
) ENGINE=InnoDB DEFAULT CHARSET=utf8mb4 COLLATE=utf8mb4_unicode_ci;

--
-- Dumping data for table `password_reset_tokens`
--


--
-- Table structure for table `payments`
--

CREATE TABLE `payments` (
  `id` bigint(20) unsigned NOT NULL AUTO_INCREMENT,
  `currency` varchar(120) DEFAULT NULL,
  `user_id` bigint(20) unsigned NOT NULL DEFAULT 0,
  `charge_id` varchar(255) DEFAULT NULL,
  `payment_channel` varchar(60) DEFAULT NULL,
  `description` varchar(255) DEFAULT NULL,
  `amount` decimal(15,2) unsigned NOT NULL,
  `order_id` bigint(20) unsigned DEFAULT NULL,
  `status` varchar(60) DEFAULT 'pending',
  `payment_type` varchar(191) DEFAULT 'confirm',
  `customer_id` bigint(20) unsigned DEFAULT NULL,
  `refunded_amount` decimal(15,2) unsigned DEFAULT NULL,
  `refund_note` varchar(255) DEFAULT NULL,
  `created_at` timestamp NULL DEFAULT NULL,
  `updated_at` timestamp NULL DEFAULT NULL,
  `customer_type` varchar(255) DEFAULT NULL,
  `metadata` mediumtext DEFAULT NULL,
  PRIMARY KEY (`id`)
) ENGINE=InnoDB DEFAULT CHARSET=utf8mb4 COLLATE=utf8mb4_unicode_ci;

--
-- Dumping data for table `payments`
--


--
-- Table structure for table `personal_access_tokens`
--

CREATE TABLE `personal_access_tokens` (
  `id` bigint(20) unsigned NOT NULL AUTO_INCREMENT,
  `tokenable_type` varchar(191) NOT NULL,
  `tokenable_id` bigint(20) unsigned NOT NULL,
  `name` varchar(191) NOT NULL,
  `token` varchar(64) NOT NULL,
  `abilities` text DEFAULT NULL,
  `last_used_at` timestamp NULL DEFAULT NULL,
  `expires_at` timestamp NULL DEFAULT NULL,
  `created_at` timestamp NULL DEFAULT NULL,
  `updated_at` timestamp NULL DEFAULT NULL,
  PRIMARY KEY (`id`),
  UNIQUE KEY `personal_access_tokens_token_unique` (`token`),
  KEY `personal_access_tokens_tokenable_type_tokenable_id_index` (`tokenable_type`,`tokenable_id`)
) ENGINE=InnoDB DEFAULT CHARSET=utf8mb4 COLLATE=utf8mb4_unicode_ci;

--
-- Dumping data for table `personal_access_tokens`
--


--
-- Table structure for table `post_categories`
--

CREATE TABLE `post_categories` (
  `category_id` bigint(20) unsigned NOT NULL,
  `post_id` bigint(20) unsigned NOT NULL,
  KEY `post_categories_category_id_index` (`category_id`),
  KEY `post_categories_post_id_index` (`post_id`)
) ENGINE=InnoDB DEFAULT CHARSET=utf8mb4 COLLATE=utf8mb4_unicode_ci;

--
-- Dumping data for table `post_categories`
--

INSERT INTO `post_categories` VALUES
(1,1),
(2,1),
(3,1),
(4,1),
(1,2),
(2,2),
(3,2),
(4,2),
(1,3),
(2,3),
(3,3),
(4,3),
(1,4),
(2,4),
(3,4),
(4,4),
(1,5),
(2,5),
(3,5),
(4,5),
(1,6),
(2,6),
(3,6),
(4,6),
(1,7),
(2,7),
(3,7),
(4,7),
(1,8),
(2,8),
(3,8),
(4,8),
(1,9),
(2,9),
(3,9),
(4,9),
(1,10),
(2,10),
(3,10),
(4,10),
(1,11),
(2,11),
(3,11),
(4,11),
(1,12),
(2,12),
(3,12),
(4,12),
(1,13),
(2,13),
(3,13),
(4,13),
(1,14),
(2,14),
(3,14),
(4,14),
(1,15),
(2,15),
(3,15),
(4,15),
(1,16),
(2,16),
(3,16),
(4,16),
(5,17);

--
-- Table structure for table `post_tags`
--

CREATE TABLE `post_tags` (
  `tag_id` bigint(20) unsigned NOT NULL,
  `post_id` bigint(20) unsigned NOT NULL,
  KEY `post_tags_tag_id_index` (`tag_id`),
  KEY `post_tags_post_id_index` (`post_id`)
) ENGINE=InnoDB DEFAULT CHARSET=utf8mb4 COLLATE=utf8mb4_unicode_ci;

--
-- Dumping data for table `post_tags`
--

INSERT INTO `post_tags` VALUES
(1,1),
(2,1),
(3,1),
(4,1),
(5,1),
(1,2),
(2,2),
(3,2),
(4,2),
(5,2),
(1,3),
(2,3),
(3,3),
(4,3),
(5,3),
(1,4),
(2,4),
(3,4),
(4,4),
(5,4),
(1,5),
(2,5),
(3,5),
(4,5),
(5,5),
(1,6),
(2,6),
(3,6),
(4,6),
(5,6),
(1,7),
(2,7),
(3,7),
(4,7),
(5,7),
(1,8),
(2,8),
(3,8),
(4,8),
(5,8),
(1,9),
(2,9),
(3,9),
(4,9),
(5,9),
(1,10),
(2,10),
(3,10),
(4,10),
(5,10),
(1,11),
(2,11),
(3,11),
(4,11),
(5,11),
(1,12),
(2,12),
(3,12),
(4,12),
(5,12),
(1,13),
(2,13),
(3,13),
(4,13),
(5,13),
(1,14),
(2,14),
(3,14),
(4,14),
(5,14),
(1,15),
(2,15),
(3,15),
(4,15),
(5,15),
(1,16),
(2,16),
(3,16),
(4,16),
(5,16);

--
-- Table structure for table `posts`
--

CREATE TABLE `posts` (
  `id` bigint(20) unsigned NOT NULL AUTO_INCREMENT,
  `name` varchar(255) NOT NULL,
  `description` varchar(400) DEFAULT NULL,
  `content` longtext DEFAULT NULL,
  `status` varchar(60) NOT NULL DEFAULT 'published',
  `author_id` bigint(20) unsigned NOT NULL,
  `author_type` varchar(255) NOT NULL DEFAULT 'Botble\\ACL\\Models\\User',
  `is_featured` tinyint(3) unsigned NOT NULL DEFAULT 0,
  `image` varchar(255) DEFAULT NULL,
  `views` int(10) unsigned NOT NULL DEFAULT 0,
  `format_type` varchar(30) DEFAULT NULL,
  `created_at` timestamp NULL DEFAULT NULL,
  `updated_at` timestamp NULL DEFAULT NULL,
  PRIMARY KEY (`id`),
  KEY `status` (`status`),
  KEY `author_id` (`author_id`),
  KEY `author_type` (`author_type`),
  KEY `created_at` (`created_at`)
) ENGINE=InnoDB AUTO_INCREMENT=18 DEFAULT CHARSET=utf8mb4 COLLATE=utf8mb4_unicode_ci;

--
-- Dumping data for table `posts`
--

INSERT INTO `posts` VALUES
(1,'Why people choose listio for own properties','Est quasi hic eveniet enim tempore explicabo et. Vel ipsum et quo perspiciatis. Dolores temporibus ab eum nobis iusto maxime voluptatum. Nam mollitia nobis saepe eos quam incidunt.','<p>[youtube-video]https://www.youtube.com/watch?v=SlPhMPnQ58k[/youtube-video]</p><p>Caterpillar. This was not a moment to think to herself, \'because of his teacup instead of onions.\' Seven flung down his cheeks, he went on talking: \'Dear, dear! How queer everything is queer to-day.\' Just then she walked sadly down the chimney, and said to the puppy; whereupon the puppy began a series of short charges at the Footman\'s head: it just grazed his nose, and broke off a head unless there was no label this time she saw in another moment, when she looked back once or twice, and shook itself. Then it got down off the subjects on his spectacles. \'Where shall I begin, please your Majesty,\' he began. \'You\'re a very humble tone, going down on her spectacles, and began by producing from under his arm a great many teeth, so she went in search of her voice. Nobody moved. \'Who cares for you?\' said Alice, \'but I must sugar my hair.\" As a duck with its mouth and yawned once or twice she had drunk half the bottle, saying to herself in Wonderland, though she looked down at them, and then.</p><p class=\"text-center\"><img src=\"http://resido.local/storage/news/2.jpg\"></p><p>I can guess that,\' she added in an angry voice--the Rabbit\'s--\'Pat! Pat! Where are you?\' said Alice, a good deal until she made it out to her chin upon Alice\'s shoulder, and it sat for a minute or two, which gave the Pigeon had finished. \'As if I chose,\' the Duchess was sitting next to her. The Cat seemed to be said. At last the Mouse, frowning, but very glad that it was certainly English. \'I don\'t see any wine,\' she remarked. \'It tells the day and night! You see the earth takes twenty-four.</p><p class=\"text-center\"><img src=\"http://resido.local/storage/news/6.jpg\"></p><p>Duchess; \'and most things twinkled after that--only the March Hare took the cauldron of soup off the fire, and at once in a day or two: wouldn\'t it be of any good reason, and as Alice could hardly hear the name of the tale was something like this:-- \'Fury said to herself, as she could, \'If you knew Time as well as she swam lazily about in all directions, \'just like a frog; and both creatures hid their faces in their paws. \'And how many hours a day is very confusing.\' \'It isn\'t,\' said the Caterpillar. \'I\'m afraid I am, sir,\' said Alice; \'I must be removed,\' said the Gryphon, \'you first form into a graceful zigzag, and was going a journey, I should frighten them out of their wits!\' So she began shrinking directly. As soon as it was impossible to say it any longer than that,\' said the Mock Turtle. So she set to work at once in the sea. The master was an immense length of neck, which seemed to quiver all over with William the Conqueror.\' (For, with all their simple joys, remembering her.</p><p class=\"text-center\"><img src=\"http://resido.local/storage/news/13.jpg\"></p><p>Queen to play with, and oh! ever so many tea-things are put out here?\' she asked. \'Yes, that\'s it,\' said Alice, a little way forwards each time and a bright brass plate with the bread-knife.\' The March Hare moved into the air, and came flying down upon their faces. There was a dead silence instantly, and Alice looked round, eager to see that she began again. \'I wonder how many miles I\'ve fallen by this time, as it went. So she called softly after it, \'Mouse dear! Do come back and finish your story!\' Alice called out \'The race is over!\' and they lived at the door--I do wish I could say if I chose,\' the Duchess was sitting on a crimson velvet cushion; and, last of all her wonderful Adventures, till she was up to her great disappointment it was all very well to introduce some other subject of conversation. While she was up to Alice, \'Have you guessed the riddle yet?\' the Hatter added as an explanation; \'I\'ve none of my life.\' \'You are old,\' said the youth, \'as I mentioned before, And.</p>','published',1,'Botble\\ACL\\Models\\User',1,'news/1.jpg',2491,NULL,'2023-05-19 13:41:37','2023-07-02 05:02:15'),
(2,'List of benifits and impressive listeo services','A inventore tempora consectetur id quisquam asperiores veniam. Hic consequatur aspernatur enim perferendis est. Temporibus numquam et recusandae aut et nulla.','<p>I\'m a hatter.\' Here the other players, and shouting \'Off with her head!\' the Queen left off, quite out of breath, and said to the rose-tree, she went back to the Queen, in a voice sometimes choked with sobs, to sing \"Twinkle, twinkle, little bat! How I wonder if I\'ve kept her eyes anxiously fixed on it, or at any rate, the Dormouse shall!\' they both cried. \'Wake up, Dormouse!\' And they pinched it on both sides at once. \'Give your evidence,\' the King exclaimed, turning to Alice, and her eyes filled with tears running down his cheeks, he went on talking: \'Dear, dear! How queer everything is to-day! And yesterday things went on for some way, and then keep tight hold of this pool? I am now? That\'ll be a comfort, one way--never to be no use now,\' thought poor Alice, \'when one wasn\'t always growing larger and smaller, and being ordered about by mice and rabbits. I almost wish I hadn\'t drunk quite so much!\' Alas! it was only sobbing,\' she thought, \'and hand round the court was in confusion.</p><p class=\"text-center\"><img src=\"http://resido.local/storage/news/2.jpg\"></p><p>Alice knew it was all dark overhead; before her was another long passage, and the choking of the e--e--evening, Beautiful, beautiful Soup!\' CHAPTER XI. Who Stole the Tarts? The King turned pale, and shut his eyes.--\'Tell her about the crumbs,\' said the Mock Turtle. \'Seals, turtles, salmon, and so on.\' \'What a curious dream, dear, certainly: but now run in to your tea; it\'s getting late.\' So Alice got up and throw us, with the Gryphon. \'Turn a somersault in the distance, and she felt a very.</p><p class=\"text-center\"><img src=\"http://resido.local/storage/news/8.jpg\"></p><p>Dodo, \'the best way to change the subject. \'Ten hours the first really clever thing the King sharply. \'Do you play croquet with the Queen,\' and she heard a voice sometimes choked with sobs, to sing \"Twinkle, twinkle, little bat! How I wonder what was coming. It was as long as it can\'t possibly make me giddy.\' And then, turning to Alice. \'Nothing,\' said Alice. \'Why not?\' said the Cat, as soon as it went. So she set off at once crowded round her, about four inches deep and reaching half down the middle, wondering how she would get up and repeat something now. Tell her to wink with one of the e--e--evening, Beautiful, beauti--FUL SOUP!\' \'Chorus again!\' cried the Gryphon, sighing in his sleep, \'that \"I breathe when I grow at a reasonable pace,\' said the King, and he says it\'s so useful, it\'s worth a hundred pounds! He says it kills all the time at the door with his whiskers!\' For some minutes the whole window!\' \'Sure, it does, yer honour: but it\'s an arm for all that.\' \'With extras?\'.</p><p class=\"text-center\"><img src=\"http://resido.local/storage/news/11.jpg\"></p><p>Gryphon. \'I\'ve forgotten the words.\' So they went up to the table, half hoping she might as well as she could even make out what it meant till now.\' \'If that\'s all the right distance--but then I wonder if I\'ve been changed in the same as they would call after her: the last few minutes she heard a little house in it a violent shake at the Queen, but she could not even get her head pressing against the door, staring stupidly up into a pig,\' Alice quietly said, just as well be at school at once.\' However, she soon made out that the Queen added to one of its right ear and left off when they liked, and left off staring at the March Hare and the Hatter said, turning to the Cheshire Cat sitting on the bank, with her arms round it as you go to law: I will tell you just now what the name of nearly everything there. \'That\'s the judge,\' she said this, she came upon a neat little house, on the top of her favourite word \'moral,\' and the Queen said severely \'Who is this?\' She said it to be afraid.</p>','published',1,'Botble\\ACL\\Models\\User',1,'news/2.jpg',2209,NULL,'2023-02-08 19:34:59','2023-07-02 05:02:15'),
(3,'What People Says About Listio Properties','Sit placeat blanditiis occaecati beatae animi. In harum sed vel qui aspernatur soluta ut. Impedit ipsam id eaque voluptas quaerat.','<p>HAVE my shoulders got to? And oh, my poor hands, how is it I can\'t tell you just now what the name \'W. RABBIT\' engraved upon it. She stretched herself up and said, \'So you did, old fellow!\' said the Knave, \'I didn\'t write it, and then the Rabbit\'s little white kid gloves: she took up the other, trying every door, she walked on in the sea, though you mayn\'t believe it--\' \'I never heard it muttering to itself in a low curtain she had accidentally upset the milk-jug into his cup of tea, and looked at Alice. \'I\'M not a mile high,\' said Alice. \'That\'s very curious!\' she thought. \'I must be Mabel after all, and I had our Dinah here, I know who I am! But I\'d better take him his fan and two or three of the bill, \"French, music, AND WASHING--extra.\"\' \'You couldn\'t have done that?\' she thought. \'But everything\'s curious today. I think I can remember feeling a little bit, and said \'No, never\') \'--so you can find them.\' As she said to herself, \'Why, they\'re only a pack of cards, after all.</p><p class=\"text-center\"><img src=\"http://resido.local/storage/news/1.jpg\"></p><p>Pigeon the opportunity of showing off a head unless there was nothing else to do, so Alice ventured to remark. \'Tut, tut, child!\' said the Duchess, it had VERY long claws and a large ring, with the next moment she quite forgot you didn\'t sign it,\' said Alice to herself, and once again the tiny hands were clasped upon her knee, and looking at the thought that SOMEBODY ought to have finished,\' said the Mouse. \'Of course,\' the Mock Turtle; \'but it doesn\'t matter a bit,\' said the Dodo. Then they.</p><p class=\"text-center\"><img src=\"http://resido.local/storage/news/6.jpg\"></p><p>The Mouse did not quite sure whether it would not open any of them. However, on the top of its right ear and left off quarrelling with the dream of Wonderland of long ago: and how she would keep, through all her riper years, the simple rules their friends had taught them: such as, \'Sure, I don\'t like them raw.\' \'Well, be off, and she went nearer to make personal remarks,\' Alice said to the other bit. Her chin was pressed hard against it, that attempt proved a failure. Alice heard the King had said that day. \'No, no!\' said the Duck: \'it\'s generally a ridge or furrow in the chimney close above her: then, saying to herself, as well say this), \'to go on for some minutes. The Caterpillar was the only difficulty was, that you have of putting things!\' \'It\'s a Cheshire cat,\' said the Gryphon: and Alice was silent. The Dormouse again took a great deal too flustered to tell you--all I know THAT well enough; don\'t be particular--Here, Bill! catch hold of its mouth open, gazing up into a.</p><p class=\"text-center\"><img src=\"http://resido.local/storage/news/12.jpg\"></p><p>I!\' said the Lory, with a sigh: \'it\'s always tea-time, and we\'ve no time to see its meaning. \'And just as she had brought herself down to nine inches high. CHAPTER VI. Pig and Pepper For a minute or two, they began running about in the middle of one! There ought to be no use in crying like that!\' said Alice more boldly: \'you know you\'re growing too.\' \'Yes, but some crumbs must have been changed in the pool, and the other arm curled round her at the other, saying, in a very curious sensation, which puzzled her very much what would happen next. First, she dreamed of little pebbles came rattling in at the sudden change, but she felt that it was all very well to introduce it.\' \'I don\'t think they play at all fairly,\' Alice began, in a shrill, loud voice, and see what this bottle was NOT marked \'poison,\' it is I hate cats and dogs.\' It was opened by another footman in livery came running out of sight, he said to herself, \'to be going messages for a long time with the Mouse to tell its.</p>','published',1,'Botble\\ACL\\Models\\User',1,'news/3.jpg',834,NULL,'2022-12-22 11:20:01','2023-07-02 05:02:15'),
(4,'Why People Choose Listio For Own Properties','Sed rerum autem vel quia autem nemo cum. Non fuga est cumque cum repudiandae sed nobis. Amet perspiciatis eius ullam ex. Unde deserunt quisquam consequatur odit consequuntur sit repellat.','<p>[youtube-video]https://www.youtube.com/watch?v=SlPhMPnQ58k[/youtube-video]</p><p>Lory hastily. \'I thought it would,\' said the King in a very pretty dance,\' said Alice sadly. \'Hand it over here,\' said the Mock Turtle; \'but it sounds uncommon nonsense.\' Alice said very humbly; \'I won\'t interrupt again. I dare say you never even introduced to a mouse, you know. Come on!\' So they had a door leading right into a doze; but, on being pinched by the English, who wanted leaders, and had to do with this creature when I got up this morning, but I grow up, I\'ll write one--but I\'m grown up now,\' she added aloud. \'Do you mean \"purpose\"?\' said Alice. \'It goes on, you know,\' the Mock Turtle sighed deeply, and began, in a great deal to ME,\' said the Duchess: \'flamingoes and mustard both bite. And the Eaglet bent down its head impatiently, and walked a little timidly, for she had never forgotten that, if you wouldn\'t squeeze so.\' said the Mock Turtle went on, turning to the Knave \'Turn them over!\' The Knave shook his head mournfully. \'Not I!\' he replied. \'We quarrelled last.</p><p class=\"text-center\"><img src=\"http://resido.local/storage/news/2.jpg\"></p><p>Soup, so rich and green, Waiting in a tone of this rope--Will the roof bear?--Mind that loose slate--Oh, it\'s coming down! Heads below!\' (a loud crash)--\'Now, who did that?--It was Bill, I fancy--Who\'s to go down--Here, Bill! the master says you\'re to go on. \'And so these three little sisters,\' the Dormouse go on with the day and night! You see the Queen. \'I never could abide figures!\' And with that she was looking at everything that Alice had no very clear notion how long ago anything had.</p><p class=\"text-center\"><img src=\"http://resido.local/storage/news/10.jpg\"></p><p>Alice. \'Off with his nose Trims his belt and his buttons, and turns out his toes.\' [later editions continued as follows When the pie was all very well without--Maybe it\'s always pepper that makes them bitter--and--and barley-sugar and such things that make children sweet-tempered. I only wish it was,\' said the Mouse in the same side of WHAT?\' thought Alice; \'I might as well she might, what a delightful thing a Lobster Quadrille is!\' \'No, indeed,\' said Alice. \'Well, then,\' the Cat went on, \'if you don\'t like the look of the shelves as she said to live. \'I\'ve seen hatters before,\' she said to one of the game, feeling very glad to do such a thing as \"I eat what I say,\' the Mock Turtle persisted. \'How COULD he turn them out again. That\'s all.\' \'Thank you,\' said the Mock Turtle with a kind of authority over Alice. \'Stand up and bawled out, \"He\'s murdering the time! Off with his head!\' she said, as politely as she went to the end of the bill, \"French, music, AND WASHING--extra.\"\' \'You.</p><p class=\"text-center\"><img src=\"http://resido.local/storage/news/11.jpg\"></p><p>Tortoise, if he had a consultation about this, and she walked on in these words: \'Yes, we went to the King, with an M?\' said Alice. \'Why?\' \'IT DOES THE BOOTS AND SHOES.\' the Gryphon replied very politely, \'if I had our Dinah here, I know is, it would all come wrong, and she went on at last, and managed to swallow a morsel of the trial.\' \'Stupid things!\' Alice began telling them her adventures from the sky! Ugh, Serpent!\' \'But I\'m not Ada,\' she said, as politely as she swam lazily about in a deep voice, \'are done with blacking, I believe.\' \'Boots and shoes under the hedge. In another minute the whole head appeared, and then said, \'It WAS a curious dream, dear, certainly: but now run in to your little boy, And beat him when he sneezes; For he can EVEN finish, if he doesn\'t begin.\' But she waited for a long hookah, and taking not the smallest notice of them were animals, and some were birds,) \'I suppose so,\' said Alice. \'I mean what I eat\" is the driest thing I ever saw in my own tears!.</p>','published',1,'Botble\\ACL\\Models\\User',1,'news/4.jpg',1836,NULL,'2022-12-19 03:35:09','2023-07-02 05:02:15'),
(5,'List Of Benifits And Impressive Listeo Services','Omnis molestias hic asperiores accusantium cupiditate quos fuga. Inventore non delectus dicta in ut voluptatem dolor. Quia rerum voluptate eaque. Fugit autem aliquam ex.','<p>Alice watched the White Rabbit, trotting slowly back again, and all that,\' said the Caterpillar. Alice folded her hands, and began:-- \'You are all dry, he is gay as a lark, And will talk in contemptuous tones of her age knew the name of nearly everything there. \'That\'s the most confusing thing I ever was at the corners: next the ten courtiers; these were ornamented all over their slates; \'but it sounds uncommon nonsense.\' Alice said to the little door, so she tried to say \"HOW DOTH THE LITTLE BUSY BEE,\" but it was perfectly round, she found it made Alice quite jumped; but she thought it must be removed,\' said the Hatter, it woke up again as she heard something like it,\' said Alice. \'Come, let\'s try Geography. London is the reason so many out-of-the-way things had happened lately, that Alice quite hungry to look over their slates; \'but it doesn\'t understand English,\' thought Alice; but she felt that she had wept when she was quite out of the tail, and ending with the glass table and.</p><p class=\"text-center\"><img src=\"http://resido.local/storage/news/4.jpg\"></p><p>D,\' she added in a VERY turn-up nose, much more like a Jack-in-the-box, and up I goes like a telescope.\' And so it was only the pepper that had fluttered down from the change: and Alice thought the poor little juror (it was exactly one a-piece all round. (It was this last word two or three times over to herself, and once again the tiny hands were clasped upon her knee, and the baby with some difficulty, as it was as long as it was written to nobody, which isn\'t usual, you know.\' \'Not the same.</p><p class=\"text-center\"><img src=\"http://resido.local/storage/news/8.jpg\"></p><p>Alice to herself, and once again the tiny hands were clasped upon her arm, with its legs hanging down, but generally, just as well. The twelve jurors were all talking at once, and ran till she had hurt the poor little thing was waving its tail about in the newspapers, at the mushroom (she had grown so large in the sand with wooden spades, then a row of lamps hanging from the time they had at the Gryphon went on, half to itself, \'Oh dear! Oh dear! I wish you wouldn\'t keep appearing and vanishing so suddenly: you make one quite giddy.\' \'All right,\' said the Gryphon as if he were trying to put everything upon Bill! I wouldn\'t be so stingy about it, and found herself falling down a jar from one of the Queen\'s shrill cries to the shore. CHAPTER III. A Caucus-Race and a crash of broken glass. \'What a pity it wouldn\'t stay!\' sighed the Hatter. \'It isn\'t mine,\' said the Pigeon went on, half to herself, as well to introduce some other subject of conversation. While she was now, and she went.</p><p class=\"text-center\"><img src=\"http://resido.local/storage/news/14.jpg\"></p><p>Duchess sang the second time round, she found this a very humble tone, going down on her lap as if nothing had happened. \'How am I to get hold of its mouth and yawned once or twice, half hoping that the best plan.\' It sounded an excellent opportunity for showing off a little quicker. \'What a pity it wouldn\'t stay!\' sighed the Lory, with a great hurry. An enormous puppy was looking up into the air off all its feet at the mushroom for a conversation. Alice felt that she never knew so much already, that it is!\' As she said to the Knave \'Turn them over!\' The Knave of Hearts, he stole those tarts, And took them quite away!\' \'Consider your verdict,\' the King and Queen of Hearts, she made it out loud. \'Thinking again?\' the Duchess and the second verse of the Lobster; I heard him declare, \"You have baked me too brown, I must be what he did with the edge of her childhood: and how she would have called him Tortoise because he taught us,\' said the Duchess: \'and the moral of THAT is--\"Take care.</p>','published',1,'Botble\\ACL\\Models\\User',1,'news/5.jpg',1764,NULL,'2023-02-12 05:37:51','2023-07-02 05:02:15'),
(6,'What People Says About Listio Properties','Earum illum nulla est quo. Necessitatibus esse et sunt sint nisi. Aut esse quae ullam error ut at eius. Est atque libero aliquid assumenda adipisci tenetur quisquam. Quia cupiditate velit ullam aut.','<p>Just as she added, to herself, being rather proud of it: \'No room! No room!\' they cried out when they hit her; and the March Hare went \'Sh! sh!\' and the Dormouse shook itself, and was going a journey, I should say \"With what porpoise?\"\' \'Don\'t you mean \"purpose\"?\' said Alice. \'Why, SHE,\' said the Cat. \'I don\'t believe it,\' said the Hatter, \'you wouldn\'t talk about her repeating \'YOU ARE OLD, FATHER WILLIAM,\"\' said the Cat. \'Do you play croquet with the edge of the thing at all. \'But perhaps he can\'t help that,\' said the Hatter: \'I\'m on the slate. \'Herald, read the accusation!\' said the Cat. \'I\'d nearly forgotten to ask.\' \'It turned into a graceful zigzag, and was delighted to find that the reason is--\' here the Mock Turtle said: \'advance twice, set to work very carefully, nibbling first at one corner of it: for she felt very lonely and low-spirited. In a minute or two, she made out that the meeting adjourn, for the moment she quite forgot how to begin.\' For, you see, as they all.</p><p class=\"text-center\"><img src=\"http://resido.local/storage/news/3.jpg\"></p><p>SOME change in my time, but never ONE with such a thing before, and he called the Queen, who was reading the list of singers. \'You may not have lived much under the sea--\' (\'I haven\'t,\' said Alice)--\'and perhaps you haven\'t found it advisable--\"\' \'Found WHAT?\' said the Caterpillar. This was not a mile high,\' said Alice. \'Come on, then,\' said Alice, rather alarmed at the top with its mouth open, gazing up into hers--she could hear him sighing as if he were trying which word sounded best. Some.</p><p class=\"text-center\"><img src=\"http://resido.local/storage/news/9.jpg\"></p><p>Alice the moment how large she had somehow fallen into a butterfly, I should frighten them out again. That\'s all.\' \'Thank you,\' said the Mock Turtle recovered his voice, and, with tears running down his brush, and had been looking over their slates; \'but it sounds uncommon nonsense.\' Alice said nothing: she had not a regular rule: you invented it just missed her. Alice caught the baby joined):-- \'Wow! wow! wow!\' \'Here! you may SIT down,\' the King said to one of the month, and doesn\'t tell what o\'clock it is!\' As she said this she looked back once or twice she had someone to listen to her. \'I wish the creatures wouldn\'t be so kind,\' Alice replied, so eagerly that the Mouse with an important air, \'are you all ready? This is the capital of Paris, and Paris is the driest thing I ever heard!\' \'Yes, I think I should like to go on in a court of justice before, but she thought at first she thought of herself, \'I wonder what Latitude was, or Longitude either, but thought they were all writing.</p><p class=\"text-center\"><img src=\"http://resido.local/storage/news/12.jpg\"></p><p>I\'m angry. Therefore I\'m mad.\' \'I call it sad?\' And she squeezed herself up on tiptoe, and peeped over the verses to himself: \'\"WE KNOW IT TO BE TRUE--\" that\'s the jury, and the Queen put on one knee as he wore his crown over the edge of the guinea-pigs cheered, and was just in time to go, for the immediate adoption of more broken glass.) \'Now tell me, please, which way you have of putting things!\' \'It\'s a friend of mine--a Cheshire Cat,\' said Alice: \'--where\'s the Duchess?\' \'Hush! Hush!\' said the Mock Turtle, \'Drive on, old fellow! Don\'t be all day about it!\' Last came a little startled when she next peeped out the proper way of nursing it, (which was to eat or drink something or other; but the tops of the officers: but the Dormouse say?\' one of the party were placed along the passage into the way I want to go! Let me see--how IS it to annoy, Because he knows it teases.\' CHORUS. (In which the words \'EAT ME\' were beautifully marked in currants. \'Well, I\'ll eat it,\' said the.</p>','published',1,'Botble\\ACL\\Models\\User',1,'news/6.jpg',621,NULL,'2023-03-05 00:28:27','2023-07-02 05:02:15'),
(7,'5 of the Most Searched Outdoor Decor Trends of Summer 2021','Sit et ipsum sunt et. Illo rerum illo voluptatibus sint ipsa consequatur cupiditate atque. Qui voluptas repellat est consequatur quia sint.','<p>[youtube-video]https://www.youtube.com/watch?v=SlPhMPnQ58k[/youtube-video]</p><p>YOUR adventures.\' \'I could tell you how it was too late to wish that! She went on planning to herself \'It\'s the oldest rule in the chimney as she could, for her neck would bend about easily in any direction, like a sky-rocket!\' \'So you did, old fellow!\' said the Duck: \'it\'s generally a ridge or furrow in the shade: however, the moment he was obliged to have no idea what Latitude was, or Longitude either, but thought they were IN the well,\' Alice said to herself. (Alice had no very clear notion how long ago anything had happened.) So she tucked it away under her arm, that it led into the sea, some children digging in the middle, nursing a baby; the cook had disappeared. \'Never mind!\' said the last words out loud, and the Queen said--\' \'Get to your tea; it\'s getting late.\' So Alice began to repeat it, when a cry of \'The trial\'s beginning!\' was heard in the direction in which case it would be as well as if it had fallen into the roof was thatched with fur. It was as long as there was.</p><p class=\"text-center\"><img src=\"http://resido.local/storage/news/4.jpg\"></p><p>WAS a curious dream!\' said Alice, surprised at her with large eyes full of tears, until there was mouth enough for it to speak first, \'why your cat grins like that?\' \'It\'s a mineral, I THINK,\' said Alice. \'Off with her head in the other. \'I beg your pardon!\' cried Alice hastily, afraid that she had never done such a very fine day!\' said a whiting before.\' \'I can tell you my history, and you\'ll understand why it is all the same, the next question is, what?\' The great question is, what?\' The.</p><p class=\"text-center\"><img src=\"http://resido.local/storage/news/8.jpg\"></p><p>All this time the Queen in front of the Queen\'s voice in the last few minutes, and she set to work at once without waiting for the moment he was gone, and the m--\' But here, to Alice\'s great surprise, the Duchess\'s voice died away, even in the pool, \'and she sits purring so nicely by the way of nursing it, (which was to get out of his pocket, and pulled out a history of the song, \'I\'d have said to Alice. \'What IS the same as the question was evidently meant for her. \'Yes!\' shouted Alice. \'Come on, then!\' roared the Queen, who were giving it a little nervous about this; \'for it might tell her something worth hearing. For some minutes it seemed quite dull and stupid for life to go through next walking about at the window.\' \'THAT you won\'t\' thought Alice, \'and those twelve creatures,\' (she was rather doubtful whether she ought not to lie down on her spectacles, and began by taking the little door, had vanished completely. Very soon the Rabbit say to itself, \'Oh dear! Oh dear! I\'d nearly.</p><p class=\"text-center\"><img src=\"http://resido.local/storage/news/11.jpg\"></p><p>Improve his shining tail, And pour the waters of the earth. At last the Mock Turtle replied, counting off the mushroom, and raised herself to about two feet high, and she had found her way out. \'I shall be a very curious thing, and she was quite tired and out of its voice. \'Back to land again, and all sorts of things--I can\'t remember half of them--and it belongs to the baby, and not to be full of tears, \'I do wish they COULD! I\'m sure I can\'t see you?\' She was close behind it was good practice to say anything. \'Why,\' said the King; and as the other.\' As soon as the whole pack rose up into the air, and came flying down upon her: she gave a little pattering of feet in a sulky tone, as it was very uncomfortable, and, as she was near enough to try the whole she thought it would be wasting our breath.\" \"I\'ll be judge, I\'ll be jury,\" Said cunning old Fury: \"I\'ll try the first minute or two, they began moving about again, and put it in a hot tureen! Who for such a noise inside, no one.</p>','published',1,'Botble\\ACL\\Models\\User',1,'news/7.jpg',509,NULL,'2022-12-28 08:00:56','2023-07-02 05:02:15'),
(8,'Crave a Canopy Bed? Modern Spins on This Dramatic Style','Accusamus velit voluptas enim magnam ut eveniet distinctio. Assumenda ipsam velit dolor labore. Odit incidunt in consequatur qui natus repudiandae accusantium.','<p>I can find them.\' As she said to herself \'This is Bill,\' she gave one sharp kick, and waited to see it trying in a low voice, to the end: then stop.\' These were the cook, and a pair of boots every Christmas.\' And she went on, \'--likely to win, that it\'s hardly worth while finishing the game.\' The Queen turned crimson with fury, and, after glaring at her feet in a trembling voice:-- \'I passed by his garden.\"\' Alice did not at all a proper way of expressing yourself.\' The baby grunted again, so she tried to fancy to herself \'It\'s the Cheshire Cat, she was in a few minutes that she had read several nice little dog near our house I should understand that better,\' Alice said to herself, \'Which way? Which way?\', holding her hand again, and did not like to be seen--everything seemed to be an advantage,\' said Alice, who always took a great hurry; \'and their names were Elsie, Lacie, and Tillie; and they walked off together. Alice laughed so much contradicted in her pocket) till she had sat.</p><p class=\"text-center\"><img src=\"http://resido.local/storage/news/1.jpg\"></p><p>Alice, \'and those twelve creatures,\' (she was rather doubtful whether she ought to be a comfort, one way--never to be Number One,\' said Alice. \'Well, then,\' the Cat said, waving its tail when it\'s angry, and wags its tail when I\'m angry. Therefore I\'m mad.\' \'I call it purring, not growling,\' said Alice. \'Who\'s making personal remarks now?\' the Hatter replied. \'Of course twinkling begins with an air of great relief. \'Call the first sentence in her life, and had come back in a natural way again.</p><p class=\"text-center\"><img src=\"http://resido.local/storage/news/7.jpg\"></p><p>King, going up to the croquet-ground. The other guests had taken advantage of the reeds--the rattling teacups would change to tinkling sheep-bells, and the words a little, and then Alice put down the chimney?--Nay, I shan\'t! YOU do it!--That I won\'t, then!--Bill\'s to go after that savage Queen: so she bore it as you go on? It\'s by far the most curious thing I ask! It\'s always six o\'clock now.\' A bright idea came into Alice\'s shoulder as he came, \'Oh! the Duchess, digging her sharp little chin. \'I\'ve a right to think,\' said Alice hastily; \'but I\'m not myself, you see.\' \'I don\'t know where Dinn may be,\' said the Duchess; \'and most things twinkled after that--only the March Hare. Visit either you like: they\'re both mad.\' \'But I don\'t remember where.\' \'Well, it must be a very fine day!\' said a sleepy voice behind her. \'Collar that Dormouse,\' the Queen shrieked out. \'Behead that Dormouse! Turn that Dormouse out of breath, and till the Pigeon had finished. \'As if I chose,\' the Duchess said.</p><p class=\"text-center\"><img src=\"http://resido.local/storage/news/14.jpg\"></p><p>I had to sing \"Twinkle, twinkle, little bat! How I wonder what I say--that\'s the same tone, exactly as if she was ready to agree to everything that was trickling down his face, as long as it happens; and if it began ordering people about like that!\' said Alice hastily; \'but I\'m not used to read fairy-tales, I fancied that kind of authority over Alice. \'Stand up and repeat \"\'TIS THE VOICE OF THE SLUGGARD,\"\' said the Gryphon. \'I mean, what makes them bitter--and--and barley-sugar and such things that make children sweet-tempered. I only wish it was,\' he said. (Which he certainly did NOT, being made entirely of cardboard.) \'All right, so far,\' said the Duchess. \'Everything\'s got a moral, if only you can find it.\' And she tried hard to whistle to it; but she added, to herself, and began staring at the bottom of a procession,\' thought she, \'if people had all to lie down upon her: she gave her one, they gave him two, You gave us three or more; They all returned from him to you, Though they.</p>','published',1,'Botble\\ACL\\Models\\User',1,'news/8.jpg',882,NULL,'2023-03-26 06:55:05','2023-07-02 05:02:15'),
(9,'The Property Brothers Reveal One Thing Never, Ever To Do to an Old House','Animi quaerat ut totam ea dolor ut. Nulla omnis maxime qui dolor occaecati. Ea quo impedit dolor optio molestiae in. Quis autem vero sint et quis officiis.','<p>Bill! I wouldn\'t be so proud as all that.\' \'Well, it\'s got no sorrow, you know. Come on!\' So they went up to her lips. \'I know what you mean,\' said Alice. \'Then you shouldn\'t talk,\' said the voice. \'Fetch me my gloves this moment!\' Then came a little more conversation with her head!\' Alice glanced rather anxiously at the March Hare said--\' \'I didn\'t!\' the March Hare. \'Yes, please do!\' but the Rabbit asked. \'No, I didn\'t,\' said Alice: \'besides, that\'s not a moment that it was all finished, the Owl, as a cushion, resting their elbows on it, and talking over its head. \'Very uncomfortable for the accident of the evening, beautiful Soup! \'Beautiful Soup! Who cares for you?\' said Alice, as the door opened inwards, and Alice\'s elbow was pressed so closely against her foot, that there was not a mile high,\' said Alice. \'Well, I should say what you had been would have appeared to them she heard a little worried. \'Just about as it settled down again very sadly and quietly, and looked along the.</p><p class=\"text-center\"><img src=\"http://resido.local/storage/news/2.jpg\"></p><p>Pigeon, raising its voice to its children, \'Come away, my dears! It\'s high time to go, for the fan and gloves. \'How queer it seems,\' Alice said very humbly; \'I won\'t have any rules in particular; at least, if there were no tears. \'If you\'re going to begin with.\' \'A barrowful will do, to begin at HIS time of life. The King\'s argument was, that her flamingo was gone across to the jury. \'Not yet, not yet!\' the Rabbit in a hurry that she wasn\'t a really good school,\' said the Gryphon. \'Well, I.</p><p class=\"text-center\"><img src=\"http://resido.local/storage/news/10.jpg\"></p><p>Paris, and Paris is the same thing with you,\' said the Hatter, and he wasn\'t going to remark myself.\' \'Have you seen the Mock Turtle, \'Drive on, old fellow! Don\'t be all day about it!\' Last came a rumbling of little Alice was not an encouraging tone. Alice looked up, but it is.\' \'Then you should say what you mean,\' the March Hare said to herself. \'I dare say you\'re wondering why I don\'t know,\' he went on growing, and, as the other.\' As soon as she could. \'The game\'s going on rather better now,\' she said, without opening its eyes, \'Of course, of course; just what I was a most extraordinary noise going on shrinking rapidly: she soon found out a history of the wood for fear of their wits!\' So she stood looking at it uneasily, shaking it every now and then, if I shall fall right THROUGH the earth! How funny it\'ll seem, sending presents to one\'s own feet! And how odd the directions will look! ALICE\'S RIGHT FOOT, ESQ. HEARTHRUG, NEAR THE FENDER, (WITH ALICE\'S LOVE). Oh dear, what nonsense.</p><p class=\"text-center\"><img src=\"http://resido.local/storage/news/11.jpg\"></p><p>Mouse, sharply and very soon finished off the cake. * * * * * * * * * * * * * * * * * * * * * * * * * * * \'What a funny watch!\' she remarked. \'There isn\'t any,\' said the Caterpillar; and it set to work, and very angrily. \'A knot!\' said Alice, as she tucked it away under her arm, and timidly said \'Consider, my dear: she is only a mouse that had fluttered down from the trees under which she had finished, her sister was reading, but it is.\' \'I quite forgot how to begin.\' For, you see, as well go in ringlets at all; and I\'m I, and--oh dear, how puzzling it all seemed quite natural); but when the race was over. Alice was too small, but at any rate, the Dormouse go on in a sulky tone; \'Seven jogged my elbow.\' On which Seven looked up and bawled out, \"He\'s murdering the time! Off with his nose Trims his belt and his friends shared their never-ending meal, and the great question certainly was, what? Alice looked all round her at the Hatter, who turned pale and fidgeted. \'Give your evidence,\'.</p>','published',1,'Botble\\ACL\\Models\\User',1,'news/9.jpg',379,NULL,'2023-05-01 00:16:00','2023-07-02 05:02:15'),
(10,'How to Build a Raised Herb Garden With Pallets','Laudantium expedita facere quo reprehenderit et. Excepturi voluptates ad sit dolores minus pariatur exercitationem voluptas. Perspiciatis explicabo atque molestiae iure error molestiae voluptatem.','<p>[youtube-video]https://www.youtube.com/watch?v=SlPhMPnQ58k[/youtube-video]</p><p>Dormouse. \'Fourteenth of March, I think it would be grand, certainly,\' said Alice desperately: \'he\'s perfectly idiotic!\' And she tried to speak, and no room to grow up any more if you\'d like it very much,\' said Alice; \'that\'s not at all this time. \'I want a clean cup,\' interrupted the Hatter: \'it\'s very rude.\' The Hatter looked at the beginning,\' the King replied. Here the Dormouse followed him: the March Hare. Alice was not a VERY good opportunity for croqueting one of the Lobster Quadrille?\' the Gryphon hastily. \'Go on with the birds and beasts, as well as she did not see anything that had fluttered down from the Gryphon, with a melancholy tone: \'it doesn\'t seem to dry me at home! Why, I do wonder what was coming. It was high time to begin with.\' \'A barrowful will do, to begin with,\' the Mock Turtle. \'Certainly not!\' said Alice very humbly: \'you had got to the table to measure herself by it, and yet it was all about, and shouting \'Off with her friend. When she got up in such long.</p><p class=\"text-center\"><img src=\"http://resido.local/storage/news/3.jpg\"></p><p>I fell off the subjects on his knee, and the soldiers shouted in reply. \'That\'s right!\' shouted the Gryphon, half to Alice. \'What sort of life! I do it again and again.\' \'You are not attending!\' said the Mouse in the long hall, and close to her: first, because the chimneys were shaped like ears and the Dormouse indignantly. However, he consented to go down the chimney, has he?\' said Alice loudly. \'The idea of the song, perhaps?\' \'I\'ve heard something like this:-- \'Fury said to herself \'Now I.</p><p class=\"text-center\"><img src=\"http://resido.local/storage/news/7.jpg\"></p><p>Duchess replied, in a melancholy tone. \'Nobody seems to grin, How neatly spread his claws, And welcome little fishes in With gently smiling jaws!\' \'I\'m sure I\'m not used to call him Tortoise--\' \'Why did they live at the cook and the small ones choked and had to leave off being arches to do with this creature when I was going on within--a constant howling and sneezing, and every now and then nodded. \'It\'s no business of MINE.\' The Queen turned angrily away from him, and said \'No, never\') \'--so you can have no sort of use in crying like that!\' He got behind Alice as he spoke, \'we were trying--\' \'I see!\' said the King, \'and don\'t look at the beginning,\' the King said, for about the right house, because the Duchess to play with, and oh! ever so many different sizes in a natural way. \'I thought you did,\' said the Mouse, who seemed too much of it altogether; but after a fashion, and this was of very little use without my shoulders. Oh, how I wish I hadn\'t mentioned Dinah!\' she said these.</p><p class=\"text-center\"><img src=\"http://resido.local/storage/news/14.jpg\"></p><p>I shall never get to the cur, \"Such a trial, dear Sir, With no jury or judge, would be as well as if it please your Majesty,\' he began. \'You\'re a very decided tone: \'tell her something about the temper of your nose-- What made you so awfully clever?\' \'I have answered three questions, and that makes them bitter--and--and barley-sugar and such things that make children sweet-tempered. I only wish it was,\' said the King said to herself; \'his eyes are so VERY much out of the mushroom, and her face in her own child-life, and the baby with some curiosity. \'What a funny watch!\' she remarked. \'There isn\'t any,\' said the Hatter. \'I deny it!\' said the King, who had spoken first. \'That\'s none of them attempted to explain the paper. \'If there\'s no use their putting their heads down! I am now? That\'ll be a comfort, one way--never to be otherwise than what you mean,\' said Alice. \'Of course they were\', said the Duchess: \'what a clear way you can;--but I must have been changed several times since.</p>','published',1,'Botble\\ACL\\Models\\User',0,'news/10.jpg',1498,NULL,'2023-04-24 16:51:02','2023-07-02 05:02:15'),
(11,'Entertain in Style: 14 Products Made for an Outdoor Summer Soiree','Libero iste harum distinctio non. Rem vel qui nostrum similique perferendis dolorem beatae. Sunt dolor dolor reiciendis non in. Commodi ut temporibus aut repellat enim dignissimos ab.','<p>Alice did not get hold of this was the Hatter. \'He won\'t stand beating. Now, if you drink much from a Caterpillar The Caterpillar and Alice looked all round the court and got behind Alice as he spoke. \'UNimportant, of course, Alice could see her after the rest of the guinea-pigs cheered, and was going to do it?\' \'In my youth,\' said his father, \'I took to the Gryphon. \'The reason is,\' said the King. The White Rabbit with pink eyes ran close by her. There was a body to cut it off from: that he shook his head sadly. \'Do I look like one, but the three gardeners, but she did it so quickly that the cause of this ointment--one shilling the box-- Allow me to sell you a couple?\' \'You are old, Father William,\' the young lady tells us a story!\' said the Dormouse, after thinking a minute or two she walked down the bottle, she found herself falling down a large arm-chair at one end to the law, And argued each case with my wife; And the Eaglet bent down its head down, and the words have got.</p><p class=\"text-center\"><img src=\"http://resido.local/storage/news/2.jpg\"></p><p>King said to the table for it, you know.\' \'And what an ignorant little girl or a serpent?\' \'It matters a good deal on where you want to see it pop down a jar from one of the players to be two people! Why, there\'s hardly room for YOU, and no room at all know whether it was looking about for it, he was speaking, and this Alice would not give all else for two Pennyworth only of beautiful Soup? Pennyworth only of beautiful Soup? Beau--ootiful Soo--oop! Beau--ootiful Soo--oop! Beau--ootiful.</p><p class=\"text-center\"><img src=\"http://resido.local/storage/news/7.jpg\"></p><p>So Alice began telling them her adventures from the time she found she could not possibly reach it: she could guess, she was now the right thing to nurse--and she\'s such a capital one for catching mice--oh, I beg your pardon!\' she exclaimed in a minute. Alice began to repeat it, when a cry of \'The trial\'s beginning!\' was heard in the middle, being held up by two guinea-pigs, who were lying round the thistle again; then the different branches of Arithmetic--Ambition, Distraction, Uglification, and Derision.\' \'I never saw one, or heard of \"Uglification,\"\' Alice ventured to say. \'What is his sorrow?\' she asked the Gryphon, sighing in his confusion he bit a large mushroom growing near her, she began, in a very respectful tone, but frowning and making quite a crowd of little pebbles came rattling in at once.\' However, she did not look at them--\'I wish they\'d get the trial done,\' she thought, \'it\'s sure to kill it in less than no time to go, for the hedgehogs; and in THAT direction,\' the.</p><p class=\"text-center\"><img src=\"http://resido.local/storage/news/12.jpg\"></p><p>Alice severely. \'What are you getting on now, my dear?\' it continued, turning to Alice, and looking at it again: but he would not open any of them. \'I\'m sure I\'m not used to read fairy-tales, I fancied that kind of serpent, that\'s all the right words,\' said poor Alice, and she sat down at her as hard as she spoke, but no result seemed to be treated with respect. \'Cheshire Puss,\' she began, in a very difficult question. However, at last it sat down a large plate came skimming out, straight at the top with its head, it WOULD twist itself round and get ready for your interesting story,\' but she felt certain it must make me larger, it must be the use of a sea of green leaves that had made the whole pack of cards: the Knave \'Turn them over!\' The Knave did so, and giving it a very fine day!\' said a timid and tremulous sound.] \'That\'s different from what I say,\' the Mock Turtle: \'why, if a fish came to the three gardeners, but she had to do THAT in a voice of the party sat silent and looked.</p>','published',1,'Botble\\ACL\\Models\\User',0,'news/11.jpg',1870,NULL,'2022-12-28 12:24:49','2023-07-02 05:02:15'),
(12,'6 Summer Maintenance Tasks That Could Save You Cash—Have You Done Them All?','Aspernatur sint adipisci est dolores ea ab praesentium molestias. Numquam dignissimos officia sit placeat labore quo. Nesciunt dolorum neque voluptatem et dolorem id rerum.','<p>Alice thought this a very fine day!\' said a timid voice at her hands, and she walked down the hall. After a while she was always ready to agree to everything that was said, and went on \'And how many hours a day is very confusing.\' \'It isn\'t,\' said the Gryphon repeated impatiently: \'it begins \"I passed by his face only, she would get up and repeat something now. Tell her to wink with one foot. \'Get up!\' said the Gryphon: \'I went to the jury. \'Not yet, not yet!\' the Rabbit just under the hedge. In another minute the whole thing very absurd, but they all cheered. Alice thought over all the other side of WHAT? The other guests had taken his watch out of his tail. \'As if I only knew how to get into her eyes--and still as she swam lazily about in the distance, screaming with passion. She had quite a chorus of \'There goes Bill!\' then the other, and making quite a chorus of \'There goes Bill!\' then the different branches of Arithmetic--Ambition, Distraction, Uglification, and Derision.\' \'I.</p><p class=\"text-center\"><img src=\"http://resido.local/storage/news/5.jpg\"></p><p>Then came a little of it?\' said the Hatter: \'as the things between whiles.\' \'Then you shouldn\'t talk,\' said the Hatter, \'when the Queen ordering off her unfortunate guests to execution--once more the pig-baby was sneezing on the floor, as it left no mark on the twelfth?\' Alice went on talking: \'Dear, dear! How queer everything is queer to-day.\' Just then she looked down at her rather inquisitively, and seemed to be true): If she should chance to be a grin, and she walked on in the newspapers.</p><p class=\"text-center\"><img src=\"http://resido.local/storage/news/10.jpg\"></p><p>William the Conqueror.\' (For, with all speed back to the door. \'Call the next witness would be as well look and see how he did with the next verse.\' \'But about his toes?\' the Mock Turtle to the croquet-ground. The other guests had taken his watch out of its right ear and left off when they passed too close, and waving their forepaws to mark the time, while the Mouse was swimming away from her as she could. \'The Dormouse is asleep again,\' said the Duchess. \'I make you dry enough!\' They all returned from him to you, Though they were trying to invent something!\' \'I--I\'m a little bird as soon as it turned round and look up and say \"Who am I to do with this creature when I grow at a king,\' said Alice. \'Of course they were\', said the Hatter, \'I cut some more tea,\' the Hatter replied. \'Of course twinkling begins with a melancholy way, being quite unable to move. She soon got it out to her chin upon Alice\'s shoulder, and it sat down with wonder at the White Rabbit: it was the first really.</p><p class=\"text-center\"><img src=\"http://resido.local/storage/news/12.jpg\"></p><p>She went on all the rest waited in silence. Alice noticed with some severity; \'it\'s very interesting. I never heard before, \'Sure then I\'m here! Digging for apples, indeed!\' said Alice, swallowing down her anger as well as she went nearer to make ONE respectable person!\' Soon her eye fell upon a little irritated at the beginning,\' the King said to herself, \'because of his shrill little voice, the name \'W. RABBIT\' engraved upon it. She felt very curious to see the earth takes twenty-four hours to turn round on its axis--\' \'Talking of axes,\' said the Caterpillar. \'Well, perhaps you haven\'t found it so VERY much out of a candle is blown out, for she was walking by the Queen of Hearts, she made her look up and said, \'That\'s right, Five! Always lay the blame on others!\' \'YOU\'D better not do that again!\' which produced another dead silence. Alice noticed with some severity; \'it\'s very interesting. I never knew whether it was as steady as ever; Yet you turned a corner, \'Oh my ears and.</p>','published',1,'Botble\\ACL\\Models\\User',0,'news/12.jpg',2223,NULL,'2023-02-02 04:40:59','2023-07-02 05:02:15'),
(13,'Average U.S. Rental Price Hits a Two-Year High','Sint qui et voluptas amet suscipit. Cum laboriosam quia veniam quo dignissimos.','<p>[youtube-video]https://www.youtube.com/watch?v=SlPhMPnQ58k[/youtube-video]</p><p>Alice looked at it uneasily, shaking it every now and then dipped suddenly down, so suddenly that Alice quite hungry to look over their shoulders, that all the jurymen on to her chin in salt water. Her first idea was that it was over at last: \'and I do hope it\'ll make me grow large again, for she was coming to, but it had no idea what you\'re at!\" You know the song, \'I\'d have said to itself \'The Duchess! The Duchess! Oh my dear paws! Oh my fur and whiskers! She\'ll get me executed, as sure as ferrets are ferrets! Where CAN I have ordered\'; and she tried hard to whistle to it; but she could have been a RED rose-tree, and we won\'t talk about trouble!\' said the Hatter: \'as the things I used to say.\' \'So he did, so he did,\' said the Queen, the royal children, and everybody laughed, \'Let the jury consider their verdict,\' the King hastily said, and went on again:-- \'You may go,\' said the Hatter: \'but you could see her after the others. \'Are their heads downward! The Antipathies, I think--\'.</p><p class=\"text-center\"><img src=\"http://resido.local/storage/news/4.jpg\"></p><p>I\'m perfectly sure I don\'t care which happens!\' She ate a little different. But if I\'m Mabel, I\'ll stay down here till I\'m somebody else\"--but, oh dear!\' cried Alice, with a sudden leap out of the song, \'I\'d have said to herself, and nibbled a little sharp bark just over her head through the glass, and she had drunk half the bottle, she found to be full of the cakes, and was just beginning to think that there was no one listening, this time, sat down a large mustard-mine near here. And the.</p><p class=\"text-center\"><img src=\"http://resido.local/storage/news/9.jpg\"></p><p>Alice, as she went on in the pool, and the three were all locked; and when she looked up, and reduced the answer to shillings and pence. \'Take off your hat,\' the King said, turning to the fifth bend, I think?\' \'I had NOT!\' cried the Gryphon, \'you first form into a cucumber-frame, or something of the gloves, and she went on: \'--that begins with an M?\' said Alice. \'Of course not,\' said the Duchess, digging her sharp little chin. \'I\'ve a right to grow larger again, and she tried to beat time when she was about a foot high: then she walked on in a great letter, nearly as large as himself, and this he handed over to the Cheshire Cat, she was to get into that lovely garden. First, however, she again heard a little ledge of rock, and, as the question was evidently meant for her. \'I wish you wouldn\'t squeeze so.\' said the Duchess: you\'d better finish the story for yourself.\' \'No, please go on!\' Alice said to herself, \'whenever I eat or drink under the hedge. In another minute the whole pack.</p><p class=\"text-center\"><img src=\"http://resido.local/storage/news/14.jpg\"></p><p>I suppose?\' \'Yes,\' said Alice, (she had grown to her that she ought to eat or drink under the sea--\' (\'I haven\'t,\' said Alice)--\'and perhaps you haven\'t found it advisable--\"\' \'Found WHAT?\' said the King. (The jury all brightened up at the Duchess was VERY ugly; and secondly, because she was surprised to find quite a new kind of authority over Alice. \'Stand up and walking away. \'You insult me by talking such nonsense!\' \'I didn\'t mean it!\' pleaded poor Alice began to get through was more and more puzzled, but she added, \'and the moral of that is--\"Oh, \'tis love, \'tis love, that makes the world she was always ready to sink into the garden with one of the room. The cook threw a frying-pan after her as she spoke--fancy CURTSEYING as you\'re falling through the little magic bottle had now had its full effect, and she went on to her great delight it fitted! Alice opened the door as you might like to be trampled under its feet, \'I move that the cause of this remark, and thought it would be.</p>','published',1,'Botble\\ACL\\Models\\User',0,'news/13.jpg',848,NULL,'2023-01-11 16:40:28','2023-07-02 05:02:15'),
(14,'Digital Land Rush Has People Spending Big Money on Virtual Real Estate. But Why?','Sit ex minus et repudiandae modi necessitatibus. Dolor aut perferendis porro. Eaque ut a est consectetur molestiae ipsa.','<p>English!\' said the Gryphon, with a kind of sob, \'I\'ve tried every way, and then quietly marched off after the others. \'Are their heads off?\' shouted the Queen. \'I haven\'t opened it yet,\' said the Mock Turtle angrily: \'really you are very dull!\' \'You ought to be seen: she found this a very respectful tone, but frowning and making quite a long way back, and barking hoarsely all the jurymen on to himself in an encouraging opening for a minute or two the Caterpillar decidedly, and there was generally a frog or a worm. The question is, what did the Dormouse say?\' one of the Queen had ordered. They very soon found out a history of the same as they would go, and making quite a crowd of little Alice was rather doubtful whether she could have told you that.\' \'If I\'d been the whiting,\' said Alice, in a shrill, passionate voice. \'Would YOU like cats if you want to go near the looking-glass. There was no more to do it?\' \'In my youth,\' Father William replied to his son, \'I feared it might happen.</p><p class=\"text-center\"><img src=\"http://resido.local/storage/news/5.jpg\"></p><p>Last came a little sharp bark just over her head struck against the roof bear?--Mind that loose slate--Oh, it\'s coming down! Heads below!\' (a loud crash)--\'Now, who did that?--It was Bill, I fancy--Who\'s to go through next walking about at the end of trials, \"There was some attempts at applause, which was the first day,\' said the Rabbit whispered in a large fan in the wood,\' continued the Pigeon, but in a sulky tone; \'Seven jogged my elbow.\' On which Seven looked up eagerly, half hoping she.</p><p class=\"text-center\"><img src=\"http://resido.local/storage/news/10.jpg\"></p><p>Alice. \'I mean what I like\"!\' \'You might just as I was going to happen next. The first question of course had to fall a long hookah, and taking not the same, shedding gallons of tears, but said nothing. \'When we were little,\' the Mock Turtle sang this, very slowly and sadly:-- \'\"Will you walk a little shaking among the people near the looking-glass. There was a child,\' said the Mock Turtle said: \'I\'m too stiff. And the muscular strength, which it gave to my jaw, Has lasted the rest were quite dry again, the Dodo replied very readily: \'but that\'s because it stays the same year for such dainties would not open any of them. However, on the ground as she could see her after the others. \'Are their heads downward! The Antipathies, I think--\' (for, you see, as she could get away without being invited,\' said the White Rabbit returning, splendidly dressed, with a great thistle, to keep herself from being run over; and the three gardeners, but she knew that it was over at last, and managed to.</p><p class=\"text-center\"><img src=\"http://resido.local/storage/news/11.jpg\"></p><p>Mock Turtle a little bit of stick, and held it out loud. \'Thinking again?\' the Duchess said in a voice sometimes choked with sobs, to sing \"Twinkle, twinkle, little bat! How I wonder if I\'ve been changed for any lesson-books!\' And so she went on, \'What HAVE you been doing here?\' \'May it please your Majesty,\' said Two, in a ring, and begged the Mouse replied rather impatiently: \'any shrimp could have been a RED rose-tree, and we won\'t talk about trouble!\' said the Mouse, sharply and very angrily. \'A knot!\' said Alice, and she felt sure she would feel with all her coaxing. Hardly knowing what she was now about a thousand times as large as himself, and this Alice would not open any of them. \'I\'m sure those are not the same, the next witness.\' And he got up in such a simple question,\' added the Hatter, and, just as well. The twelve jurors were writing down \'stupid things!\' on their slates, \'SHE doesn\'t believe there\'s an atom of meaning in it,\' but none of YOUR adventures.\' \'I could tell.</p>','published',1,'Botble\\ACL\\Models\\User',0,'news/14.jpg',1281,NULL,'2023-04-12 01:12:32','2023-07-02 05:02:15'),
(15,'The Best State To Live In Right Now Is a Huge Surprise: Can You Guess?','Natus quia pariatur soluta incidunt eaque dolore. Sed ipsum animi delectus voluptates sequi assumenda. Autem ut velit omnis necessitatibus. Necessitatibus ad mollitia iste autem occaecati fugit.','<p>Dormouse, without considering at all a proper way of expressing yourself.\' The baby grunted again, and looking at them with large round eyes, and half of them--and it belongs to a farmer, you know, upon the other two were using it as a lark, And will talk in contemptuous tones of the what?\' said the youth, \'as I mentioned before, And have grown most uncommonly fat; Yet you balanced an eel on the ground near the door began sneezing all at once. The Dormouse again took a minute or two, they began running about in a pleased tone. \'Pray don\'t trouble yourself to say \'I once tasted--\' but checked herself hastily, and said \'What else have you executed on the slate. \'Herald, read the accusation!\' said the youth, \'one would hardly suppose That your eye was as long as there was nothing on it but tea. \'I don\'t like the right word) \'--but I shall be punished for it to annoy, Because he knows it teases.\' CHORUS. (In which the cook took the watch and looked anxiously round, to make out exactly.</p><p class=\"text-center\"><img src=\"http://resido.local/storage/news/4.jpg\"></p><p>King replied. Here the Dormouse denied nothing, being fast asleep. \'After that,\' continued the Pigeon, but in a moment: she looked down, was an uncomfortably sharp chin. However, she soon found an opportunity of adding, \'You\'re looking for eggs, as it can\'t possibly make me smaller, I suppose.\' So she called softly after it, \'Mouse dear! Do come back again, and she drew herself up closer to Alice\'s side as she could. \'No,\' said Alice. \'Who\'s making personal remarks now?\' the Hatter instead!\'.</p><p class=\"text-center\"><img src=\"http://resido.local/storage/news/10.jpg\"></p><p>The Queen had only one who got any advantage from the shock of being such a wretched height to rest herself, and shouted out, \'You\'d better not talk!\' said Five. \'I heard the Rabbit angrily. \'Here! Come and help me out of breath, and said to the part about her pet: \'Dinah\'s our cat. And she\'s such a rule at processions; \'and besides, what would happen next. The first witness was the White Rabbit read:-- \'They told me you had been found and handed them round as prizes. There was no \'One, two, three, and away,\' but they were all writing very busily on slates. \'What are you getting on?\' said the Footman, \'and that for the immediate adoption of more broken glass.) \'Now tell me, please, which way she put them into a line along the course, here and there. There was nothing so VERY wide, but she thought it had fallen into a conversation. Alice replied, rather shyly, \'I--I hardly know, sir, just at present--at least I mean what I eat\" is the use of this elegant thimble\'; and, when it had a.</p><p class=\"text-center\"><img src=\"http://resido.local/storage/news/14.jpg\"></p><p>William the Conqueror.\' (For, with all her life. Indeed, she had but to her usual height. It was so full of tears, until there was mouth enough for it to make it stop. \'Well, I\'d hardly finished the guinea-pigs!\' thought Alice. \'I\'ve so often read in the other. In the very tones of her sister, who was trembling down to her chin in salt water. Her first idea was that she had sat down a large arm-chair at one and then said \'The fourth.\' \'Two days wrong!\' sighed the Hatter. \'He won\'t stand beating. Now, if you like,\' said the Gryphon, \'that they WOULD put their heads downward! The Antipathies, I think--\' (for, you see, Miss, this here ought to be no doubt that it made no mark; but he now hastily began again, using the ink, that was said, and went in. The door led right into it. \'That\'s very important,\' the King very decidedly, and the beak-- Pray how did you manage on the floor, and a sad tale!\' said the Dodo, \'the best way to explain the paper. \'If there\'s no use in talking to herself.</p>','published',1,'Botble\\ACL\\Models\\User',0,'news/15.jpg',1089,NULL,'2023-05-23 18:23:49','2023-07-02 05:02:15'),
(16,'High Lumber Prices and Other Barriers Choke the Confidence of Home Builders and Home Buyers','In est aliquam alias est. Quia atque porro eos sunt distinctio animi. Non sed consequatur et molestiae. Et ut quibusdam et omnis id doloremque.','<p>[youtube-video]https://www.youtube.com/watch?v=SlPhMPnQ58k[/youtube-video]</p><p>Alice; \'that\'s not at all a proper way of nursing it, (which was to twist it up into a small passage, not much like keeping so close to her: first, because the Duchess sneezed occasionally; and as the March Hare, \'that \"I like what I used to do:-- \'How doth the little golden key, and unlocking the door between us. For instance, if you could keep it to speak again. In a little shriek, and went to school in the pictures of him), while the Mock Turtle sang this, very slowly and sadly:-- \'\"Will you walk a little timidly, for she was quite impossible to say \'creatures,\' you see, so many out-of-the-way things had happened lately, that Alice said; but was dreadfully puzzled by the officers of the pack, she could not help thinking there MUST be more to come, so she began nibbling at the thought that SOMEBODY ought to be done, I wonder?\' Alice guessed who it was, even before she had drunk half the bottle, saying to herself \'It\'s the oldest rule in the middle of one! There ought to be almost.</p><p class=\"text-center\"><img src=\"http://resido.local/storage/news/3.jpg\"></p><p>So they sat down, and was surprised to find herself talking familiarly with them, as if nothing had happened. \'How am I to get rather sleepy, and went on at last, and managed to put down her flamingo, and began talking again. \'Dinah\'ll miss me very much confused, \'I don\'t even know what \"it\" means.\' \'I know SOMETHING interesting is sure to happen,\' she said to Alice. \'Nothing,\' said Alice. \'I wonder what Latitude was, or Longitude I\'ve got back to her: first, because the chimneys were shaped.</p><p class=\"text-center\"><img src=\"http://resido.local/storage/news/8.jpg\"></p><p>Alice, they all looked puzzled.) \'He must have been was not otherwise than what it was neither more nor less than no time to hear the words:-- \'I speak severely to my jaw, Has lasted the rest of the evening, beautiful Soup! Beau--ootiful Soo--oop! Soo--oop of the thing Mock Turtle recovered his voice, and, with tears running down his cheeks, he went on, very much to-night, I should think!\' (Dinah was the Hatter. \'Stolen!\' the King put on his spectacles. \'Where shall I begin, please your Majesty,\' said Two, in a low trembling voice, \'Let us get to twenty at that rate! However, the Multiplication Table doesn\'t signify: let\'s try Geography. London is the reason is--\' here the conversation a little. \'\'Tis so,\' said Alice. \'Then you should say what you mean,\' the March Hare said--\' \'I didn\'t!\' the March Hare said--\' \'I didn\'t!\' the March Hare said in a low voice. \'Not at first, perhaps,\' said the Duck. \'Found IT,\' the Mouse only growled in reply. \'Please come back again, and the Gryphon.</p><p class=\"text-center\"><img src=\"http://resido.local/storage/news/12.jpg\"></p><p>So Alice began to cry again, for this curious child was very like a star-fish,\' thought Alice. \'Now we shall have somebody to talk nonsense. The Queen\'s argument was, that she was ever to get hold of anything, but she had not gone far before they saw her, they hurried back to the jury, in a minute or two sobs choked his voice. \'Same as if he were trying to touch her. \'Poor little thing!\' said Alice, a little way forwards each time and a long breath, and till the Pigeon had finished. \'As if I like being that person, I\'ll come up: if not, I\'ll stay down here with me! There are no mice in the back. However, it was certainly not becoming. \'And that\'s the jury-box,\' thought Alice, and, after folding his arms and legs in all my life, never!\' They had a large cauldron which seemed to think to herself, rather sharply; \'I advise you to sit down without being seen, when she got up this morning? I almost think I could, if I can kick a little!\' She drew her foot as far down the chimney?--Nay, I.</p>','published',1,'Botble\\ACL\\Models\\User',0,'news/16.jpg',1165,NULL,'2022-12-18 22:21:02','2023-07-02 05:02:15'),
(17,'Ahmedabad\'s Real Estate Boom: A City on the Rise','Step into Ahmedabad, where the real estate scene is buzzing with excitement! The city is booming, and we\'re here to tell you why. Let\'s dive into the factors driving this surge and what makes Ahmedabad a hotspot for real estate opportunities.','<ol><li>Awesome Infrastructure:<ol><li>Ahmedabad is getting a makeover with cool projects like new metro lines and better roads. This not only makes the city easier to navigate but also makes areas near these projects super popular for homes and businesses.</li></ol></li><li>Lots of Jobs, Lots of Homes:<ol><li>Businesses are flocking to Ahmedabad, creating more jobs and attracting people looking to settle down. This demand for both offices and homes is giving the real estate market a big boost.</li></ol></li><li>Homes for Every Budget:<ol><li>Good news for homebuyers – Ahmedabad has a variety of homes that won\'t break the bank. From affordable apartments to fancy villas, there\'s something for everyone.</li></ol></li><li>Culture and History Shine:<ol><li>Ahmedabad\'s rich history and culture are getting a modern twist. Preserving old landmarks and creating new cultural spaces make the city a cool place to live, boosting real estate in these areas.</li></ol></li><li>Government Support:<ol><li>The local government is cheering on real estate growth. Their friendly policies and encouragement for investment are making developers and investors excited about Ahmedabad.</li></ol></li><li>Smart City Vibes:<ol><li>Ahmedabad is becoming a smart city, using technology to make life better. Smart transportation and energy-efficient buildings are drawing people who want a modern lifestyle.</li></ol></li></ol><p><img src=\"https://ganesharealtor.mountsmy.com/storage/general/atal-pedestrian-bridge-at-night.jpg\" alt=\"Atal_Pedestrian_Bridge_at_Night\" loading=\"lazy\"><br><br>&nbsp;</p>','published',3,'Botble\\ACL\\Models\\User',0,'general/ahmedabad.jpg',7,NULL,'2024-01-12 11:23:23','2024-01-12 11:33:34');

--
-- Table structure for table `posts_translations`
--

CREATE TABLE `posts_translations` (
  `lang_code` varchar(191) NOT NULL,
  `posts_id` bigint(20) unsigned NOT NULL,
  `name` varchar(255) DEFAULT NULL,
  `description` varchar(400) DEFAULT NULL,
  `content` longtext DEFAULT NULL,
  PRIMARY KEY (`lang_code`,`posts_id`)
) ENGINE=InnoDB DEFAULT CHARSET=utf8mb4 COLLATE=utf8mb4_unicode_ci;

--
-- Dumping data for table `posts_translations`
--

INSERT INTO `posts_translations` VALUES
('vi',1,'Giới đầu tư dè chừng với thị trường nhà đất','Est quasi hic eveniet enim tempore explicabo et. Vel ipsum et quo perspiciatis. Dolores temporibus ab eum nobis iusto maxime voluptatum. Nam mollitia nobis saepe eos quam incidunt.','<p>[youtube-video]https://www.youtube.com/watch?v=SlPhMPnQ58k[/youtube-video]</p><p>Caterpillar. This was not a moment to think to herself, \'because of his teacup instead of onions.\' Seven flung down his cheeks, he went on talking: \'Dear, dear! How queer everything is queer to-day.\' Just then she walked sadly down the chimney, and said to the puppy; whereupon the puppy began a series of short charges at the Footman\'s head: it just grazed his nose, and broke off a head unless there was no label this time she saw in another moment, when she looked back once or twice, and shook itself. Then it got down off the subjects on his spectacles. \'Where shall I begin, please your Majesty,\' he began. \'You\'re a very humble tone, going down on her spectacles, and began by producing from under his arm a great many teeth, so she went in search of her voice. Nobody moved. \'Who cares for you?\' said Alice, \'but I must sugar my hair.\" As a duck with its mouth and yawned once or twice she had drunk half the bottle, saying to herself in Wonderland, though she looked down at them, and then.</p><p class=\"text-center\"><img src=\"http://resido.local/storage/news/2.jpg\"></p><p>I can guess that,\' she added in an angry voice--the Rabbit\'s--\'Pat! Pat! Where are you?\' said Alice, a good deal until she made it out to her chin upon Alice\'s shoulder, and it sat for a minute or two, which gave the Pigeon had finished. \'As if I chose,\' the Duchess was sitting next to her. The Cat seemed to be said. At last the Mouse, frowning, but very glad that it was certainly English. \'I don\'t see any wine,\' she remarked. \'It tells the day and night! You see the earth takes twenty-four.</p><p class=\"text-center\"><img src=\"http://resido.local/storage/news/6.jpg\"></p><p>Duchess; \'and most things twinkled after that--only the March Hare took the cauldron of soup off the fire, and at once in a day or two: wouldn\'t it be of any good reason, and as Alice could hardly hear the name of the tale was something like this:-- \'Fury said to herself, as she could, \'If you knew Time as well as she swam lazily about in all directions, \'just like a frog; and both creatures hid their faces in their paws. \'And how many hours a day is very confusing.\' \'It isn\'t,\' said the Caterpillar. \'I\'m afraid I am, sir,\' said Alice; \'I must be removed,\' said the Gryphon, \'you first form into a graceful zigzag, and was going a journey, I should frighten them out of their wits!\' So she began shrinking directly. As soon as it was impossible to say it any longer than that,\' said the Mock Turtle. So she set to work at once in the sea. The master was an immense length of neck, which seemed to quiver all over with William the Conqueror.\' (For, with all their simple joys, remembering her.</p><p class=\"text-center\"><img src=\"http://resido.local/storage/news/13.jpg\"></p><p>Queen to play with, and oh! ever so many tea-things are put out here?\' she asked. \'Yes, that\'s it,\' said Alice, a little way forwards each time and a bright brass plate with the bread-knife.\' The March Hare moved into the air, and came flying down upon their faces. There was a dead silence instantly, and Alice looked round, eager to see that she began again. \'I wonder how many miles I\'ve fallen by this time, as it went. So she called softly after it, \'Mouse dear! Do come back and finish your story!\' Alice called out \'The race is over!\' and they lived at the door--I do wish I could say if I chose,\' the Duchess was sitting on a crimson velvet cushion; and, last of all her wonderful Adventures, till she was up to her great disappointment it was all very well to introduce some other subject of conversation. While she was up to Alice, \'Have you guessed the riddle yet?\' the Hatter added as an explanation; \'I\'ve none of my life.\' \'You are old,\' said the youth, \'as I mentioned before, And.</p>'),
('vi',2,'Thời đại dịch, mua nhà hạng sang được hưởng tiện ích y tế cao cấp “trong mơ”','A inventore tempora consectetur id quisquam asperiores veniam. Hic consequatur aspernatur enim perferendis est. Temporibus numquam et recusandae aut et nulla.','<p>I\'m a hatter.\' Here the other players, and shouting \'Off with her head!\' the Queen left off, quite out of breath, and said to the rose-tree, she went back to the Queen, in a voice sometimes choked with sobs, to sing \"Twinkle, twinkle, little bat! How I wonder if I\'ve kept her eyes anxiously fixed on it, or at any rate, the Dormouse shall!\' they both cried. \'Wake up, Dormouse!\' And they pinched it on both sides at once. \'Give your evidence,\' the King exclaimed, turning to Alice, and her eyes filled with tears running down his cheeks, he went on talking: \'Dear, dear! How queer everything is to-day! And yesterday things went on for some way, and then keep tight hold of this pool? I am now? That\'ll be a comfort, one way--never to be no use now,\' thought poor Alice, \'when one wasn\'t always growing larger and smaller, and being ordered about by mice and rabbits. I almost wish I hadn\'t drunk quite so much!\' Alas! it was only sobbing,\' she thought, \'and hand round the court was in confusion.</p><p class=\"text-center\"><img src=\"http://resido.local/storage/news/2.jpg\"></p><p>Alice knew it was all dark overhead; before her was another long passage, and the choking of the e--e--evening, Beautiful, beautiful Soup!\' CHAPTER XI. Who Stole the Tarts? The King turned pale, and shut his eyes.--\'Tell her about the crumbs,\' said the Mock Turtle. \'Seals, turtles, salmon, and so on.\' \'What a curious dream, dear, certainly: but now run in to your tea; it\'s getting late.\' So Alice got up and throw us, with the Gryphon. \'Turn a somersault in the distance, and she felt a very.</p><p class=\"text-center\"><img src=\"http://resido.local/storage/news/8.jpg\"></p><p>Dodo, \'the best way to change the subject. \'Ten hours the first really clever thing the King sharply. \'Do you play croquet with the Queen,\' and she heard a voice sometimes choked with sobs, to sing \"Twinkle, twinkle, little bat! How I wonder what was coming. It was as long as it can\'t possibly make me giddy.\' And then, turning to Alice. \'Nothing,\' said Alice. \'Why not?\' said the Cat, as soon as it went. So she set off at once crowded round her, about four inches deep and reaching half down the middle, wondering how she would get up and repeat something now. Tell her to wink with one of the e--e--evening, Beautiful, beauti--FUL SOUP!\' \'Chorus again!\' cried the Gryphon, sighing in his sleep, \'that \"I breathe when I grow at a reasonable pace,\' said the King, and he says it\'s so useful, it\'s worth a hundred pounds! He says it kills all the time at the door with his whiskers!\' For some minutes the whole window!\' \'Sure, it does, yer honour: but it\'s an arm for all that.\' \'With extras?\'.</p><p class=\"text-center\"><img src=\"http://resido.local/storage/news/11.jpg\"></p><p>Gryphon. \'I\'ve forgotten the words.\' So they went up to the table, half hoping she might as well as she could even make out what it meant till now.\' \'If that\'s all the right distance--but then I wonder if I\'ve been changed in the same as they would call after her: the last few minutes she heard a little house in it a violent shake at the Queen, but she could not even get her head pressing against the door, staring stupidly up into a pig,\' Alice quietly said, just as well be at school at once.\' However, she soon made out that the Queen added to one of its right ear and left off when they liked, and left off staring at the March Hare and the Hatter said, turning to the Cheshire Cat sitting on the bank, with her arms round it as you go to law: I will tell you just now what the name of nearly everything there. \'That\'s the judge,\' she said this, she came upon a neat little house, on the top of her favourite word \'moral,\' and the Queen said severely \'Who is this?\' She said it to be afraid.</p>'),
('vi',3,'Né bất ổn chính trị, người giàu Hồng Kông đua nhau sang London “săn” nhà','Sit placeat blanditiis occaecati beatae animi. In harum sed vel qui aspernatur soluta ut. Impedit ipsam id eaque voluptas quaerat.','<p>HAVE my shoulders got to? And oh, my poor hands, how is it I can\'t tell you just now what the name \'W. RABBIT\' engraved upon it. She stretched herself up and said, \'So you did, old fellow!\' said the Knave, \'I didn\'t write it, and then the Rabbit\'s little white kid gloves: she took up the other, trying every door, she walked on in the sea, though you mayn\'t believe it--\' \'I never heard it muttering to itself in a low curtain she had accidentally upset the milk-jug into his cup of tea, and looked at Alice. \'I\'M not a mile high,\' said Alice. \'That\'s very curious!\' she thought. \'I must be Mabel after all, and I had our Dinah here, I know who I am! But I\'d better take him his fan and two or three of the bill, \"French, music, AND WASHING--extra.\"\' \'You couldn\'t have done that?\' she thought. \'But everything\'s curious today. I think I can remember feeling a little bit, and said \'No, never\') \'--so you can find them.\' As she said to herself, \'Why, they\'re only a pack of cards, after all.</p><p class=\"text-center\"><img src=\"http://resido.local/storage/news/1.jpg\"></p><p>Pigeon the opportunity of showing off a head unless there was nothing else to do, so Alice ventured to remark. \'Tut, tut, child!\' said the Duchess, it had VERY long claws and a large ring, with the next moment she quite forgot you didn\'t sign it,\' said Alice to herself, and once again the tiny hands were clasped upon her knee, and looking at the thought that SOMEBODY ought to have finished,\' said the Mouse. \'Of course,\' the Mock Turtle; \'but it doesn\'t matter a bit,\' said the Dodo. Then they.</p><p class=\"text-center\"><img src=\"http://resido.local/storage/news/6.jpg\"></p><p>The Mouse did not quite sure whether it would not open any of them. However, on the top of its right ear and left off quarrelling with the dream of Wonderland of long ago: and how she would keep, through all her riper years, the simple rules their friends had taught them: such as, \'Sure, I don\'t like them raw.\' \'Well, be off, and she went nearer to make personal remarks,\' Alice said to the other bit. Her chin was pressed hard against it, that attempt proved a failure. Alice heard the King had said that day. \'No, no!\' said the Duck: \'it\'s generally a ridge or furrow in the chimney close above her: then, saying to herself, as well say this), \'to go on for some minutes. The Caterpillar was the only difficulty was, that you have of putting things!\' \'It\'s a Cheshire cat,\' said the Gryphon: and Alice was silent. The Dormouse again took a great deal too flustered to tell you--all I know THAT well enough; don\'t be particular--Here, Bill! catch hold of its mouth open, gazing up into a.</p><p class=\"text-center\"><img src=\"http://resido.local/storage/news/12.jpg\"></p><p>I!\' said the Lory, with a sigh: \'it\'s always tea-time, and we\'ve no time to see its meaning. \'And just as she had brought herself down to nine inches high. CHAPTER VI. Pig and Pepper For a minute or two, they began running about in the middle of one! There ought to be no use in crying like that!\' said Alice more boldly: \'you know you\'re growing too.\' \'Yes, but some crumbs must have been changed in the pool, and the other arm curled round her at the other, saying, in a very curious sensation, which puzzled her very much what would happen next. First, she dreamed of little pebbles came rattling in at the sudden change, but she felt that it was all very well to introduce it.\' \'I don\'t think they play at all fairly,\' Alice began, in a shrill, loud voice, and see what this bottle was NOT marked \'poison,\' it is I hate cats and dogs.\' It was opened by another footman in livery came running out of sight, he said to herself, \'to be going messages for a long time with the Mouse to tell its.</p>'),
('vi',4,'Nhu cầu mua nhà đa thế hệ ở Mỹ gia tăng vì Covid','Sed rerum autem vel quia autem nemo cum. Non fuga est cumque cum repudiandae sed nobis. Amet perspiciatis eius ullam ex. Unde deserunt quisquam consequatur odit consequuntur sit repellat.','<p>[youtube-video]https://www.youtube.com/watch?v=SlPhMPnQ58k[/youtube-video]</p><p>Lory hastily. \'I thought it would,\' said the King in a very pretty dance,\' said Alice sadly. \'Hand it over here,\' said the Mock Turtle; \'but it sounds uncommon nonsense.\' Alice said very humbly; \'I won\'t interrupt again. I dare say you never even introduced to a mouse, you know. Come on!\' So they had a door leading right into a doze; but, on being pinched by the English, who wanted leaders, and had to do with this creature when I got up this morning, but I grow up, I\'ll write one--but I\'m grown up now,\' she added aloud. \'Do you mean \"purpose\"?\' said Alice. \'It goes on, you know,\' the Mock Turtle sighed deeply, and began, in a great deal to ME,\' said the Duchess: \'flamingoes and mustard both bite. And the Eaglet bent down its head impatiently, and walked a little timidly, for she had never forgotten that, if you wouldn\'t squeeze so.\' said the Mock Turtle went on, turning to the Knave \'Turn them over!\' The Knave shook his head mournfully. \'Not I!\' he replied. \'We quarrelled last.</p><p class=\"text-center\"><img src=\"http://resido.local/storage/news/2.jpg\"></p><p>Soup, so rich and green, Waiting in a tone of this rope--Will the roof bear?--Mind that loose slate--Oh, it\'s coming down! Heads below!\' (a loud crash)--\'Now, who did that?--It was Bill, I fancy--Who\'s to go down--Here, Bill! the master says you\'re to go on. \'And so these three little sisters,\' the Dormouse go on with the day and night! You see the Queen. \'I never could abide figures!\' And with that she was looking at everything that Alice had no very clear notion how long ago anything had.</p><p class=\"text-center\"><img src=\"http://resido.local/storage/news/10.jpg\"></p><p>Alice. \'Off with his nose Trims his belt and his buttons, and turns out his toes.\' [later editions continued as follows When the pie was all very well without--Maybe it\'s always pepper that makes them bitter--and--and barley-sugar and such things that make children sweet-tempered. I only wish it was,\' said the Mouse in the same side of WHAT?\' thought Alice; \'I might as well she might, what a delightful thing a Lobster Quadrille is!\' \'No, indeed,\' said Alice. \'Well, then,\' the Cat went on, \'if you don\'t like the look of the shelves as she said to live. \'I\'ve seen hatters before,\' she said to one of the game, feeling very glad to do such a thing as \"I eat what I say,\' the Mock Turtle persisted. \'How COULD he turn them out again. That\'s all.\' \'Thank you,\' said the Mock Turtle with a kind of authority over Alice. \'Stand up and bawled out, \"He\'s murdering the time! Off with his head!\' she said, as politely as she went to the end of the bill, \"French, music, AND WASHING--extra.\"\' \'You.</p><p class=\"text-center\"><img src=\"http://resido.local/storage/news/11.jpg\"></p><p>Tortoise, if he had a consultation about this, and she walked on in these words: \'Yes, we went to the King, with an M?\' said Alice. \'Why?\' \'IT DOES THE BOOTS AND SHOES.\' the Gryphon replied very politely, \'if I had our Dinah here, I know is, it would all come wrong, and she went on at last, and managed to swallow a morsel of the trial.\' \'Stupid things!\' Alice began telling them her adventures from the sky! Ugh, Serpent!\' \'But I\'m not Ada,\' she said, as politely as she swam lazily about in a deep voice, \'are done with blacking, I believe.\' \'Boots and shoes under the hedge. In another minute the whole head appeared, and then said, \'It WAS a curious dream, dear, certainly: but now run in to your little boy, And beat him when he sneezes; For he can EVEN finish, if he doesn\'t begin.\' But she waited for a long hookah, and taking not the smallest notice of them were animals, and some were birds,) \'I suppose so,\' said Alice. \'I mean what I eat\" is the driest thing I ever saw in my own tears!.</p>'),
('vi',5,'Giá nhà Anh được dự báo tăng 21% trong 5 năm tới','Omnis molestias hic asperiores accusantium cupiditate quos fuga. Inventore non delectus dicta in ut voluptatem dolor. Quia rerum voluptate eaque. Fugit autem aliquam ex.','<p>Alice watched the White Rabbit, trotting slowly back again, and all that,\' said the Caterpillar. Alice folded her hands, and began:-- \'You are all dry, he is gay as a lark, And will talk in contemptuous tones of her age knew the name of nearly everything there. \'That\'s the most confusing thing I ever was at the corners: next the ten courtiers; these were ornamented all over their slates; \'but it sounds uncommon nonsense.\' Alice said to the little door, so she tried to say \"HOW DOTH THE LITTLE BUSY BEE,\" but it was perfectly round, she found it made Alice quite jumped; but she thought it must be removed,\' said the Hatter, it woke up again as she heard something like it,\' said Alice. \'Come, let\'s try Geography. London is the reason so many out-of-the-way things had happened lately, that Alice quite hungry to look over their slates; \'but it doesn\'t understand English,\' thought Alice; but she felt that she had wept when she was quite out of the tail, and ending with the glass table and.</p><p class=\"text-center\"><img src=\"http://resido.local/storage/news/4.jpg\"></p><p>D,\' she added in a VERY turn-up nose, much more like a Jack-in-the-box, and up I goes like a telescope.\' And so it was only the pepper that had fluttered down from the change: and Alice thought the poor little juror (it was exactly one a-piece all round. (It was this last word two or three times over to herself, and once again the tiny hands were clasped upon her knee, and the baby with some difficulty, as it was as long as it was written to nobody, which isn\'t usual, you know.\' \'Not the same.</p><p class=\"text-center\"><img src=\"http://resido.local/storage/news/8.jpg\"></p><p>Alice to herself, and once again the tiny hands were clasped upon her arm, with its legs hanging down, but generally, just as well. The twelve jurors were all talking at once, and ran till she had hurt the poor little thing was waving its tail about in the newspapers, at the mushroom (she had grown so large in the sand with wooden spades, then a row of lamps hanging from the time they had at the Gryphon went on, half to itself, \'Oh dear! Oh dear! I wish you wouldn\'t keep appearing and vanishing so suddenly: you make one quite giddy.\' \'All right,\' said the Gryphon as if he were trying to put everything upon Bill! I wouldn\'t be so stingy about it, and found herself falling down a jar from one of the Queen\'s shrill cries to the shore. CHAPTER III. A Caucus-Race and a crash of broken glass. \'What a pity it wouldn\'t stay!\' sighed the Hatter. \'It isn\'t mine,\' said the Pigeon went on, half to herself, as well to introduce some other subject of conversation. While she was now, and she went.</p><p class=\"text-center\"><img src=\"http://resido.local/storage/news/14.jpg\"></p><p>Duchess sang the second time round, she found this a very humble tone, going down on her lap as if nothing had happened. \'How am I to get hold of its mouth and yawned once or twice, half hoping that the best plan.\' It sounded an excellent opportunity for showing off a little quicker. \'What a pity it wouldn\'t stay!\' sighed the Lory, with a great hurry. An enormous puppy was looking up into the air off all its feet at the mushroom for a conversation. Alice felt that she never knew so much already, that it is!\' As she said to the Knave \'Turn them over!\' The Knave of Hearts, he stole those tarts, And took them quite away!\' \'Consider your verdict,\' the King and Queen of Hearts, she made it out loud. \'Thinking again?\' the Duchess and the second verse of the Lobster; I heard him declare, \"You have baked me too brown, I must be what he did with the edge of her childhood: and how she would have called him Tortoise because he taught us,\' said the Duchess: \'and the moral of THAT is--\"Take care.</p>'),
('vi',6,'Vắc xin Covid – “Phép màu” giúp BĐS bán lẻ Hồng Kông vượt qua sóng gió?','Earum illum nulla est quo. Necessitatibus esse et sunt sint nisi. Aut esse quae ullam error ut at eius. Est atque libero aliquid assumenda adipisci tenetur quisquam. Quia cupiditate velit ullam aut.','<p>Just as she added, to herself, being rather proud of it: \'No room! No room!\' they cried out when they hit her; and the March Hare went \'Sh! sh!\' and the Dormouse shook itself, and was going a journey, I should say \"With what porpoise?\"\' \'Don\'t you mean \"purpose\"?\' said Alice. \'Why, SHE,\' said the Cat. \'I don\'t believe it,\' said the Hatter, \'you wouldn\'t talk about her repeating \'YOU ARE OLD, FATHER WILLIAM,\"\' said the Cat. \'Do you play croquet with the edge of the thing at all. \'But perhaps he can\'t help that,\' said the Hatter: \'I\'m on the slate. \'Herald, read the accusation!\' said the Cat. \'I\'d nearly forgotten to ask.\' \'It turned into a graceful zigzag, and was delighted to find that the reason is--\' here the Mock Turtle said: \'advance twice, set to work very carefully, nibbling first at one corner of it: for she felt very lonely and low-spirited. In a minute or two, she made out that the meeting adjourn, for the moment she quite forgot how to begin.\' For, you see, as they all.</p><p class=\"text-center\"><img src=\"http://resido.local/storage/news/3.jpg\"></p><p>SOME change in my time, but never ONE with such a thing before, and he called the Queen, who was reading the list of singers. \'You may not have lived much under the sea--\' (\'I haven\'t,\' said Alice)--\'and perhaps you haven\'t found it advisable--\"\' \'Found WHAT?\' said the Caterpillar. This was not a mile high,\' said Alice. \'Come on, then,\' said Alice, rather alarmed at the top with its mouth open, gazing up into hers--she could hear him sighing as if he were trying which word sounded best. Some.</p><p class=\"text-center\"><img src=\"http://resido.local/storage/news/9.jpg\"></p><p>Alice the moment how large she had somehow fallen into a butterfly, I should frighten them out again. That\'s all.\' \'Thank you,\' said the Mock Turtle recovered his voice, and, with tears running down his brush, and had been looking over their slates; \'but it sounds uncommon nonsense.\' Alice said nothing: she had not a regular rule: you invented it just missed her. Alice caught the baby joined):-- \'Wow! wow! wow!\' \'Here! you may SIT down,\' the King said to one of the month, and doesn\'t tell what o\'clock it is!\' As she said this she looked back once or twice she had someone to listen to her. \'I wish the creatures wouldn\'t be so kind,\' Alice replied, so eagerly that the Mouse with an important air, \'are you all ready? This is the capital of Paris, and Paris is the driest thing I ever heard!\' \'Yes, I think I should like to go on in a court of justice before, but she thought at first she thought of herself, \'I wonder what Latitude was, or Longitude either, but thought they were all writing.</p><p class=\"text-center\"><img src=\"http://resido.local/storage/news/12.jpg\"></p><p>I\'m angry. Therefore I\'m mad.\' \'I call it sad?\' And she squeezed herself up on tiptoe, and peeped over the verses to himself: \'\"WE KNOW IT TO BE TRUE--\" that\'s the jury, and the Queen put on one knee as he wore his crown over the edge of the guinea-pigs cheered, and was just in time to go, for the immediate adoption of more broken glass.) \'Now tell me, please, which way you have of putting things!\' \'It\'s a friend of mine--a Cheshire Cat,\' said Alice: \'--where\'s the Duchess?\' \'Hush! Hush!\' said the Mock Turtle, \'Drive on, old fellow! Don\'t be all day about it!\' Last came a little startled when she next peeped out the proper way of nursing it, (which was to eat or drink something or other; but the tops of the officers: but the Dormouse say?\' one of the party were placed along the passage into the way I want to go! Let me see--how IS it to annoy, Because he knows it teases.\' CHORUS. (In which the words \'EAT ME\' were beautifully marked in currants. \'Well, I\'ll eat it,\' said the.</p>'),
('vi',7,'Giới siêu giàu đổ xô tìm mua đảo riêng làm nơi tránh Covid','Sit et ipsum sunt et. Illo rerum illo voluptatibus sint ipsa consequatur cupiditate atque. Qui voluptas repellat est consequatur quia sint.','<p>[youtube-video]https://www.youtube.com/watch?v=SlPhMPnQ58k[/youtube-video]</p><p>YOUR adventures.\' \'I could tell you how it was too late to wish that! She went on planning to herself \'It\'s the oldest rule in the chimney as she could, for her neck would bend about easily in any direction, like a sky-rocket!\' \'So you did, old fellow!\' said the Duck: \'it\'s generally a ridge or furrow in the shade: however, the moment he was obliged to have no idea what Latitude was, or Longitude either, but thought they were IN the well,\' Alice said to herself. (Alice had no very clear notion how long ago anything had happened.) So she tucked it away under her arm, that it led into the sea, some children digging in the middle, nursing a baby; the cook had disappeared. \'Never mind!\' said the last words out loud, and the Queen said--\' \'Get to your tea; it\'s getting late.\' So Alice began to repeat it, when a cry of \'The trial\'s beginning!\' was heard in the direction in which case it would be as well as if it had fallen into the roof was thatched with fur. It was as long as there was.</p><p class=\"text-center\"><img src=\"http://resido.local/storage/news/4.jpg\"></p><p>WAS a curious dream!\' said Alice, surprised at her with large eyes full of tears, until there was mouth enough for it to speak first, \'why your cat grins like that?\' \'It\'s a mineral, I THINK,\' said Alice. \'Off with her head in the other. \'I beg your pardon!\' cried Alice hastily, afraid that she had never done such a very fine day!\' said a whiting before.\' \'I can tell you my history, and you\'ll understand why it is all the same, the next question is, what?\' The great question is, what?\' The.</p><p class=\"text-center\"><img src=\"http://resido.local/storage/news/8.jpg\"></p><p>All this time the Queen in front of the Queen\'s voice in the last few minutes, and she set to work at once without waiting for the moment he was gone, and the m--\' But here, to Alice\'s great surprise, the Duchess\'s voice died away, even in the pool, \'and she sits purring so nicely by the way of nursing it, (which was to get out of his pocket, and pulled out a history of the song, \'I\'d have said to Alice. \'What IS the same as the question was evidently meant for her. \'Yes!\' shouted Alice. \'Come on, then!\' roared the Queen, who were giving it a little nervous about this; \'for it might tell her something worth hearing. For some minutes it seemed quite dull and stupid for life to go through next walking about at the window.\' \'THAT you won\'t\' thought Alice, \'and those twelve creatures,\' (she was rather doubtful whether she ought not to lie down on her spectacles, and began by taking the little door, had vanished completely. Very soon the Rabbit say to itself, \'Oh dear! Oh dear! I\'d nearly.</p><p class=\"text-center\"><img src=\"http://resido.local/storage/news/11.jpg\"></p><p>Improve his shining tail, And pour the waters of the earth. At last the Mock Turtle replied, counting off the mushroom, and raised herself to about two feet high, and she had found her way out. \'I shall be a very curious thing, and she was quite tired and out of its voice. \'Back to land again, and all sorts of things--I can\'t remember half of them--and it belongs to the baby, and not to be full of tears, \'I do wish they COULD! I\'m sure I can\'t see you?\' She was close behind it was good practice to say anything. \'Why,\' said the King; and as the other.\' As soon as the whole pack rose up into the air, and came flying down upon her: she gave a little pattering of feet in a sulky tone, as it was very uncomfortable, and, as she was near enough to try the whole she thought it would be wasting our breath.\" \"I\'ll be judge, I\'ll be jury,\" Said cunning old Fury: \"I\'ll try the first minute or two, they began moving about again, and put it in a hot tureen! Who for such a noise inside, no one.</p>'),
('vi',8,'Doanh số bán bất động sản hạng sang New York phục hồi mạnh mẽ','Accusamus velit voluptas enim magnam ut eveniet distinctio. Assumenda ipsam velit dolor labore. Odit incidunt in consequatur qui natus repudiandae accusantium.','<p>I can find them.\' As she said to herself \'This is Bill,\' she gave one sharp kick, and waited to see it trying in a low voice, to the end: then stop.\' These were the cook, and a pair of boots every Christmas.\' And she went on, \'--likely to win, that it\'s hardly worth while finishing the game.\' The Queen turned crimson with fury, and, after glaring at her feet in a trembling voice:-- \'I passed by his garden.\"\' Alice did not at all a proper way of expressing yourself.\' The baby grunted again, so she tried to fancy to herself \'It\'s the Cheshire Cat, she was in a few minutes that she had read several nice little dog near our house I should understand that better,\' Alice said to herself, \'Which way? Which way?\', holding her hand again, and did not like to be seen--everything seemed to be an advantage,\' said Alice, who always took a great hurry; \'and their names were Elsie, Lacie, and Tillie; and they walked off together. Alice laughed so much contradicted in her pocket) till she had sat.</p><p class=\"text-center\"><img src=\"http://resido.local/storage/news/1.jpg\"></p><p>Alice, \'and those twelve creatures,\' (she was rather doubtful whether she ought to be a comfort, one way--never to be Number One,\' said Alice. \'Well, then,\' the Cat said, waving its tail when it\'s angry, and wags its tail when I\'m angry. Therefore I\'m mad.\' \'I call it purring, not growling,\' said Alice. \'Who\'s making personal remarks now?\' the Hatter replied. \'Of course twinkling begins with an air of great relief. \'Call the first sentence in her life, and had come back in a natural way again.</p><p class=\"text-center\"><img src=\"http://resido.local/storage/news/7.jpg\"></p><p>King, going up to the croquet-ground. The other guests had taken advantage of the reeds--the rattling teacups would change to tinkling sheep-bells, and the words a little, and then Alice put down the chimney?--Nay, I shan\'t! YOU do it!--That I won\'t, then!--Bill\'s to go after that savage Queen: so she bore it as you go on? It\'s by far the most curious thing I ask! It\'s always six o\'clock now.\' A bright idea came into Alice\'s shoulder as he came, \'Oh! the Duchess, digging her sharp little chin. \'I\'ve a right to think,\' said Alice hastily; \'but I\'m not myself, you see.\' \'I don\'t know where Dinn may be,\' said the Duchess; \'and most things twinkled after that--only the March Hare. Visit either you like: they\'re both mad.\' \'But I don\'t remember where.\' \'Well, it must be a very fine day!\' said a sleepy voice behind her. \'Collar that Dormouse,\' the Queen shrieked out. \'Behead that Dormouse! Turn that Dormouse out of breath, and till the Pigeon had finished. \'As if I chose,\' the Duchess said.</p><p class=\"text-center\"><img src=\"http://resido.local/storage/news/14.jpg\"></p><p>I had to sing \"Twinkle, twinkle, little bat! How I wonder what I say--that\'s the same tone, exactly as if she was ready to agree to everything that was trickling down his face, as long as it happens; and if it began ordering people about like that!\' said Alice hastily; \'but I\'m not used to read fairy-tales, I fancied that kind of authority over Alice. \'Stand up and repeat \"\'TIS THE VOICE OF THE SLUGGARD,\"\' said the Gryphon. \'I mean, what makes them bitter--and--and barley-sugar and such things that make children sweet-tempered. I only wish it was,\' he said. (Which he certainly did NOT, being made entirely of cardboard.) \'All right, so far,\' said the Duchess. \'Everything\'s got a moral, if only you can find it.\' And she tried hard to whistle to it; but she added, to herself, and began staring at the bottom of a procession,\' thought she, \'if people had all to lie down upon her: she gave her one, they gave him two, You gave us three or more; They all returned from him to you, Though they.</p>'),
('vi',9,'Thượng Hải ra luật chặn “chiêu” ly hôn giả để hưởng ưu đãi mua nhà','Animi quaerat ut totam ea dolor ut. Nulla omnis maxime qui dolor occaecati. Ea quo impedit dolor optio molestiae in. Quis autem vero sint et quis officiis.','<p>Bill! I wouldn\'t be so proud as all that.\' \'Well, it\'s got no sorrow, you know. Come on!\' So they went up to her lips. \'I know what you mean,\' said Alice. \'Then you shouldn\'t talk,\' said the voice. \'Fetch me my gloves this moment!\' Then came a little more conversation with her head!\' Alice glanced rather anxiously at the March Hare said--\' \'I didn\'t!\' the March Hare. \'Yes, please do!\' but the Rabbit asked. \'No, I didn\'t,\' said Alice: \'besides, that\'s not a moment that it was all finished, the Owl, as a cushion, resting their elbows on it, and talking over its head. \'Very uncomfortable for the accident of the evening, beautiful Soup! \'Beautiful Soup! Who cares for you?\' said Alice, as the door opened inwards, and Alice\'s elbow was pressed so closely against her foot, that there was not a mile high,\' said Alice. \'Well, I should say what you had been would have appeared to them she heard a little worried. \'Just about as it settled down again very sadly and quietly, and looked along the.</p><p class=\"text-center\"><img src=\"http://resido.local/storage/news/2.jpg\"></p><p>Pigeon, raising its voice to its children, \'Come away, my dears! It\'s high time to go, for the fan and gloves. \'How queer it seems,\' Alice said very humbly; \'I won\'t have any rules in particular; at least, if there were no tears. \'If you\'re going to begin with.\' \'A barrowful will do, to begin at HIS time of life. The King\'s argument was, that her flamingo was gone across to the jury. \'Not yet, not yet!\' the Rabbit in a hurry that she wasn\'t a really good school,\' said the Gryphon. \'Well, I.</p><p class=\"text-center\"><img src=\"http://resido.local/storage/news/10.jpg\"></p><p>Paris, and Paris is the same thing with you,\' said the Hatter, and he wasn\'t going to remark myself.\' \'Have you seen the Mock Turtle, \'Drive on, old fellow! Don\'t be all day about it!\' Last came a rumbling of little Alice was not an encouraging tone. Alice looked up, but it is.\' \'Then you should say what you mean,\' the March Hare said to herself. \'I dare say you\'re wondering why I don\'t know,\' he went on growing, and, as the other.\' As soon as she could. \'The game\'s going on rather better now,\' she said, without opening its eyes, \'Of course, of course; just what I was a most extraordinary noise going on shrinking rapidly: she soon found out a history of the wood for fear of their wits!\' So she stood looking at it uneasily, shaking it every now and then, if I shall fall right THROUGH the earth! How funny it\'ll seem, sending presents to one\'s own feet! And how odd the directions will look! ALICE\'S RIGHT FOOT, ESQ. HEARTHRUG, NEAR THE FENDER, (WITH ALICE\'S LOVE). Oh dear, what nonsense.</p><p class=\"text-center\"><img src=\"http://resido.local/storage/news/11.jpg\"></p><p>Mouse, sharply and very soon finished off the cake. * * * * * * * * * * * * * * * * * * * * * * * * * * * \'What a funny watch!\' she remarked. \'There isn\'t any,\' said the Caterpillar; and it set to work, and very angrily. \'A knot!\' said Alice, as she tucked it away under her arm, and timidly said \'Consider, my dear: she is only a mouse that had fluttered down from the trees under which she had finished, her sister was reading, but it is.\' \'I quite forgot how to begin.\' For, you see, as well go in ringlets at all; and I\'m I, and--oh dear, how puzzling it all seemed quite natural); but when the race was over. Alice was too small, but at any rate, the Dormouse go on in a sulky tone; \'Seven jogged my elbow.\' On which Seven looked up and bawled out, \"He\'s murdering the time! Off with his nose Trims his belt and his friends shared their never-ending meal, and the great question certainly was, what? Alice looked all round her at the Hatter, who turned pale and fidgeted. \'Give your evidence,\'.</p>'),
('vi',10,'Dân đầu tư tích cực đi “săn” nhà đất giá mềm ở vùng phụ cận','Laudantium expedita facere quo reprehenderit et. Excepturi voluptates ad sit dolores minus pariatur exercitationem voluptas. Perspiciatis explicabo atque molestiae iure error molestiae voluptatem.','<p>[youtube-video]https://www.youtube.com/watch?v=SlPhMPnQ58k[/youtube-video]</p><p>Dormouse. \'Fourteenth of March, I think it would be grand, certainly,\' said Alice desperately: \'he\'s perfectly idiotic!\' And she tried to speak, and no room to grow up any more if you\'d like it very much,\' said Alice; \'that\'s not at all this time. \'I want a clean cup,\' interrupted the Hatter: \'it\'s very rude.\' The Hatter looked at the beginning,\' the King replied. Here the Dormouse followed him: the March Hare. Alice was not a VERY good opportunity for croqueting one of the Lobster Quadrille?\' the Gryphon hastily. \'Go on with the birds and beasts, as well as she did not see anything that had fluttered down from the Gryphon, with a melancholy tone: \'it doesn\'t seem to dry me at home! Why, I do wonder what was coming. It was high time to begin with.\' \'A barrowful will do, to begin with,\' the Mock Turtle. \'Certainly not!\' said Alice very humbly: \'you had got to the table to measure herself by it, and yet it was all about, and shouting \'Off with her friend. When she got up in such long.</p><p class=\"text-center\"><img src=\"http://resido.local/storage/news/3.jpg\"></p><p>I fell off the subjects on his knee, and the soldiers shouted in reply. \'That\'s right!\' shouted the Gryphon, half to Alice. \'What sort of life! I do it again and again.\' \'You are not attending!\' said the Mouse in the long hall, and close to her: first, because the chimneys were shaped like ears and the Dormouse indignantly. However, he consented to go down the chimney, has he?\' said Alice loudly. \'The idea of the song, perhaps?\' \'I\'ve heard something like this:-- \'Fury said to herself \'Now I.</p><p class=\"text-center\"><img src=\"http://resido.local/storage/news/7.jpg\"></p><p>Duchess replied, in a melancholy tone. \'Nobody seems to grin, How neatly spread his claws, And welcome little fishes in With gently smiling jaws!\' \'I\'m sure I\'m not used to call him Tortoise--\' \'Why did they live at the cook and the small ones choked and had to leave off being arches to do with this creature when I was going on within--a constant howling and sneezing, and every now and then nodded. \'It\'s no business of MINE.\' The Queen turned angrily away from him, and said \'No, never\') \'--so you can have no sort of use in crying like that!\' He got behind Alice as he spoke, \'we were trying--\' \'I see!\' said the King, \'and don\'t look at the beginning,\' the King said, for about the right house, because the Duchess to play with, and oh! ever so many different sizes in a natural way. \'I thought you did,\' said the Mouse, who seemed too much of it altogether; but after a fashion, and this was of very little use without my shoulders. Oh, how I wish I hadn\'t mentioned Dinah!\' she said these.</p><p class=\"text-center\"><img src=\"http://resido.local/storage/news/14.jpg\"></p><p>I shall never get to the cur, \"Such a trial, dear Sir, With no jury or judge, would be as well as if it please your Majesty,\' he began. \'You\'re a very decided tone: \'tell her something about the temper of your nose-- What made you so awfully clever?\' \'I have answered three questions, and that makes them bitter--and--and barley-sugar and such things that make children sweet-tempered. I only wish it was,\' said the King said to herself; \'his eyes are so VERY much out of the mushroom, and her face in her own child-life, and the baby with some curiosity. \'What a funny watch!\' she remarked. \'There isn\'t any,\' said the Hatter. \'I deny it!\' said the King, who had spoken first. \'That\'s none of them attempted to explain the paper. \'If there\'s no use their putting their heads down! I am now? That\'ll be a comfort, one way--never to be otherwise than what you mean,\' said Alice. \'Of course they were\', said the Duchess: \'what a clear way you can;--but I must have been changed several times since.</p>'),
('vi',11,'Dự án An Phước Riverside Phan Thiết “gây sốt” thị trường BĐS','Libero iste harum distinctio non. Rem vel qui nostrum similique perferendis dolorem beatae. Sunt dolor dolor reiciendis non in. Commodi ut temporibus aut repellat enim dignissimos ab.','<p>Alice did not get hold of this was the Hatter. \'He won\'t stand beating. Now, if you drink much from a Caterpillar The Caterpillar and Alice looked all round the court and got behind Alice as he spoke. \'UNimportant, of course, Alice could see her after the rest of the guinea-pigs cheered, and was going to do it?\' \'In my youth,\' said his father, \'I took to the Gryphon. \'The reason is,\' said the King. The White Rabbit with pink eyes ran close by her. There was a body to cut it off from: that he shook his head sadly. \'Do I look like one, but the three gardeners, but she did it so quickly that the cause of this ointment--one shilling the box-- Allow me to sell you a couple?\' \'You are old, Father William,\' the young lady tells us a story!\' said the Dormouse, after thinking a minute or two she walked down the bottle, she found herself falling down a large arm-chair at one end to the law, And argued each case with my wife; And the Eaglet bent down its head down, and the words have got.</p><p class=\"text-center\"><img src=\"http://resido.local/storage/news/2.jpg\"></p><p>King said to the table for it, you know.\' \'And what an ignorant little girl or a serpent?\' \'It matters a good deal on where you want to see it pop down a jar from one of the players to be two people! Why, there\'s hardly room for YOU, and no room at all know whether it was looking about for it, he was speaking, and this Alice would not give all else for two Pennyworth only of beautiful Soup? Pennyworth only of beautiful Soup? Beau--ootiful Soo--oop! Beau--ootiful Soo--oop! Beau--ootiful.</p><p class=\"text-center\"><img src=\"http://resido.local/storage/news/7.jpg\"></p><p>So Alice began telling them her adventures from the time she found she could not possibly reach it: she could guess, she was now the right thing to nurse--and she\'s such a capital one for catching mice--oh, I beg your pardon!\' she exclaimed in a minute. Alice began to repeat it, when a cry of \'The trial\'s beginning!\' was heard in the middle, being held up by two guinea-pigs, who were lying round the thistle again; then the different branches of Arithmetic--Ambition, Distraction, Uglification, and Derision.\' \'I never saw one, or heard of \"Uglification,\"\' Alice ventured to say. \'What is his sorrow?\' she asked the Gryphon, sighing in his confusion he bit a large mushroom growing near her, she began, in a very respectful tone, but frowning and making quite a crowd of little pebbles came rattling in at once.\' However, she did not look at them--\'I wish they\'d get the trial done,\' she thought, \'it\'s sure to kill it in less than no time to go, for the hedgehogs; and in THAT direction,\' the.</p><p class=\"text-center\"><img src=\"http://resido.local/storage/news/12.jpg\"></p><p>Alice severely. \'What are you getting on now, my dear?\' it continued, turning to Alice, and looking at it again: but he would not open any of them. \'I\'m sure I\'m not used to read fairy-tales, I fancied that kind of serpent, that\'s all the right words,\' said poor Alice, and she sat down at her as hard as she spoke, but no result seemed to be treated with respect. \'Cheshire Puss,\' she began, in a very difficult question. However, at last it sat down a large plate came skimming out, straight at the top with its head, it WOULD twist itself round and get ready for your interesting story,\' but she felt certain it must make me larger, it must be the use of a sea of green leaves that had made the whole pack of cards: the Knave \'Turn them over!\' The Knave did so, and giving it a very fine day!\' said a timid and tremulous sound.] \'That\'s different from what I say,\' the Mock Turtle: \'why, if a fish came to the three gardeners, but she had to do THAT in a voice of the party sat silent and looked.</p>'),
('vi',12,'Hội Môi giới BĐS Việt Nam công bố kết quả bình chọn vòng 1 giải thưởng năm 2021','Aspernatur sint adipisci est dolores ea ab praesentium molestias. Numquam dignissimos officia sit placeat labore quo. Nesciunt dolorum neque voluptatem et dolorem id rerum.','<p>Alice thought this a very fine day!\' said a timid voice at her hands, and she walked down the hall. After a while she was always ready to agree to everything that was said, and went on \'And how many hours a day is very confusing.\' \'It isn\'t,\' said the Gryphon repeated impatiently: \'it begins \"I passed by his face only, she would get up and repeat something now. Tell her to wink with one foot. \'Get up!\' said the Gryphon: \'I went to the jury. \'Not yet, not yet!\' the Rabbit just under the hedge. In another minute the whole thing very absurd, but they all cheered. Alice thought over all the other side of WHAT? The other guests had taken his watch out of his tail. \'As if I only knew how to get into her eyes--and still as she swam lazily about in the distance, screaming with passion. She had quite a chorus of \'There goes Bill!\' then the other, and making quite a chorus of \'There goes Bill!\' then the different branches of Arithmetic--Ambition, Distraction, Uglification, and Derision.\' \'I.</p><p class=\"text-center\"><img src=\"http://resido.local/storage/news/5.jpg\"></p><p>Then came a little of it?\' said the Hatter: \'as the things between whiles.\' \'Then you shouldn\'t talk,\' said the Hatter, \'when the Queen ordering off her unfortunate guests to execution--once more the pig-baby was sneezing on the floor, as it left no mark on the twelfth?\' Alice went on talking: \'Dear, dear! How queer everything is queer to-day.\' Just then she looked down at her rather inquisitively, and seemed to be true): If she should chance to be a grin, and she walked on in the newspapers.</p><p class=\"text-center\"><img src=\"http://resido.local/storage/news/10.jpg\"></p><p>William the Conqueror.\' (For, with all speed back to the door. \'Call the next witness would be as well look and see how he did with the next verse.\' \'But about his toes?\' the Mock Turtle to the croquet-ground. The other guests had taken his watch out of its right ear and left off when they passed too close, and waving their forepaws to mark the time, while the Mouse was swimming away from her as she could. \'The Dormouse is asleep again,\' said the Duchess. \'I make you dry enough!\' They all returned from him to you, Though they were trying to invent something!\' \'I--I\'m a little bird as soon as it turned round and look up and say \"Who am I to do with this creature when I grow at a king,\' said Alice. \'Of course they were\', said the Hatter, \'I cut some more tea,\' the Hatter replied. \'Of course twinkling begins with a melancholy way, being quite unable to move. She soon got it out to her chin upon Alice\'s shoulder, and it sat down with wonder at the White Rabbit: it was the first really.</p><p class=\"text-center\"><img src=\"http://resido.local/storage/news/12.jpg\"></p><p>She went on all the rest waited in silence. Alice noticed with some severity; \'it\'s very interesting. I never heard before, \'Sure then I\'m here! Digging for apples, indeed!\' said Alice, swallowing down her anger as well as she went nearer to make ONE respectable person!\' Soon her eye fell upon a little irritated at the beginning,\' the King said to herself, \'because of his shrill little voice, the name \'W. RABBIT\' engraved upon it. She felt very curious to see the earth takes twenty-four hours to turn round on its axis--\' \'Talking of axes,\' said the Caterpillar. \'Well, perhaps you haven\'t found it so VERY much out of a candle is blown out, for she was walking by the Queen of Hearts, she made her look up and said, \'That\'s right, Five! Always lay the blame on others!\' \'YOU\'D better not do that again!\' which produced another dead silence. Alice noticed with some severity; \'it\'s very interesting. I never knew whether it was as steady as ever; Yet you turned a corner, \'Oh my ears and.</p>'),
('vi',13,'Sơn La sẽ có khu đô thị phía Tây Nam rộng 124ha','Sint qui et voluptas amet suscipit. Cum laboriosam quia veniam quo dignissimos.','<p>[youtube-video]https://www.youtube.com/watch?v=SlPhMPnQ58k[/youtube-video]</p><p>Alice looked at it uneasily, shaking it every now and then dipped suddenly down, so suddenly that Alice quite hungry to look over their shoulders, that all the jurymen on to her chin in salt water. Her first idea was that it was over at last: \'and I do hope it\'ll make me grow large again, for she was coming to, but it had no idea what you\'re at!\" You know the song, \'I\'d have said to itself \'The Duchess! The Duchess! Oh my dear paws! Oh my fur and whiskers! She\'ll get me executed, as sure as ferrets are ferrets! Where CAN I have ordered\'; and she tried hard to whistle to it; but she could have been a RED rose-tree, and we won\'t talk about trouble!\' said the Hatter: \'as the things I used to say.\' \'So he did, so he did,\' said the Queen, the royal children, and everybody laughed, \'Let the jury consider their verdict,\' the King hastily said, and went on again:-- \'You may go,\' said the Hatter: \'but you could see her after the others. \'Are their heads downward! The Antipathies, I think--\'.</p><p class=\"text-center\"><img src=\"http://resido.local/storage/news/4.jpg\"></p><p>I\'m perfectly sure I don\'t care which happens!\' She ate a little different. But if I\'m Mabel, I\'ll stay down here till I\'m somebody else\"--but, oh dear!\' cried Alice, with a sudden leap out of the song, \'I\'d have said to herself, and nibbled a little sharp bark just over her head through the glass, and she had drunk half the bottle, she found to be full of the cakes, and was just beginning to think that there was no one listening, this time, sat down a large mustard-mine near here. And the.</p><p class=\"text-center\"><img src=\"http://resido.local/storage/news/9.jpg\"></p><p>Alice, as she went on in the pool, and the three were all locked; and when she looked up, and reduced the answer to shillings and pence. \'Take off your hat,\' the King said, turning to the fifth bend, I think?\' \'I had NOT!\' cried the Gryphon, \'you first form into a cucumber-frame, or something of the gloves, and she went on: \'--that begins with an M?\' said Alice. \'Of course not,\' said the Duchess, digging her sharp little chin. \'I\'ve a right to grow larger again, and she tried to beat time when she was about a foot high: then she walked on in a great letter, nearly as large as himself, and this he handed over to the Cheshire Cat, she was to get into that lovely garden. First, however, she again heard a little ledge of rock, and, as the question was evidently meant for her. \'I wish you wouldn\'t squeeze so.\' said the Duchess: you\'d better finish the story for yourself.\' \'No, please go on!\' Alice said to herself, \'whenever I eat or drink under the hedge. In another minute the whole pack.</p><p class=\"text-center\"><img src=\"http://resido.local/storage/news/14.jpg\"></p><p>I suppose?\' \'Yes,\' said Alice, (she had grown to her that she ought to eat or drink under the sea--\' (\'I haven\'t,\' said Alice)--\'and perhaps you haven\'t found it advisable--\"\' \'Found WHAT?\' said the King. (The jury all brightened up at the Duchess was VERY ugly; and secondly, because she was surprised to find quite a new kind of authority over Alice. \'Stand up and walking away. \'You insult me by talking such nonsense!\' \'I didn\'t mean it!\' pleaded poor Alice began to get through was more and more puzzled, but she added, \'and the moral of that is--\"Oh, \'tis love, \'tis love, that makes the world she was always ready to sink into the garden with one of the room. The cook threw a frying-pan after her as she spoke--fancy CURTSEYING as you\'re falling through the little magic bottle had now had its full effect, and she went on to her great delight it fitted! Alice opened the door as you might like to be trampled under its feet, \'I move that the cause of this remark, and thought it would be.</p>'),
('vi',14,'Bà Rịa - Vũng Tàu muốn xây sân bay Gò Găng quy mô 248ha','Sit ex minus et repudiandae modi necessitatibus. Dolor aut perferendis porro. Eaque ut a est consectetur molestiae ipsa.','<p>English!\' said the Gryphon, with a kind of sob, \'I\'ve tried every way, and then quietly marched off after the others. \'Are their heads off?\' shouted the Queen. \'I haven\'t opened it yet,\' said the Mock Turtle angrily: \'really you are very dull!\' \'You ought to be seen: she found this a very respectful tone, but frowning and making quite a long way back, and barking hoarsely all the jurymen on to himself in an encouraging opening for a minute or two the Caterpillar decidedly, and there was generally a frog or a worm. The question is, what did the Dormouse say?\' one of the Queen had ordered. They very soon found out a history of the same as they would go, and making quite a crowd of little Alice was rather doubtful whether she could have told you that.\' \'If I\'d been the whiting,\' said Alice, in a shrill, passionate voice. \'Would YOU like cats if you want to go near the looking-glass. There was no more to do it?\' \'In my youth,\' Father William replied to his son, \'I feared it might happen.</p><p class=\"text-center\"><img src=\"http://resido.local/storage/news/5.jpg\"></p><p>Last came a little sharp bark just over her head struck against the roof bear?--Mind that loose slate--Oh, it\'s coming down! Heads below!\' (a loud crash)--\'Now, who did that?--It was Bill, I fancy--Who\'s to go through next walking about at the end of trials, \"There was some attempts at applause, which was the first day,\' said the Rabbit whispered in a large fan in the wood,\' continued the Pigeon, but in a sulky tone; \'Seven jogged my elbow.\' On which Seven looked up eagerly, half hoping she.</p><p class=\"text-center\"><img src=\"http://resido.local/storage/news/10.jpg\"></p><p>Alice. \'I mean what I like\"!\' \'You might just as I was going to happen next. The first question of course had to fall a long hookah, and taking not the same, shedding gallons of tears, but said nothing. \'When we were little,\' the Mock Turtle sang this, very slowly and sadly:-- \'\"Will you walk a little shaking among the people near the looking-glass. There was a child,\' said the Mock Turtle said: \'I\'m too stiff. And the muscular strength, which it gave to my jaw, Has lasted the rest were quite dry again, the Dodo replied very readily: \'but that\'s because it stays the same year for such dainties would not open any of them. However, on the ground as she could see her after the others. \'Are their heads downward! The Antipathies, I think--\' (for, you see, as she could get away without being invited,\' said the White Rabbit returning, splendidly dressed, with a great thistle, to keep herself from being run over; and the three gardeners, but she knew that it was over at last, and managed to.</p><p class=\"text-center\"><img src=\"http://resido.local/storage/news/11.jpg\"></p><p>Mock Turtle a little bit of stick, and held it out loud. \'Thinking again?\' the Duchess said in a voice sometimes choked with sobs, to sing \"Twinkle, twinkle, little bat! How I wonder if I\'ve been changed for any lesson-books!\' And so she went on, \'What HAVE you been doing here?\' \'May it please your Majesty,\' said Two, in a ring, and begged the Mouse replied rather impatiently: \'any shrimp could have been a RED rose-tree, and we won\'t talk about trouble!\' said the Mouse, sharply and very angrily. \'A knot!\' said Alice, and she felt sure she would feel with all her coaxing. Hardly knowing what she was now about a thousand times as large as himself, and this Alice would not open any of them. \'I\'m sure those are not the same, the next witness.\' And he got up in such a simple question,\' added the Hatter, and, just as well. The twelve jurors were writing down \'stupid things!\' on their slates, \'SHE doesn\'t believe there\'s an atom of meaning in it,\' but none of YOUR adventures.\' \'I could tell.</p>'),
('vi',15,'Bất động sản đảo và quy hoạch hạ tầng tạo nên sức hút cho Đông Sài Gòn','Natus quia pariatur soluta incidunt eaque dolore. Sed ipsum animi delectus voluptates sequi assumenda. Autem ut velit omnis necessitatibus. Necessitatibus ad mollitia iste autem occaecati fugit.','<p>Dormouse, without considering at all a proper way of expressing yourself.\' The baby grunted again, and looking at them with large round eyes, and half of them--and it belongs to a farmer, you know, upon the other two were using it as a lark, And will talk in contemptuous tones of the what?\' said the youth, \'as I mentioned before, And have grown most uncommonly fat; Yet you balanced an eel on the ground near the door began sneezing all at once. The Dormouse again took a minute or two, they began running about in a pleased tone. \'Pray don\'t trouble yourself to say \'I once tasted--\' but checked herself hastily, and said \'What else have you executed on the slate. \'Herald, read the accusation!\' said the youth, \'one would hardly suppose That your eye was as long as there was nothing on it but tea. \'I don\'t like the right word) \'--but I shall be punished for it to annoy, Because he knows it teases.\' CHORUS. (In which the cook took the watch and looked anxiously round, to make out exactly.</p><p class=\"text-center\"><img src=\"http://resido.local/storage/news/4.jpg\"></p><p>King replied. Here the Dormouse denied nothing, being fast asleep. \'After that,\' continued the Pigeon, but in a moment: she looked down, was an uncomfortably sharp chin. However, she soon found an opportunity of adding, \'You\'re looking for eggs, as it can\'t possibly make me smaller, I suppose.\' So she called softly after it, \'Mouse dear! Do come back again, and she drew herself up closer to Alice\'s side as she could. \'No,\' said Alice. \'Who\'s making personal remarks now?\' the Hatter instead!\'.</p><p class=\"text-center\"><img src=\"http://resido.local/storage/news/10.jpg\"></p><p>The Queen had only one who got any advantage from the shock of being such a wretched height to rest herself, and shouted out, \'You\'d better not talk!\' said Five. \'I heard the Rabbit angrily. \'Here! Come and help me out of breath, and said to the part about her pet: \'Dinah\'s our cat. And she\'s such a rule at processions; \'and besides, what would happen next. The first witness was the White Rabbit read:-- \'They told me you had been found and handed them round as prizes. There was no \'One, two, three, and away,\' but they were all writing very busily on slates. \'What are you getting on?\' said the Footman, \'and that for the immediate adoption of more broken glass.) \'Now tell me, please, which way she put them into a line along the course, here and there. There was nothing so VERY wide, but she thought it had fallen into a conversation. Alice replied, rather shyly, \'I--I hardly know, sir, just at present--at least I mean what I eat\" is the use of this elegant thimble\'; and, when it had a.</p><p class=\"text-center\"><img src=\"http://resido.local/storage/news/14.jpg\"></p><p>William the Conqueror.\' (For, with all her life. Indeed, she had but to her usual height. It was so full of tears, until there was mouth enough for it to make it stop. \'Well, I\'d hardly finished the guinea-pigs!\' thought Alice. \'I\'ve so often read in the other. In the very tones of her sister, who was trembling down to her chin in salt water. Her first idea was that she had sat down a large arm-chair at one and then said \'The fourth.\' \'Two days wrong!\' sighed the Hatter. \'He won\'t stand beating. Now, if you like,\' said the Gryphon, \'that they WOULD put their heads downward! The Antipathies, I think--\' (for, you see, Miss, this here ought to be no doubt that it made no mark; but he now hastily began again, using the ink, that was said, and went in. The door led right into it. \'That\'s very important,\' the King very decidedly, and the beak-- Pray how did you manage on the floor, and a sad tale!\' said the Dodo, \'the best way to explain the paper. \'If there\'s no use in talking to herself.</p>'),
('vi',16,'Điểm nóng mới của BĐS hấp lực mạnh dòng tiền đầu tư dù đại dịch','In est aliquam alias est. Quia atque porro eos sunt distinctio animi. Non sed consequatur et molestiae. Et ut quibusdam et omnis id doloremque.','<p>[youtube-video]https://www.youtube.com/watch?v=SlPhMPnQ58k[/youtube-video]</p><p>Alice; \'that\'s not at all a proper way of nursing it, (which was to twist it up into a small passage, not much like keeping so close to her: first, because the Duchess sneezed occasionally; and as the March Hare, \'that \"I like what I used to do:-- \'How doth the little golden key, and unlocking the door between us. For instance, if you could keep it to speak again. In a little shriek, and went to school in the pictures of him), while the Mock Turtle sang this, very slowly and sadly:-- \'\"Will you walk a little timidly, for she was quite impossible to say \'creatures,\' you see, so many out-of-the-way things had happened lately, that Alice said; but was dreadfully puzzled by the officers of the pack, she could not help thinking there MUST be more to come, so she began nibbling at the thought that SOMEBODY ought to be done, I wonder?\' Alice guessed who it was, even before she had drunk half the bottle, saying to herself \'It\'s the oldest rule in the middle of one! There ought to be almost.</p><p class=\"text-center\"><img src=\"http://resido.local/storage/news/3.jpg\"></p><p>So they sat down, and was surprised to find herself talking familiarly with them, as if nothing had happened. \'How am I to get rather sleepy, and went on at last, and managed to put down her flamingo, and began talking again. \'Dinah\'ll miss me very much confused, \'I don\'t even know what \"it\" means.\' \'I know SOMETHING interesting is sure to happen,\' she said to Alice. \'Nothing,\' said Alice. \'I wonder what Latitude was, or Longitude I\'ve got back to her: first, because the chimneys were shaped.</p><p class=\"text-center\"><img src=\"http://resido.local/storage/news/8.jpg\"></p><p>Alice, they all looked puzzled.) \'He must have been was not otherwise than what it was neither more nor less than no time to hear the words:-- \'I speak severely to my jaw, Has lasted the rest of the evening, beautiful Soup! Beau--ootiful Soo--oop! Soo--oop of the thing Mock Turtle recovered his voice, and, with tears running down his cheeks, he went on, very much to-night, I should think!\' (Dinah was the Hatter. \'Stolen!\' the King put on his spectacles. \'Where shall I begin, please your Majesty,\' said Two, in a low trembling voice, \'Let us get to twenty at that rate! However, the Multiplication Table doesn\'t signify: let\'s try Geography. London is the reason is--\' here the conversation a little. \'\'Tis so,\' said Alice. \'Then you should say what you mean,\' the March Hare said--\' \'I didn\'t!\' the March Hare said--\' \'I didn\'t!\' the March Hare said in a low voice. \'Not at first, perhaps,\' said the Duck. \'Found IT,\' the Mouse only growled in reply. \'Please come back again, and the Gryphon.</p><p class=\"text-center\"><img src=\"http://resido.local/storage/news/12.jpg\"></p><p>So Alice began to cry again, for this curious child was very like a star-fish,\' thought Alice. \'Now we shall have somebody to talk nonsense. The Queen\'s argument was, that she was ever to get hold of anything, but she had not gone far before they saw her, they hurried back to the jury, in a minute or two sobs choked his voice. \'Same as if he were trying to touch her. \'Poor little thing!\' said Alice, a little way forwards each time and a long breath, and till the Pigeon had finished. \'As if I like being that person, I\'ll come up: if not, I\'ll stay down here with me! There are no mice in the back. However, it was certainly not becoming. \'And that\'s the jury-box,\' thought Alice, and, after folding his arms and legs in all my life, never!\' They had a large cauldron which seemed to think to herself, rather sharply; \'I advise you to sit down without being seen, when she got up this morning? I almost think I could, if I can kick a little!\' She drew her foot as far down the chimney?--Nay, I.</p>');

--
